{"id":2,"date":"2016-06-22T13:16:21","date_gmt":"2016-06-22T13:16:21","guid":{"rendered":"http:\/\/dui.demo.supertusch.com\/olstykke\/?page_id=2"},"modified":"2025-03-19T19:04:06","modified_gmt":"2025-03-19T19:04:06","slug":"forside","status":"publish","type":"page","link":"https:\/\/www.dui.dk\/olstykke\/","title":{"rendered":"Aktiviteter for hele familien"},"content":{"rendered":"<h1>Aktiviteter for hele familien<\/h1>\n<p>DUI-LEG og VIRKE er en landsd\u00e6kkende familieorganisation, hvor familien kan have det sjovt sammen. \u00d8nsker man at tilbringe mere tid med sin familie i glade, hyggelige og kreative omgivelser, er DUI det helt rigtige sted. Udover vores faste aktiviteter har vi ogs\u00e5 en masse weekendture, lejre og arrangementer som man kan deltage i.<\/p>\n<p>Foreningen drives udelukkende af frivillige der l\u00e6gger mange kr\u00e6fter i, at skabe gode og trygge rammer for vores aktiviteter. DUI-LEG og VIRKE i \u00d8lstykke blev stiftet i 2008 og har lige siden v\u00e6ret aktive med et hav af forskellige aktiviteter m\u00e5lrettet b\u00f8rn og unge og deres familier.<\/p>\n<p>Det er n\u00e6rmest kun fantasien der s\u00e6tter gr\u00e6nser for hvilke aktiviteter vi kan tilbyde. Vores aktivitetstilbud \u00e6ndrer sig naturligvis l\u00f8bende, da det er de frivillige som st\u00e5r for dem. Igennem \u00e5rene har vi derfor afholdt alt fra en simpel tur i sv\u00f8mmehallen til youtube-v\u00e6rksted hvor man kunne l\u00e6re at lave online videoer. Vi har ogs\u00e5 tidligere arrangeret store arrangementer s\u00e5som Store cykeldag sammen med kommunen og b\u00f8rnenes grundlovsdag hvor vi uddelte \u00e5ret b\u00f8rneven i Egedal. Begge arrangementer havde stor tilslutning med flere hundrede deltagere.<\/p>\n<p><img loading=\"lazy\" decoding=\"async\" class=\"alignnone size-full wp-image-682\" src=\"https:\/\/www.dui.dk\/olstykke\/wp-content\/uploads\/sites\/41\/2025\/03\/Familie-aktiviteter.jpg\" alt=\"\" width=\"945\" height=\"283\" srcset=\"https:\/\/www.dui.dk\/olstykke\/wp-content\/uploads\/sites\/41\/2025\/03\/Familie-aktiviteter.jpg 945w, https:\/\/www.dui.dk\/olstykke\/wp-content\/uploads\/sites\/41\/2025\/03\/Familie-aktiviteter-300x90.jpg 300w, https:\/\/www.dui.dk\/olstykke\/wp-content\/uploads\/sites\/41\/2025\/03\/Familie-aktiviteter-768x230.jpg 768w, https:\/\/www.dui.dk\/olstykke\/wp-content\/uploads\/sites\/41\/2025\/03\/Familie-aktiviteter-600x180.jpg 600w\" sizes=\"auto, (max-width: 945px) 100vw, 945px\" \/><\/p>\n<h2><\/h2>\n<p>&nbsp;<\/p>\n<h2>Aktiviteter i 2025<\/h2>\n<p>I 2025 spiller vi br\u00e6tspil &#8211; b\u00e5de fysisk og online, vi afholder f\u00e6llesspisninger, tager p\u00e5 kanoture, afholder smykker-v\u00e6rksted, tager p\u00e5 Shelterture, vi planl\u00e6gger spontane aktiviteter som f.eks. en pokemon eftermiddag, vi tager p\u00e5 vores \u00e5rlige hyttetur, afholder vores \u00e5rlige Julebagedag. Desuden har vi fokus p\u00e5 at starte nye aktiviteter op, vi har f.eks. allerede f\u00e5et penge til at starte en tufting aktivitet.<\/p>\n<h2><img loading=\"lazy\" decoding=\"async\" class=\"alignnone size-full wp-image-684\" src=\"https:\/\/www.dui.dk\/olstykke\/wp-content\/uploads\/sites\/41\/2025\/03\/Kanotur.jpg\" alt=\"\" width=\"945\" height=\"241\" srcset=\"https:\/\/www.dui.dk\/olstykke\/wp-content\/uploads\/sites\/41\/2025\/03\/Kanotur.jpg 945w, https:\/\/www.dui.dk\/olstykke\/wp-content\/uploads\/sites\/41\/2025\/03\/Kanotur-300x77.jpg 300w, https:\/\/www.dui.dk\/olstykke\/wp-content\/uploads\/sites\/41\/2025\/03\/Kanotur-768x196.jpg 768w, https:\/\/www.dui.dk\/olstykke\/wp-content\/uploads\/sites\/41\/2025\/03\/Kanotur-600x153.jpg 600w\" sizes=\"auto, (max-width: 945px) 100vw, 945px\" \/><\/h2>\n<p>&nbsp;<\/p>\n<h2>Ny aktivitets-app<\/h2>\n<p>Som medlem kan man nu tilg\u00e5 alle vores aktiviteter via appen \u201dVores DUI\u201d. Her er alle vores aktiviteter samlet, s\u00e5 man kan f\u00e5 et overblik. Via appen man kan tilmelde sig, betale eventuelt deltagergebyr, skrive til os og betale sit kontingent. Kort sagt s\u00e5 har man nu en meget nemmere tilgang til vores aktiviteter og vi kan kommunikere mere direkte.<\/p>\n<p><img loading=\"lazy\" decoding=\"async\" class=\"alignnone size-full wp-image-629\" src=\"https:\/\/www.dui.dk\/olstykke\/wp-content\/uploads\/sites\/41\/2024\/09\/Vores-DUI-TOP.jpg\" alt=\"\" width=\"945\" height=\"241\" srcset=\"https:\/\/www.dui.dk\/olstykke\/wp-content\/uploads\/sites\/41\/2024\/09\/Vores-DUI-TOP.jpg 945w, https:\/\/www.dui.dk\/olstykke\/wp-content\/uploads\/sites\/41\/2024\/09\/Vores-DUI-TOP-300x77.jpg 300w, https:\/\/www.dui.dk\/olstykke\/wp-content\/uploads\/sites\/41\/2024\/09\/Vores-DUI-TOP-768x196.jpg 768w, https:\/\/www.dui.dk\/olstykke\/wp-content\/uploads\/sites\/41\/2024\/09\/Vores-DUI-TOP-600x153.jpg 600w\" sizes=\"auto, (max-width: 945px) 100vw, 945px\" \/><\/p>\n<p>&nbsp;<\/p>\n","protected":false},"excerpt":{"rendered":"<p>Aktiviteter for hele familien DUI-LEG og VIRKE er en landsd\u00e6kkende familieorganisation, hvor familien kan have det sjovt sammen. \u00d8nsker man at tilbringe mere tid med sin familie i glade, hyggelige og kreative omgivelser, er DUI det helt rigtige sted. Udover vores faste aktiviteter har vi ogs\u00e5 en masse weekendture, lejre og arrangementer som man kan &hellip;<\/p>\n","protected":false},"author":4,"featured_media":0,"parent":0,"menu_order":0,"comment_status":"closed","ping_status":"open","template":"page-front-local.php","meta":{"_acf_changed":false,"footnotes":""},"class_list":["post-2","page","type-page","status-publish","hentry"],"acf":[],"yoast_head":"<!-- This site is optimized with the Yoast SEO plugin v27.1.1 - https:\/\/yoast.com\/product\/yoast-seo-wordpress\/ -->\n<title>Aktiviteter for hele familien - DUI - \u00d8lstykke<\/title>\n<meta name=\"robots\" content=\"index, follow, max-snippet:-1, max-image-preview:large, max-video-preview:-1\" \/>\n<link rel=\"canonical\" href=\"https:\/\/www.dui.dk\/olstykke\/\" \/>\n<meta property=\"og:locale\" content=\"da_DK\" \/>\n<meta property=\"og:type\" content=\"article\" \/>\n<meta property=\"og:title\" content=\"Aktiviteter for hele familien - DUI - \u00d8lstykke\" \/>\n<meta property=\"og:description\" content=\"Aktiviteter for hele familien DUI-LEG og VIRKE er en landsd\u00e6kkende familieorganisation, hvor familien kan have det sjovt sammen. \u00d8nsker man at tilbringe mere tid med sin familie i glade, hyggelige og kreative omgivelser, er DUI det helt rigtige sted. Udover vores faste aktiviteter har vi ogs\u00e5 en masse weekendture, lejre og arrangementer som man kan &hellip;\" \/>\n<meta property=\"og:url\" content=\"https:\/\/www.dui.dk\/olstykke\/\" \/>\n<meta property=\"og:site_name\" content=\"DUI - \u00d8lstykke\" \/>\n<meta property=\"article:modified_time\" content=\"2025-03-19T19:04:06+00:00\" \/>\n<meta property=\"og:image\" content=\"https:\/\/www.dui.dk\/olstykke\/wp-content\/uploads\/sites\/41\/2025\/03\/Familie-aktiviteter.jpg\" \/>\n\t<meta property=\"og:image:width\" content=\"945\" \/>\n\t<meta property=\"og:image:height\" content=\"283\" \/>\n\t<meta property=\"og:image:type\" content=\"image\/jpeg\" \/>\n<meta name=\"twitter:card\" content=\"summary_large_image\" \/>\n<meta name=\"twitter:label1\" content=\"Estimeret l\u00e6setid\" \/>\n\t<meta name=\"twitter:data1\" content=\"3 minutter\" \/>\n<script type=\"application\/ld+json\" class=\"yoast-schema-graph\">{\"@context\":\"https:\/\/schema.org\",\"@graph\":[{\"@type\":\"WebPage\",\"@id\":\"https:\/\/www.dui.dk\/olstykke\/\",\"url\":\"https:\/\/www.dui.dk\/olstykke\/\",\"name\":\"Aktiviteter for hele familien - DUI - \u00d8lstykke\",\"isPartOf\":{\"@id\":\"https:\/\/www.dui.dk\/olstykke\/#website\"},\"primaryImageOfPage\":{\"@id\":\"https:\/\/www.dui.dk\/olstykke\/#primaryimage\"},\"image\":{\"@id\":\"https:\/\/www.dui.dk\/olstykke\/#primaryimage\"},\"thumbnailUrl\":\"https:\/\/www.dui.dk\/olstykke\/wp-content\/uploads\/sites\/41\/2025\/03\/Familie-aktiviteter.jpg\",\"datePublished\":\"2016-06-22T13:16:21+00:00\",\"dateModified\":\"2025-03-19T19:04:06+00:00\",\"breadcrumb\":{\"@id\":\"https:\/\/www.dui.dk\/olstykke\/#breadcrumb\"},\"inLanguage\":\"da-DK\",\"potentialAction\":[{\"@type\":\"ReadAction\",\"target\":[\"https:\/\/www.dui.dk\/olstykke\/\"]}]},{\"@type\":\"ImageObject\",\"inLanguage\":\"da-DK\",\"@id\":\"https:\/\/www.dui.dk\/olstykke\/#primaryimage\",\"url\":\"https:\/\/www.dui.dk\/olstykke\/wp-content\/uploads\/sites\/41\/2025\/03\/Familie-aktiviteter.jpg\",\"contentUrl\":\"https:\/\/www.dui.dk\/olstykke\/wp-content\/uploads\/sites\/41\/2025\/03\/Familie-aktiviteter.jpg\",\"width\":945,\"height\":283},{\"@type\":\"BreadcrumbList\",\"@id\":\"https:\/\/www.dui.dk\/olstykke\/#breadcrumb\",\"itemListElement\":[{\"@type\":\"ListItem\",\"position\":1,\"name\":\"Hjem\",\"item\":\"https:\/\/www.dui.dk\/olstykke\/\"},{\"@type\":\"ListItem\",\"position\":2,\"name\":\"Aktiviteter for hele familien\"}]},{\"@type\":\"WebSite\",\"@id\":\"https:\/\/www.dui.dk\/olstykke\/#website\",\"url\":\"https:\/\/www.dui.dk\/olstykke\/\",\"name\":\"DUI - \u00d8lstykke\",\"description\":\"DUI - \u00d8lstykke\",\"potentialAction\":[{\"@type\":\"SearchAction\",\"target\":{\"@type\":\"EntryPoint\",\"urlTemplate\":\"https:\/\/www.dui.dk\/olstykke\/?s={search_term_string}\"},\"query-input\":{\"@type\":\"PropertyValueSpecification\",\"valueRequired\":true,\"valueName\":\"search_term_string\"}}],\"inLanguage\":\"da-DK\"}]}<\/script>\n<!-- \/ Yoast SEO plugin. -->","yoast_head_json":{"title":"Aktiviteter for hele familien - DUI - \u00d8lstykke","robots":{"index":"index","follow":"follow","max-snippet":"max-snippet:-1","max-image-preview":"max-image-preview:large","max-video-preview":"max-video-preview:-1"},"canonical":"https:\/\/www.dui.dk\/olstykke\/","og_locale":"da_DK","og_type":"article","og_title":"Aktiviteter for hele familien - DUI - \u00d8lstykke","og_description":"Aktiviteter for hele familien DUI-LEG og VIRKE er en landsd\u00e6kkende familieorganisation, hvor familien kan have det sjovt sammen. \u00d8nsker man at tilbringe mere tid med sin familie i glade, hyggelige og kreative omgivelser, er DUI det helt rigtige sted. Udover vores faste aktiviteter har vi ogs\u00e5 en masse weekendture, lejre og arrangementer som man kan &hellip;","og_url":"https:\/\/www.dui.dk\/olstykke\/","og_site_name":"DUI - \u00d8lstykke","article_modified_time":"2025-03-19T19:04:06+00:00","og_image":[{"width":945,"height":283,"url":"https:\/\/www.dui.dk\/olstykke\/wp-content\/uploads\/sites\/41\/2025\/03\/Familie-aktiviteter.jpg","type":"image\/jpeg"}],"twitter_card":"summary_large_image","twitter_misc":{"Estimeret l\u00e6setid":"3 minutter"},"schema":{"@context":"https:\/\/schema.org","@graph":[{"@type":"WebPage","@id":"https:\/\/www.dui.dk\/olstykke\/","url":"https:\/\/www.dui.dk\/olstykke\/","name":"Aktiviteter for hele familien - DUI - \u00d8lstykke","isPartOf":{"@id":"https:\/\/www.dui.dk\/olstykke\/#website"},"primaryImageOfPage":{"@id":"https:\/\/www.dui.dk\/olstykke\/#primaryimage"},"image":{"@id":"https:\/\/www.dui.dk\/olstykke\/#primaryimage"},"thumbnailUrl":"https:\/\/www.dui.dk\/olstykke\/wp-content\/uploads\/sites\/41\/2025\/03\/Familie-aktiviteter.jpg","datePublished":"2016-06-22T13:16:21+00:00","dateModified":"2025-03-19T19:04:06+00:00","breadcrumb":{"@id":"https:\/\/www.dui.dk\/olstykke\/#breadcrumb"},"inLanguage":"da-DK","potentialAction":[{"@type":"ReadAction","target":["https:\/\/www.dui.dk\/olstykke\/"]}]},{"@type":"ImageObject","inLanguage":"da-DK","@id":"https:\/\/www.dui.dk\/olstykke\/#primaryimage","url":"https:\/\/www.dui.dk\/olstykke\/wp-content\/uploads\/sites\/41\/2025\/03\/Familie-aktiviteter.jpg","contentUrl":"https:\/\/www.dui.dk\/olstykke\/wp-content\/uploads\/sites\/41\/2025\/03\/Familie-aktiviteter.jpg","width":945,"height":283},{"@type":"BreadcrumbList","@id":"https:\/\/www.dui.dk\/olstykke\/#breadcrumb","itemListElement":[{"@type":"ListItem","position":1,"name":"Hjem","item":"https:\/\/www.dui.dk\/olstykke\/"},{"@type":"ListItem","position":2,"name":"Aktiviteter for hele familien"}]},{"@type":"WebSite","@id":"https:\/\/www.dui.dk\/olstykke\/#website","url":"https:\/\/www.dui.dk\/olstykke\/","name":"DUI - \u00d8lstykke","description":"DUI - \u00d8lstykke","potentialAction":[{"@type":"SearchAction","target":{"@type":"EntryPoint","urlTemplate":"https:\/\/www.dui.dk\/olstykke\/?s={search_term_string}"},"query-input":{"@type":"PropertyValueSpecification","valueRequired":true,"valueName":"search_term_string"}}],"inLanguage":"da-DK"}]}},"_links":{"self":[{"href":"https:\/\/www.dui.dk\/olstykke\/wp-json\/wp\/v2\/pages\/2","targetHints":{"allow":["GET"]}}],"collection":[{"href":"https:\/\/www.dui.dk\/olstykke\/wp-json\/wp\/v2\/pages"}],"about":[{"href":"https:\/\/www.dui.dk\/olstykke\/wp-json\/wp\/v2\/types\/page"}],"author":[{"embeddable":true,"href":"https:\/\/www.dui.dk\/olstykke\/wp-json\/wp\/v2\/users\/4"}],"replies":[{"embeddable":true,"href":"https:\/\/www.dui.dk\/olstykke\/wp-json\/wp\/v2\/comments?post=2"}],"version-history":[{"count":4,"href":"https:\/\/www.dui.dk\/olstykke\/wp-json\/wp\/v2\/pages\/2\/revisions"}],"predecessor-version":[{"id":722,"href":"https:\/\/www.dui.dk\/olstykke\/wp-json\/wp\/v2\/pages\/2\/revisions\/722"}],"wp:attachment":[{"href":"https:\/\/www.dui.dk\/olstykke\/wp-json\/wp\/v2\/media?parent=2"}],"curies":[{"name":"wp","href":"https:\/\/api.w.org\/{rel}","templated":true}]}}