{"id":2,"date":"2016-07-12T07:45:26","date_gmt":"2016-07-12T07:45:26","guid":{"rendered":"http:\/\/dui.demo.supertusch.com\/nonfirmation\/?page_id=2"},"modified":"2021-01-11T18:05:05","modified_gmt":"2021-01-11T18:05:05","slug":"forside","status":"publish","type":"page","link":"https:\/\/www.dui.dk\/nonfirmation-aalborg\/","title":{"rendered":"Nonfirmation i Aalborg"},"content":{"rendered":"<h2>Bliv nonfirmeret med DUI &#8211; LEG og VIRKE<\/h2>\r\n<p>Ikke alle \u00f8nsker at blive konfirmeret i en kirke, men mange har m\u00e5ske alligevel lyst til at markere overgangen fra barndom til ungdom.<\/p>\r\n<p>Derfor blev der for mange \u00e5r siden dannet en forening, som tilb\u00f8d borgerlig konfirmation. Foreningen for borgerlig konfirmation oph\u00f8rte i 1970\u2019erne og overdrog derfor denne opgave til b\u00f8rne-, familie- og ungdomsorganisationen DUI-LEG og VIRKE.<\/p>\r\n<p>Sidenhen har arrangementerne skiftet navn til nonfirmation.<\/p>\r\n<p>Dagen er naturligvis mest rettet mod nonfirmanterne, men det er en begivenhed for hele familien.<\/p>\r\n<p>Nonfirmation er en f\u00e6llesskabsoplevelse, \u2013 ikke en rituel handling.<\/p>\r\n\r\n<p>&nbsp;<\/p>\r\n","protected":false},"excerpt":{"rendered":"<p>Bliv nonfirmeret med DUI &#8211; LEG og VIRKE Ikke alle \u00f8nsker at blive konfirmeret i en kirke, men mange har m\u00e5ske alligevel lyst til at markere overgangen fra barndom til ungdom. Derfor blev der for mange \u00e5r siden dannet en forening, som tilb\u00f8d borgerlig konfirmation. Foreningen for borgerlig konfirmation oph\u00f8rte i 1970\u2019erne og overdrog derfor &hellip;<\/p>\n","protected":false},"author":43,"featured_media":54,"parent":0,"menu_order":0,"comment_status":"closed","ping_status":"open","template":"page-front-local.php","meta":{"_acf_changed":false,"footnotes":""},"class_list":["post-2","page","type-page","status-publish","has-post-thumbnail","hentry"],"acf":[],"yoast_head":"<!-- This site is optimized with the Yoast SEO plugin v27.1.1 - https:\/\/yoast.com\/product\/yoast-seo-wordpress\/ -->\n<title>Nonfirmation i Aalborg - DUI - Nonfirmation<\/title>\n<meta name=\"robots\" content=\"index, follow, max-snippet:-1, max-image-preview:large, max-video-preview:-1\" \/>\n<link rel=\"canonical\" href=\"https:\/\/www.dui.dk\/nonfirmation-aalborg\/\" \/>\n<meta property=\"og:locale\" content=\"da_DK\" \/>\n<meta property=\"og:type\" content=\"article\" \/>\n<meta property=\"og:title\" content=\"Nonfirmation i Aalborg - DUI - Nonfirmation\" \/>\n<meta property=\"og:description\" content=\"Bliv nonfirmeret med DUI &#8211; LEG og VIRKE Ikke alle \u00f8nsker at blive konfirmeret i en kirke, men mange har m\u00e5ske alligevel lyst til at markere overgangen fra barndom til ungdom. Derfor blev der for mange \u00e5r siden dannet en forening, som tilb\u00f8d borgerlig konfirmation. Foreningen for borgerlig konfirmation oph\u00f8rte i 1970\u2019erne og overdrog derfor &hellip;\" \/>\n<meta property=\"og:url\" content=\"https:\/\/www.dui.dk\/nonfirmation-aalborg\/\" \/>\n<meta property=\"og:site_name\" content=\"DUI - Nonfirmation\" \/>\n<meta property=\"article:modified_time\" content=\"2021-01-11T18:05:05+00:00\" \/>\n<meta property=\"og:image\" content=\"https:\/\/www.dui.dk\/nonfirmation-aalborg\/wp-content\/uploads\/sites\/48\/2016\/07\/2016nonf_top_raadhus.jpg\" \/>\n\t<meta property=\"og:image:width\" content=\"945\" \/>\n\t<meta property=\"og:image:height\" content=\"241\" \/>\n\t<meta property=\"og:image:type\" content=\"image\/jpeg\" \/>\n<meta name=\"twitter:card\" content=\"summary_large_image\" \/>\n<meta name=\"twitter:label1\" content=\"Estimeret l\u00e6setid\" \/>\n\t<meta name=\"twitter:data1\" content=\"1 minut\" \/>\n<script type=\"application\/ld+json\" class=\"yoast-schema-graph\">{\"@context\":\"https:\/\/schema.org\",\"@graph\":[{\"@type\":\"WebPage\",\"@id\":\"https:\/\/www.dui.dk\/nonfirmation-aalborg\/\",\"url\":\"https:\/\/www.dui.dk\/nonfirmation-aalborg\/\",\"name\":\"Nonfirmation i Aalborg - DUI - Nonfirmation\",\"isPartOf\":{\"@id\":\"https:\/\/www.dui.dk\/nonfirmation-aalborg\/#website\"},\"primaryImageOfPage\":{\"@id\":\"https:\/\/www.dui.dk\/nonfirmation-aalborg\/#primaryimage\"},\"image\":{\"@id\":\"https:\/\/www.dui.dk\/nonfirmation-aalborg\/#primaryimage\"},\"thumbnailUrl\":\"https:\/\/www.dui.dk\/nonfirmation-aalborg\/wp-content\/uploads\/sites\/48\/2016\/07\/2016nonf_top_raadhus.jpg\",\"datePublished\":\"2016-07-12T07:45:26+00:00\",\"dateModified\":\"2021-01-11T18:05:05+00:00\",\"breadcrumb\":{\"@id\":\"https:\/\/www.dui.dk\/nonfirmation-aalborg\/#breadcrumb\"},\"inLanguage\":\"da-DK\",\"potentialAction\":[{\"@type\":\"ReadAction\",\"target\":[\"https:\/\/www.dui.dk\/nonfirmation-aalborg\/\"]}]},{\"@type\":\"ImageObject\",\"inLanguage\":\"da-DK\",\"@id\":\"https:\/\/www.dui.dk\/nonfirmation-aalborg\/#primaryimage\",\"url\":\"https:\/\/www.dui.dk\/nonfirmation-aalborg\/wp-content\/uploads\/sites\/48\/2016\/07\/2016nonf_top_raadhus.jpg\",\"contentUrl\":\"https:\/\/www.dui.dk\/nonfirmation-aalborg\/wp-content\/uploads\/sites\/48\/2016\/07\/2016nonf_top_raadhus.jpg\",\"width\":945,\"height\":241},{\"@type\":\"BreadcrumbList\",\"@id\":\"https:\/\/www.dui.dk\/nonfirmation-aalborg\/#breadcrumb\",\"itemListElement\":[{\"@type\":\"ListItem\",\"position\":1,\"name\":\"Hjem\",\"item\":\"https:\/\/www.dui.dk\/nonfirmation-aalborg\/\"},{\"@type\":\"ListItem\",\"position\":2,\"name\":\"Nonfirmation i Aalborg\"}]},{\"@type\":\"WebSite\",\"@id\":\"https:\/\/www.dui.dk\/nonfirmation-aalborg\/#website\",\"url\":\"https:\/\/www.dui.dk\/nonfirmation-aalborg\/\",\"name\":\"DUI - Nonfirmation\",\"description\":\"Nonfirmation i Aalborg\",\"potentialAction\":[{\"@type\":\"SearchAction\",\"target\":{\"@type\":\"EntryPoint\",\"urlTemplate\":\"https:\/\/www.dui.dk\/nonfirmation-aalborg\/?s={search_term_string}\"},\"query-input\":{\"@type\":\"PropertyValueSpecification\",\"valueRequired\":true,\"valueName\":\"search_term_string\"}}],\"inLanguage\":\"da-DK\"}]}<\/script>\n<!-- \/ Yoast SEO plugin. -->","yoast_head_json":{"title":"Nonfirmation i Aalborg - DUI - Nonfirmation","robots":{"index":"index","follow":"follow","max-snippet":"max-snippet:-1","max-image-preview":"max-image-preview:large","max-video-preview":"max-video-preview:-1"},"canonical":"https:\/\/www.dui.dk\/nonfirmation-aalborg\/","og_locale":"da_DK","og_type":"article","og_title":"Nonfirmation i Aalborg - DUI - Nonfirmation","og_description":"Bliv nonfirmeret med DUI &#8211; LEG og VIRKE Ikke alle \u00f8nsker at blive konfirmeret i en kirke, men mange har m\u00e5ske alligevel lyst til at markere overgangen fra barndom til ungdom. Derfor blev der for mange \u00e5r siden dannet en forening, som tilb\u00f8d borgerlig konfirmation. Foreningen for borgerlig konfirmation oph\u00f8rte i 1970\u2019erne og overdrog derfor &hellip;","og_url":"https:\/\/www.dui.dk\/nonfirmation-aalborg\/","og_site_name":"DUI - Nonfirmation","article_modified_time":"2021-01-11T18:05:05+00:00","og_image":[{"width":945,"height":241,"url":"https:\/\/www.dui.dk\/nonfirmation-aalborg\/wp-content\/uploads\/sites\/48\/2016\/07\/2016nonf_top_raadhus.jpg","type":"image\/jpeg"}],"twitter_card":"summary_large_image","twitter_misc":{"Estimeret l\u00e6setid":"1 minut"},"schema":{"@context":"https:\/\/schema.org","@graph":[{"@type":"WebPage","@id":"https:\/\/www.dui.dk\/nonfirmation-aalborg\/","url":"https:\/\/www.dui.dk\/nonfirmation-aalborg\/","name":"Nonfirmation i Aalborg - DUI - Nonfirmation","isPartOf":{"@id":"https:\/\/www.dui.dk\/nonfirmation-aalborg\/#website"},"primaryImageOfPage":{"@id":"https:\/\/www.dui.dk\/nonfirmation-aalborg\/#primaryimage"},"image":{"@id":"https:\/\/www.dui.dk\/nonfirmation-aalborg\/#primaryimage"},"thumbnailUrl":"https:\/\/www.dui.dk\/nonfirmation-aalborg\/wp-content\/uploads\/sites\/48\/2016\/07\/2016nonf_top_raadhus.jpg","datePublished":"2016-07-12T07:45:26+00:00","dateModified":"2021-01-11T18:05:05+00:00","breadcrumb":{"@id":"https:\/\/www.dui.dk\/nonfirmation-aalborg\/#breadcrumb"},"inLanguage":"da-DK","potentialAction":[{"@type":"ReadAction","target":["https:\/\/www.dui.dk\/nonfirmation-aalborg\/"]}]},{"@type":"ImageObject","inLanguage":"da-DK","@id":"https:\/\/www.dui.dk\/nonfirmation-aalborg\/#primaryimage","url":"https:\/\/www.dui.dk\/nonfirmation-aalborg\/wp-content\/uploads\/sites\/48\/2016\/07\/2016nonf_top_raadhus.jpg","contentUrl":"https:\/\/www.dui.dk\/nonfirmation-aalborg\/wp-content\/uploads\/sites\/48\/2016\/07\/2016nonf_top_raadhus.jpg","width":945,"height":241},{"@type":"BreadcrumbList","@id":"https:\/\/www.dui.dk\/nonfirmation-aalborg\/#breadcrumb","itemListElement":[{"@type":"ListItem","position":1,"name":"Hjem","item":"https:\/\/www.dui.dk\/nonfirmation-aalborg\/"},{"@type":"ListItem","position":2,"name":"Nonfirmation i Aalborg"}]},{"@type":"WebSite","@id":"https:\/\/www.dui.dk\/nonfirmation-aalborg\/#website","url":"https:\/\/www.dui.dk\/nonfirmation-aalborg\/","name":"DUI - Nonfirmation","description":"Nonfirmation i Aalborg","potentialAction":[{"@type":"SearchAction","target":{"@type":"EntryPoint","urlTemplate":"https:\/\/www.dui.dk\/nonfirmation-aalborg\/?s={search_term_string}"},"query-input":{"@type":"PropertyValueSpecification","valueRequired":true,"valueName":"search_term_string"}}],"inLanguage":"da-DK"}]}},"_links":{"self":[{"href":"https:\/\/www.dui.dk\/nonfirmation-aalborg\/wp-json\/wp\/v2\/pages\/2","targetHints":{"allow":["GET"]}}],"collection":[{"href":"https:\/\/www.dui.dk\/nonfirmation-aalborg\/wp-json\/wp\/v2\/pages"}],"about":[{"href":"https:\/\/www.dui.dk\/nonfirmation-aalborg\/wp-json\/wp\/v2\/types\/page"}],"author":[{"embeddable":true,"href":"https:\/\/www.dui.dk\/nonfirmation-aalborg\/wp-json\/wp\/v2\/users\/43"}],"replies":[{"embeddable":true,"href":"https:\/\/www.dui.dk\/nonfirmation-aalborg\/wp-json\/wp\/v2\/comments?post=2"}],"version-history":[{"count":12,"href":"https:\/\/www.dui.dk\/nonfirmation-aalborg\/wp-json\/wp\/v2\/pages\/2\/revisions"}],"predecessor-version":[{"id":163,"href":"https:\/\/www.dui.dk\/nonfirmation-aalborg\/wp-json\/wp\/v2\/pages\/2\/revisions\/163"}],"wp:featuredmedia":[{"embeddable":true,"href":"https:\/\/www.dui.dk\/nonfirmation-aalborg\/wp-json\/wp\/v2\/media\/54"}],"wp:attachment":[{"href":"https:\/\/www.dui.dk\/nonfirmation-aalborg\/wp-json\/wp\/v2\/media?parent=2"}],"curies":[{"name":"wp","href":"https:\/\/api.w.org\/{rel}","templated":true}]}}