{"id":87,"date":"2023-06-16T12:06:15","date_gmt":"2023-06-16T12:06:15","guid":{"rendered":"https:\/\/www.dui.dk\/luu\/?page_id=87"},"modified":"2024-02-01T11:37:57","modified_gmt":"2024-02-01T11:37:57","slug":"luus-medlemmer","status":"publish","type":"page","link":"https:\/\/www.dui.dk\/luu\/luus-medlemmer\/","title":{"rendered":"LUUs medlemmer"},"content":{"rendered":"<p>Udvalget m\u00f8des omkring seks gange \u00e5rligt. Det vil typisk v\u00e6re weekendm\u00f8der forskellige steder i landet. Det er p\u00e5 disse m\u00f8der udvalget planl\u00e6gges deres aktuelle aktiviteter. Derudover har LUU ogs\u00e5 to repr\u00e6sentanter, i DUIs hovedbestyrelse. S\u00e5 p\u00e5 den m\u00e5de har udvalget, og derved de unge i DUI, direkte indflydelse p\u00e5 organisationens udvikling.<\/p>\n<p>Som udvalgsmedlem, f\u00e5r man b\u00e5de rejser og mad betalt, da man som udgangspunkt ikke skal have udgifter ved at sidde i udvalget. Til geng\u00e6ld forventes det, at man ogs\u00e5 tager et stort medansvar for udvalgets arbejde.<\/p>\n<p>&nbsp;<\/p>\n<table width=\"840\">\n<tbody>\n<tr>\n<td width=\"280\"><img loading=\"lazy\" decoding=\"async\" class=\"aligncenter wp-image-167 size-medium\" src=\"https:\/\/www.dui.dk\/luu\/wp-content\/uploads\/sites\/50\/2023\/09\/Lasse-188x300.png\" alt=\"\" width=\"188\" height=\"300\" srcset=\"https:\/\/www.dui.dk\/luu\/wp-content\/uploads\/sites\/50\/2023\/09\/Lasse-188x300.png 188w, https:\/\/www.dui.dk\/luu\/wp-content\/uploads\/sites\/50\/2023\/09\/Lasse.png 250w\" sizes=\"auto, (max-width: 188px) 100vw, 188px\" \/><\/td>\n<td width=\"280\"><img loading=\"lazy\" decoding=\"async\" class=\"aligncenter wp-image-102 size-medium\" src=\"https:\/\/www.dui.dk\/luu\/wp-content\/uploads\/sites\/50\/2023\/06\/Tobias-188x300.png\" alt=\"\" width=\"188\" height=\"300\" srcset=\"https:\/\/www.dui.dk\/luu\/wp-content\/uploads\/sites\/50\/2023\/06\/Tobias-188x300.png 188w, https:\/\/www.dui.dk\/luu\/wp-content\/uploads\/sites\/50\/2023\/06\/Tobias.png 250w\" sizes=\"auto, (max-width: 188px) 100vw, 188px\" \/><\/td>\n<td width=\"280\"><img loading=\"lazy\" decoding=\"async\" class=\"aligncenter wp-image-100 size-medium\" src=\"https:\/\/www.dui.dk\/luu\/wp-content\/uploads\/sites\/50\/2023\/06\/Petrine-188x300.png\" alt=\"\" width=\"188\" height=\"300\" srcset=\"https:\/\/www.dui.dk\/luu\/wp-content\/uploads\/sites\/50\/2023\/06\/Petrine-188x300.png 188w, https:\/\/www.dui.dk\/luu\/wp-content\/uploads\/sites\/50\/2023\/06\/Petrine.png 250w\" sizes=\"auto, (max-width: 188px) 100vw, 188px\" \/><\/td>\n<\/tr>\n<tr>\n<td><img loading=\"lazy\" decoding=\"async\" class=\"wp-image-170 size-medium aligncenter\" src=\"https:\/\/www.dui.dk\/luu\/wp-content\/uploads\/sites\/50\/2023\/09\/Simon-188x300.png\" alt=\"\" width=\"188\" height=\"300\" srcset=\"https:\/\/www.dui.dk\/luu\/wp-content\/uploads\/sites\/50\/2023\/09\/Simon-188x300.png 188w, https:\/\/www.dui.dk\/luu\/wp-content\/uploads\/sites\/50\/2023\/09\/Simon.png 250w\" sizes=\"auto, (max-width: 188px) 100vw, 188px\" \/><\/td>\n<td><img loading=\"lazy\" decoding=\"async\" class=\"aligncenter wp-image-169 size-medium\" src=\"https:\/\/www.dui.dk\/luu\/wp-content\/uploads\/sites\/50\/2023\/09\/Peter-188x300.png\" alt=\"\" width=\"188\" height=\"300\" srcset=\"https:\/\/www.dui.dk\/luu\/wp-content\/uploads\/sites\/50\/2023\/09\/Peter-188x300.png 188w, https:\/\/www.dui.dk\/luu\/wp-content\/uploads\/sites\/50\/2023\/09\/Peter.png 250w\" sizes=\"auto, (max-width: 188px) 100vw, 188px\" \/><\/td>\n<td><\/td>\n<\/tr>\n<tr>\n<td><img loading=\"lazy\" decoding=\"async\" class=\"aligncenter wp-image-168 size-medium\" src=\"https:\/\/www.dui.dk\/luu\/wp-content\/uploads\/sites\/50\/2023\/09\/Mette-188x300.png\" alt=\"\" width=\"188\" height=\"300\" srcset=\"https:\/\/www.dui.dk\/luu\/wp-content\/uploads\/sites\/50\/2023\/09\/Mette-188x300.png 188w, https:\/\/www.dui.dk\/luu\/wp-content\/uploads\/sites\/50\/2023\/09\/Mette.png 250w\" sizes=\"auto, (max-width: 188px) 100vw, 188px\" \/><\/td>\n<td><img loading=\"lazy\" decoding=\"async\" class=\"aligncenter wp-image-96 size-medium\" src=\"https:\/\/www.dui.dk\/luu\/wp-content\/uploads\/sites\/50\/2023\/06\/Lukas-188x300.png\" alt=\"\" width=\"188\" height=\"300\" srcset=\"https:\/\/www.dui.dk\/luu\/wp-content\/uploads\/sites\/50\/2023\/06\/Lukas-188x300.png 188w, https:\/\/www.dui.dk\/luu\/wp-content\/uploads\/sites\/50\/2023\/06\/Lukas.png 250w\" sizes=\"auto, (max-width: 188px) 100vw, 188px\" \/><\/td>\n<td><img loading=\"lazy\" decoding=\"async\" class=\"aligncenter wp-image-166 size-medium\" src=\"https:\/\/www.dui.dk\/luu\/wp-content\/uploads\/sites\/50\/2023\/09\/Asbjoern-188x300.png\" alt=\"\" width=\"188\" height=\"300\" srcset=\"https:\/\/www.dui.dk\/luu\/wp-content\/uploads\/sites\/50\/2023\/09\/Asbjoern-188x300.png 188w, https:\/\/www.dui.dk\/luu\/wp-content\/uploads\/sites\/50\/2023\/09\/Asbjoern.png 250w\" sizes=\"auto, (max-width: 188px) 100vw, 188px\" \/><\/td>\n<\/tr>\n<\/tbody>\n<\/table>\n<p>&nbsp;<\/p>\n<p>Referater fra vores LUU-m\u00f8der<\/p>\n<p><a href=\"https:\/\/www.dui.dk\/luu\/wp-content\/uploads\/sites\/50\/2023\/09\/Referat-Moede-1-d.-11_08_23-13_08_23..pdf\">Weekend d. 11-13. august 2023<\/a><\/p>\n<p><a href=\"https:\/\/www.dui.dk\/luu\/wp-content\/uploads\/sites\/50\/2023\/11\/Referat-LUU.pdf\">Weekend d. 10-12. november 2023<\/a><\/p>\n","protected":false},"excerpt":{"rendered":"<p>Udvalget m\u00f8des omkring seks gange \u00e5rligt. Det vil typisk v\u00e6re weekendm\u00f8der forskellige steder i landet. Det er p\u00e5 disse m\u00f8der udvalget planl\u00e6gges deres aktuelle aktiviteter. Derudover har LUU ogs\u00e5 to repr\u00e6sentanter, i DUIs hovedbestyrelse. S\u00e5 p\u00e5 den m\u00e5de har udvalget, og derved de unge i DUI, direkte indflydelse p\u00e5 organisationens udvikling. Som udvalgsmedlem, f\u00e5r man [&hellip;]<\/p>\n","protected":false},"author":4,"featured_media":0,"parent":0,"menu_order":0,"comment_status":"closed","ping_status":"closed","template":"","meta":{"_acf_changed":false,"footnotes":""},"class_list":["post-87","page","type-page","status-publish","hentry"],"acf":[],"yoast_head":"<!-- This site is optimized with the Yoast SEO plugin v27.1.1 - https:\/\/yoast.com\/product\/yoast-seo-wordpress\/ -->\n<title>LUUs medlemmer -<\/title>\n<meta name=\"robots\" content=\"index, follow, max-snippet:-1, max-image-preview:large, max-video-preview:-1\" \/>\n<link rel=\"canonical\" href=\"https:\/\/www.dui.dk\/luu\/luus-medlemmer\/\" \/>\n<meta property=\"og:locale\" content=\"da_DK\" \/>\n<meta property=\"og:type\" content=\"article\" \/>\n<meta property=\"og:title\" content=\"LUUs medlemmer -\" \/>\n<meta property=\"og:description\" content=\"Udvalget m\u00f8des omkring seks gange \u00e5rligt. Det vil typisk v\u00e6re weekendm\u00f8der forskellige steder i landet. Det er p\u00e5 disse m\u00f8der udvalget planl\u00e6gges deres aktuelle aktiviteter. Derudover har LUU ogs\u00e5 to repr\u00e6sentanter, i DUIs hovedbestyrelse. S\u00e5 p\u00e5 den m\u00e5de har udvalget, og derved de unge i DUI, direkte indflydelse p\u00e5 organisationens udvikling. Som udvalgsmedlem, f\u00e5r man [&hellip;]\" \/>\n<meta property=\"og:url\" content=\"https:\/\/www.dui.dk\/luu\/luus-medlemmer\/\" \/>\n<meta property=\"article:modified_time\" content=\"2024-02-01T11:37:57+00:00\" \/>\n<meta property=\"og:image\" content=\"https:\/\/www.dui.dk\/luu\/wp-content\/uploads\/sites\/50\/2023\/09\/Lasse-188x300.png\" \/>\n<meta name=\"twitter:card\" content=\"summary_large_image\" \/>\n<meta name=\"twitter:label1\" content=\"Estimeret l\u00e6setid\" \/>\n\t<meta name=\"twitter:data1\" content=\"3 minutter\" \/>\n<script type=\"application\/ld+json\" class=\"yoast-schema-graph\">{\"@context\":\"https:\/\/schema.org\",\"@graph\":[{\"@type\":\"WebPage\",\"@id\":\"https:\/\/www.dui.dk\/luu\/luus-medlemmer\/\",\"url\":\"https:\/\/www.dui.dk\/luu\/luus-medlemmer\/\",\"name\":\"LUUs medlemmer -\",\"isPartOf\":{\"@id\":\"https:\/\/www.dui.dk\/luu\/#website\"},\"primaryImageOfPage\":{\"@id\":\"https:\/\/www.dui.dk\/luu\/luus-medlemmer\/#primaryimage\"},\"image\":{\"@id\":\"https:\/\/www.dui.dk\/luu\/luus-medlemmer\/#primaryimage\"},\"thumbnailUrl\":\"https:\/\/www.dui.dk\/luu\/wp-content\/uploads\/sites\/50\/2023\/09\/Lasse-188x300.png\",\"datePublished\":\"2023-06-16T12:06:15+00:00\",\"dateModified\":\"2024-02-01T11:37:57+00:00\",\"breadcrumb\":{\"@id\":\"https:\/\/www.dui.dk\/luu\/luus-medlemmer\/#breadcrumb\"},\"inLanguage\":\"da-DK\",\"potentialAction\":[{\"@type\":\"ReadAction\",\"target\":[\"https:\/\/www.dui.dk\/luu\/luus-medlemmer\/\"]}]},{\"@type\":\"ImageObject\",\"inLanguage\":\"da-DK\",\"@id\":\"https:\/\/www.dui.dk\/luu\/luus-medlemmer\/#primaryimage\",\"url\":\"https:\/\/www.dui.dk\/luu\/wp-content\/uploads\/sites\/50\/2023\/09\/Lasse.png\",\"contentUrl\":\"https:\/\/www.dui.dk\/luu\/wp-content\/uploads\/sites\/50\/2023\/09\/Lasse.png\",\"width\":250,\"height\":400},{\"@type\":\"BreadcrumbList\",\"@id\":\"https:\/\/www.dui.dk\/luu\/luus-medlemmer\/#breadcrumb\",\"itemListElement\":[{\"@type\":\"ListItem\",\"position\":1,\"name\":\"Hjem\",\"item\":\"https:\/\/www.dui.dk\/luu\/\"},{\"@type\":\"ListItem\",\"position\":2,\"name\":\"LUUs medlemmer\"}]},{\"@type\":\"WebSite\",\"@id\":\"https:\/\/www.dui.dk\/luu\/#website\",\"url\":\"https:\/\/www.dui.dk\/luu\/\",\"name\":\"\",\"description\":\"Endnu en DUI-LEG og VIRKE lokalafdelinger-side\",\"potentialAction\":[{\"@type\":\"SearchAction\",\"target\":{\"@type\":\"EntryPoint\",\"urlTemplate\":\"https:\/\/www.dui.dk\/luu\/?s={search_term_string}\"},\"query-input\":{\"@type\":\"PropertyValueSpecification\",\"valueRequired\":true,\"valueName\":\"search_term_string\"}}],\"inLanguage\":\"da-DK\"}]}<\/script>\n<!-- \/ Yoast SEO plugin. -->","yoast_head_json":{"title":"LUUs medlemmer -","robots":{"index":"index","follow":"follow","max-snippet":"max-snippet:-1","max-image-preview":"max-image-preview:large","max-video-preview":"max-video-preview:-1"},"canonical":"https:\/\/www.dui.dk\/luu\/luus-medlemmer\/","og_locale":"da_DK","og_type":"article","og_title":"LUUs medlemmer -","og_description":"Udvalget m\u00f8des omkring seks gange \u00e5rligt. Det vil typisk v\u00e6re weekendm\u00f8der forskellige steder i landet. Det er p\u00e5 disse m\u00f8der udvalget planl\u00e6gges deres aktuelle aktiviteter. Derudover har LUU ogs\u00e5 to repr\u00e6sentanter, i DUIs hovedbestyrelse. S\u00e5 p\u00e5 den m\u00e5de har udvalget, og derved de unge i DUI, direkte indflydelse p\u00e5 organisationens udvikling. Som udvalgsmedlem, f\u00e5r man [&hellip;]","og_url":"https:\/\/www.dui.dk\/luu\/luus-medlemmer\/","article_modified_time":"2024-02-01T11:37:57+00:00","og_image":[{"url":"https:\/\/www.dui.dk\/luu\/wp-content\/uploads\/sites\/50\/2023\/09\/Lasse-188x300.png","type":"","width":"","height":""}],"twitter_card":"summary_large_image","twitter_misc":{"Estimeret l\u00e6setid":"3 minutter"},"schema":{"@context":"https:\/\/schema.org","@graph":[{"@type":"WebPage","@id":"https:\/\/www.dui.dk\/luu\/luus-medlemmer\/","url":"https:\/\/www.dui.dk\/luu\/luus-medlemmer\/","name":"LUUs medlemmer -","isPartOf":{"@id":"https:\/\/www.dui.dk\/luu\/#website"},"primaryImageOfPage":{"@id":"https:\/\/www.dui.dk\/luu\/luus-medlemmer\/#primaryimage"},"image":{"@id":"https:\/\/www.dui.dk\/luu\/luus-medlemmer\/#primaryimage"},"thumbnailUrl":"https:\/\/www.dui.dk\/luu\/wp-content\/uploads\/sites\/50\/2023\/09\/Lasse-188x300.png","datePublished":"2023-06-16T12:06:15+00:00","dateModified":"2024-02-01T11:37:57+00:00","breadcrumb":{"@id":"https:\/\/www.dui.dk\/luu\/luus-medlemmer\/#breadcrumb"},"inLanguage":"da-DK","potentialAction":[{"@type":"ReadAction","target":["https:\/\/www.dui.dk\/luu\/luus-medlemmer\/"]}]},{"@type":"ImageObject","inLanguage":"da-DK","@id":"https:\/\/www.dui.dk\/luu\/luus-medlemmer\/#primaryimage","url":"https:\/\/www.dui.dk\/luu\/wp-content\/uploads\/sites\/50\/2023\/09\/Lasse.png","contentUrl":"https:\/\/www.dui.dk\/luu\/wp-content\/uploads\/sites\/50\/2023\/09\/Lasse.png","width":250,"height":400},{"@type":"BreadcrumbList","@id":"https:\/\/www.dui.dk\/luu\/luus-medlemmer\/#breadcrumb","itemListElement":[{"@type":"ListItem","position":1,"name":"Hjem","item":"https:\/\/www.dui.dk\/luu\/"},{"@type":"ListItem","position":2,"name":"LUUs medlemmer"}]},{"@type":"WebSite","@id":"https:\/\/www.dui.dk\/luu\/#website","url":"https:\/\/www.dui.dk\/luu\/","name":"","description":"Endnu en DUI-LEG og VIRKE lokalafdelinger-side","potentialAction":[{"@type":"SearchAction","target":{"@type":"EntryPoint","urlTemplate":"https:\/\/www.dui.dk\/luu\/?s={search_term_string}"},"query-input":{"@type":"PropertyValueSpecification","valueRequired":true,"valueName":"search_term_string"}}],"inLanguage":"da-DK"}]}},"_links":{"self":[{"href":"https:\/\/www.dui.dk\/luu\/wp-json\/wp\/v2\/pages\/87","targetHints":{"allow":["GET"]}}],"collection":[{"href":"https:\/\/www.dui.dk\/luu\/wp-json\/wp\/v2\/pages"}],"about":[{"href":"https:\/\/www.dui.dk\/luu\/wp-json\/wp\/v2\/types\/page"}],"author":[{"embeddable":true,"href":"https:\/\/www.dui.dk\/luu\/wp-json\/wp\/v2\/users\/4"}],"replies":[{"embeddable":true,"href":"https:\/\/www.dui.dk\/luu\/wp-json\/wp\/v2\/comments?post=87"}],"version-history":[{"count":5,"href":"https:\/\/www.dui.dk\/luu\/wp-json\/wp\/v2\/pages\/87\/revisions"}],"predecessor-version":[{"id":179,"href":"https:\/\/www.dui.dk\/luu\/wp-json\/wp\/v2\/pages\/87\/revisions\/179"}],"wp:attachment":[{"href":"https:\/\/www.dui.dk\/luu\/wp-json\/wp\/v2\/media?parent=87"}],"curies":[{"name":"wp","href":"https:\/\/api.w.org\/{rel}","templated":true}]}}