{"id":2,"date":"2016-07-13T09:30:28","date_gmt":"2016-07-13T09:30:28","guid":{"rendered":"http:\/\/dui.demo.supertusch.com\/born-hjaelper-born\/?page_id=2"},"modified":"2025-11-28T08:53:06","modified_gmt":"2025-11-28T08:53:06","slug":"eksempel-side","status":"publish","type":"page","link":"https:\/\/www.dui.dk\/born-hjaelper-born\/","title":{"rendered":"Forside"},"content":{"rendered":"<h2>B\u00f8rn Hj\u00e6lper B\u00f8rn-Fonden<\/h2>\n<p data-start=\"342\" data-end=\"641\">DUI-LEG og VIRKE st\u00e5r bag B\u00f8rn Hj\u00e6lper B\u00f8rn-Fonden, som er en solidaritetsfond, der bek\u00e6mper b\u00f8rnefattigdom og b\u00f8rnearbejde ved at skabe bedre muligheder for b\u00f8rn verden over. Vores projekter sikrer, at alle b\u00f8rn kan f\u00e5 adgang til skolegang, fritidstilbud og trygge rammer, s\u00e5 de ikke oplever en barndom uden afsavn.<\/p>\n<p data-start=\"342\" data-end=\"641\">I B\u00f8rn Hj\u00e6lper B\u00f8rn Fonden tror vi p\u00e5, at sm\u00e5 handlinger kan skabe store forandringer. N\u00e5r b\u00f8rn og unge i Danmark r\u00e6kker h\u00e5nden ud mod j\u00e6vnaldrende i andre lande, skaber vi mere end projekter, vi skaber h\u00e5b, muligheder og st\u00e6rke f\u00e6llesskaber.<\/p>\n<p data-start=\"643\" data-end=\"884\">Vores arbejde bygger p\u00e5 solidaritet, b\u00f8rns rettigheder og troen p\u00e5, at alle b\u00f8rn har ret til en barndom med leg, skolegang og tryghed. Sammen st\u00f8tter vi konkrete projekter, der giver b\u00f8rn i udsatte omr\u00e5der plads til at l\u00e6re, vokse og dr\u00f8mme<\/p>\n<p>Lige nu har vi B\u00f8rn Hj\u00e6lper B\u00f8rn Fonden et s\u00e6rligt fokus p\u00e5 projekter i Bolivia og Filippinerne, hvor vi indsamler penge til at udsatte b\u00f8rn kan komme i skole og f\u00e5 en uddannelse. Det er en enkel, men livs\u00e6ndrende indsats.<\/p>\n<p><strong>Al st\u00f8tte g\u00e5r direkte til b\u00f8rnene<\/strong><\/p>\n<p>Hvert \u00e5r st\u00f8tter B\u00f8rn Hj\u00e6lper B\u00f8rn Fonden solidaritetsprojekter for ca. 400.000 kr., og alle midler g\u00e5r ubesk\u00e5ret til b\u00f8rnene. Al administration d\u00e6kkes af DUI-LEG og VIRKE, s\u00e5 du kan v\u00e6re sikker p\u00e5, at din st\u00f8tte n\u00e5r frem til dem, der har brug for det. B\u00f8rn Hj\u00e6lper B\u00f8rn Fonden er s\u00e5ledes en af de f\u00e5 organisationer i Danmark, hvor al st\u00f8tte g\u00e5r 100% til de internationale projekter.<\/p>\n<p>P\u00e5 denne side kan du l\u00e6se mere om fondens arbejde, l\u00e6se om vores projekter og se billeder fra dem, m\u00f8de vores bestyrelse og samarbejdspartnere og se, hvordan du kan v\u00e6re med til at g\u00f8re en forskel.\u00a0<\/p>\n\n\n<p><\/p>\n","protected":false},"excerpt":{"rendered":"<p>B\u00f8rn Hj\u00e6lper B\u00f8rn-Fonden DUI-LEG og VIRKE st\u00e5r bag B\u00f8rn Hj\u00e6lper B\u00f8rn-Fonden, som er en solidaritetsfond, der bek\u00e6mper b\u00f8rnefattigdom og b\u00f8rnearbejde ved at skabe bedre muligheder for b\u00f8rn verden over. Vores projekter sikrer, at alle b\u00f8rn kan f\u00e5 adgang til skolegang, fritidstilbud og trygge rammer, s\u00e5 de ikke oplever en barndom uden afsavn. I B\u00f8rn Hj\u00e6lper &hellip;<\/p>\n","protected":false},"author":4,"featured_media":40,"parent":0,"menu_order":0,"comment_status":"closed","ping_status":"open","template":"page-front-local.php","meta":{"_acf_changed":false,"footnotes":""},"class_list":["post-2","page","type-page","status-publish","has-post-thumbnail","hentry"],"acf":[],"yoast_head":"<!-- This site is optimized with the Yoast SEO plugin v27.1.1 - https:\/\/yoast.com\/product\/yoast-seo-wordpress\/ -->\n<title>Forside - B\u00f8rn Hj\u00e6lper B\u00f8rn<\/title>\n<meta name=\"robots\" content=\"index, follow, max-snippet:-1, max-image-preview:large, max-video-preview:-1\" \/>\n<link rel=\"canonical\" href=\"https:\/\/www.dui.dk\/born-hjaelper-born\/\" \/>\n<meta property=\"og:locale\" content=\"da_DK\" \/>\n<meta property=\"og:type\" content=\"article\" \/>\n<meta property=\"og:title\" content=\"Forside - B\u00f8rn Hj\u00e6lper B\u00f8rn\" \/>\n<meta property=\"og:description\" content=\"B\u00f8rn Hj\u00e6lper B\u00f8rn-Fonden DUI-LEG og VIRKE st\u00e5r bag B\u00f8rn Hj\u00e6lper B\u00f8rn-Fonden, som er en solidaritetsfond, der bek\u00e6mper b\u00f8rnefattigdom og b\u00f8rnearbejde ved at skabe bedre muligheder for b\u00f8rn verden over. Vores projekter sikrer, at alle b\u00f8rn kan f\u00e5 adgang til skolegang, fritidstilbud og trygge rammer, s\u00e5 de ikke oplever en barndom uden afsavn. I B\u00f8rn Hj\u00e6lper &hellip;\" \/>\n<meta property=\"og:url\" content=\"https:\/\/www.dui.dk\/born-hjaelper-born\/\" \/>\n<meta property=\"og:site_name\" content=\"B\u00f8rn Hj\u00e6lper B\u00f8rn\" \/>\n<meta property=\"article:modified_time\" content=\"2025-11-28T08:53:06+00:00\" \/>\n<meta property=\"og:image\" content=\"https:\/\/www.dui.dk\/born-hjaelper-born\/wp-content\/uploads\/sites\/49\/2016\/07\/B\u00f8rn-hj\u00e6lper-B\u00f8rn-top.png\" \/>\n\t<meta property=\"og:image:width\" content=\"945\" \/>\n\t<meta property=\"og:image:height\" content=\"378\" \/>\n\t<meta property=\"og:image:type\" content=\"image\/png\" \/>\n<meta name=\"twitter:card\" content=\"summary_large_image\" \/>\n<meta name=\"twitter:label1\" content=\"Estimeret l\u00e6setid\" \/>\n\t<meta name=\"twitter:data1\" content=\"2 minutter\" \/>\n<script type=\"application\/ld+json\" class=\"yoast-schema-graph\">{\"@context\":\"https:\/\/schema.org\",\"@graph\":[{\"@type\":\"WebPage\",\"@id\":\"https:\/\/www.dui.dk\/born-hjaelper-born\/\",\"url\":\"https:\/\/www.dui.dk\/born-hjaelper-born\/\",\"name\":\"Forside - B\u00f8rn Hj\u00e6lper B\u00f8rn\",\"isPartOf\":{\"@id\":\"https:\/\/www.dui.dk\/born-hjaelper-born\/#website\"},\"primaryImageOfPage\":{\"@id\":\"https:\/\/www.dui.dk\/born-hjaelper-born\/#primaryimage\"},\"image\":{\"@id\":\"https:\/\/www.dui.dk\/born-hjaelper-born\/#primaryimage\"},\"thumbnailUrl\":\"https:\/\/www.dui.dk\/born-hjaelper-born\/wp-content\/uploads\/sites\/49\/2016\/07\/B\u00f8rn-hj\u00e6lper-B\u00f8rn-top.png\",\"datePublished\":\"2016-07-13T09:30:28+00:00\",\"dateModified\":\"2025-11-28T08:53:06+00:00\",\"breadcrumb\":{\"@id\":\"https:\/\/www.dui.dk\/born-hjaelper-born\/#breadcrumb\"},\"inLanguage\":\"da-DK\",\"potentialAction\":[{\"@type\":\"ReadAction\",\"target\":[\"https:\/\/www.dui.dk\/born-hjaelper-born\/\"]}]},{\"@type\":\"ImageObject\",\"inLanguage\":\"da-DK\",\"@id\":\"https:\/\/www.dui.dk\/born-hjaelper-born\/#primaryimage\",\"url\":\"https:\/\/www.dui.dk\/born-hjaelper-born\/wp-content\/uploads\/sites\/49\/2016\/07\/B\u00f8rn-hj\u00e6lper-B\u00f8rn-top.png\",\"contentUrl\":\"https:\/\/www.dui.dk\/born-hjaelper-born\/wp-content\/uploads\/sites\/49\/2016\/07\/B\u00f8rn-hj\u00e6lper-B\u00f8rn-top.png\",\"width\":945,\"height\":378},{\"@type\":\"BreadcrumbList\",\"@id\":\"https:\/\/www.dui.dk\/born-hjaelper-born\/#breadcrumb\",\"itemListElement\":[{\"@type\":\"ListItem\",\"position\":1,\"name\":\"Hjem\",\"item\":\"https:\/\/www.dui.dk\/born-hjaelper-born\/\"},{\"@type\":\"ListItem\",\"position\":2,\"name\":\"Forside\"}]},{\"@type\":\"WebSite\",\"@id\":\"https:\/\/www.dui.dk\/born-hjaelper-born\/#website\",\"url\":\"https:\/\/www.dui.dk\/born-hjaelper-born\/\",\"name\":\"B\u00f8rn Hj\u00e6lper B\u00f8rn\",\"description\":\"B\u00f8rn Hj\u00e6lper B\u00f8rn Fonden\",\"potentialAction\":[{\"@type\":\"SearchAction\",\"target\":{\"@type\":\"EntryPoint\",\"urlTemplate\":\"https:\/\/www.dui.dk\/born-hjaelper-born\/?s={search_term_string}\"},\"query-input\":{\"@type\":\"PropertyValueSpecification\",\"valueRequired\":true,\"valueName\":\"search_term_string\"}}],\"inLanguage\":\"da-DK\"}]}<\/script>\n<!-- \/ Yoast SEO plugin. -->","yoast_head_json":{"title":"Forside - B\u00f8rn Hj\u00e6lper B\u00f8rn","robots":{"index":"index","follow":"follow","max-snippet":"max-snippet:-1","max-image-preview":"max-image-preview:large","max-video-preview":"max-video-preview:-1"},"canonical":"https:\/\/www.dui.dk\/born-hjaelper-born\/","og_locale":"da_DK","og_type":"article","og_title":"Forside - B\u00f8rn Hj\u00e6lper B\u00f8rn","og_description":"B\u00f8rn Hj\u00e6lper B\u00f8rn-Fonden DUI-LEG og VIRKE st\u00e5r bag B\u00f8rn Hj\u00e6lper B\u00f8rn-Fonden, som er en solidaritetsfond, der bek\u00e6mper b\u00f8rnefattigdom og b\u00f8rnearbejde ved at skabe bedre muligheder for b\u00f8rn verden over. Vores projekter sikrer, at alle b\u00f8rn kan f\u00e5 adgang til skolegang, fritidstilbud og trygge rammer, s\u00e5 de ikke oplever en barndom uden afsavn. I B\u00f8rn Hj\u00e6lper &hellip;","og_url":"https:\/\/www.dui.dk\/born-hjaelper-born\/","og_site_name":"B\u00f8rn Hj\u00e6lper B\u00f8rn","article_modified_time":"2025-11-28T08:53:06+00:00","og_image":[{"width":945,"height":378,"url":"https:\/\/www.dui.dk\/born-hjaelper-born\/wp-content\/uploads\/sites\/49\/2016\/07\/B\u00f8rn-hj\u00e6lper-B\u00f8rn-top.png","type":"image\/png"}],"twitter_card":"summary_large_image","twitter_misc":{"Estimeret l\u00e6setid":"2 minutter"},"schema":{"@context":"https:\/\/schema.org","@graph":[{"@type":"WebPage","@id":"https:\/\/www.dui.dk\/born-hjaelper-born\/","url":"https:\/\/www.dui.dk\/born-hjaelper-born\/","name":"Forside - B\u00f8rn Hj\u00e6lper B\u00f8rn","isPartOf":{"@id":"https:\/\/www.dui.dk\/born-hjaelper-born\/#website"},"primaryImageOfPage":{"@id":"https:\/\/www.dui.dk\/born-hjaelper-born\/#primaryimage"},"image":{"@id":"https:\/\/www.dui.dk\/born-hjaelper-born\/#primaryimage"},"thumbnailUrl":"https:\/\/www.dui.dk\/born-hjaelper-born\/wp-content\/uploads\/sites\/49\/2016\/07\/B\u00f8rn-hj\u00e6lper-B\u00f8rn-top.png","datePublished":"2016-07-13T09:30:28+00:00","dateModified":"2025-11-28T08:53:06+00:00","breadcrumb":{"@id":"https:\/\/www.dui.dk\/born-hjaelper-born\/#breadcrumb"},"inLanguage":"da-DK","potentialAction":[{"@type":"ReadAction","target":["https:\/\/www.dui.dk\/born-hjaelper-born\/"]}]},{"@type":"ImageObject","inLanguage":"da-DK","@id":"https:\/\/www.dui.dk\/born-hjaelper-born\/#primaryimage","url":"https:\/\/www.dui.dk\/born-hjaelper-born\/wp-content\/uploads\/sites\/49\/2016\/07\/B\u00f8rn-hj\u00e6lper-B\u00f8rn-top.png","contentUrl":"https:\/\/www.dui.dk\/born-hjaelper-born\/wp-content\/uploads\/sites\/49\/2016\/07\/B\u00f8rn-hj\u00e6lper-B\u00f8rn-top.png","width":945,"height":378},{"@type":"BreadcrumbList","@id":"https:\/\/www.dui.dk\/born-hjaelper-born\/#breadcrumb","itemListElement":[{"@type":"ListItem","position":1,"name":"Hjem","item":"https:\/\/www.dui.dk\/born-hjaelper-born\/"},{"@type":"ListItem","position":2,"name":"Forside"}]},{"@type":"WebSite","@id":"https:\/\/www.dui.dk\/born-hjaelper-born\/#website","url":"https:\/\/www.dui.dk\/born-hjaelper-born\/","name":"B\u00f8rn Hj\u00e6lper B\u00f8rn","description":"B\u00f8rn Hj\u00e6lper B\u00f8rn Fonden","potentialAction":[{"@type":"SearchAction","target":{"@type":"EntryPoint","urlTemplate":"https:\/\/www.dui.dk\/born-hjaelper-born\/?s={search_term_string}"},"query-input":{"@type":"PropertyValueSpecification","valueRequired":true,"valueName":"search_term_string"}}],"inLanguage":"da-DK"}]}},"_links":{"self":[{"href":"https:\/\/www.dui.dk\/born-hjaelper-born\/wp-json\/wp\/v2\/pages\/2","targetHints":{"allow":["GET"]}}],"collection":[{"href":"https:\/\/www.dui.dk\/born-hjaelper-born\/wp-json\/wp\/v2\/pages"}],"about":[{"href":"https:\/\/www.dui.dk\/born-hjaelper-born\/wp-json\/wp\/v2\/types\/page"}],"author":[{"embeddable":true,"href":"https:\/\/www.dui.dk\/born-hjaelper-born\/wp-json\/wp\/v2\/users\/4"}],"replies":[{"embeddable":true,"href":"https:\/\/www.dui.dk\/born-hjaelper-born\/wp-json\/wp\/v2\/comments?post=2"}],"version-history":[{"count":3,"href":"https:\/\/www.dui.dk\/born-hjaelper-born\/wp-json\/wp\/v2\/pages\/2\/revisions"}],"predecessor-version":[{"id":291,"href":"https:\/\/www.dui.dk\/born-hjaelper-born\/wp-json\/wp\/v2\/pages\/2\/revisions\/291"}],"wp:featuredmedia":[{"embeddable":true,"href":"https:\/\/www.dui.dk\/born-hjaelper-born\/wp-json\/wp\/v2\/media\/40"}],"wp:attachment":[{"href":"https:\/\/www.dui.dk\/born-hjaelper-born\/wp-json\/wp\/v2\/media?parent=2"}],"curies":[{"name":"wp","href":"https:\/\/api.w.org\/{rel}","templated":true}]}}