{"id":394,"date":"2017-01-15T10:30:54","date_gmt":"2017-01-15T10:30:54","guid":{"rendered":"http:\/\/www.dui.dk\/aalborg\/?page_id=394"},"modified":"2017-02-24T11:50:20","modified_gmt":"2017-02-24T11:50:20","slug":"fastelavsfest","status":"publish","type":"page","link":"https:\/\/www.dui.dk\/aalborg\/fastelavsfest\/","title":{"rendered":"Fastelavnsfest"},"content":{"rendered":"<p>Kom og v\u00e6r med til alle tiders sjove fastelavnsfest. ALLE er velkommen.<br \/>\nT\u00f8ndeslagning p\u00e5 flere t\u00f8nder \/ FastelavnsCaf\u00e9 der byder p\u00e5 lune fastelavnsboller mm. \/ Der er gratis gufpose til alle b\u00f8rn<br \/>\nForrygende underholdning med Michael Back<\/p>\n<p>Der er gratis adgang for alle \ud83d\ude42<\/p>\n","protected":false},"excerpt":{"rendered":"<p>Kom og v\u00e6r med til alle tiders sjove fastelavnsfest. ALLE er velkommen. T\u00f8ndeslagning p\u00e5 flere t\u00f8nder \/ FastelavnsCaf\u00e9 der byder p\u00e5 lune fastelavnsboller mm. \/ Der er gratis gufpose til alle b\u00f8rn Forrygende underholdning med Michael Back Der er gratis adgang for alle \ud83d\ude42<\/p>\n","protected":false},"author":43,"featured_media":395,"parent":0,"menu_order":0,"comment_status":"closed","ping_status":"closed","template":"page-event-local.php","meta":{"_acf_changed":false,"footnotes":""},"class_list":["post-394","page","type-page","status-publish","has-post-thumbnail","hentry"],"acf":[],"yoast_head":"<!-- This site is optimized with the Yoast SEO plugin v27.1.1 - https:\/\/yoast.com\/product\/yoast-seo-wordpress\/ -->\n<title>Fastelavnsfest - DUI - Aalborg<\/title>\n<meta name=\"robots\" content=\"index, follow, max-snippet:-1, max-image-preview:large, max-video-preview:-1\" \/>\n<link rel=\"canonical\" href=\"https:\/\/www.dui.dk\/aalborg\/fastelavsfest\/\" \/>\n<meta property=\"og:locale\" content=\"da_DK\" \/>\n<meta property=\"og:type\" content=\"article\" \/>\n<meta property=\"og:title\" content=\"Fastelavnsfest - DUI - Aalborg\" \/>\n<meta property=\"og:description\" content=\"Kom og v\u00e6r med til alle tiders sjove fastelavnsfest. ALLE er velkommen. T\u00f8ndeslagning p\u00e5 flere t\u00f8nder \/ FastelavnsCaf\u00e9 der byder p\u00e5 lune fastelavnsboller mm. \/ Der er gratis gufpose til alle b\u00f8rn Forrygende underholdning med Michael Back Der er gratis adgang for alle \ud83d\ude42\" \/>\n<meta property=\"og:url\" content=\"https:\/\/www.dui.dk\/aalborg\/fastelavsfest\/\" \/>\n<meta property=\"og:site_name\" content=\"DUI - Aalborg\" \/>\n<meta property=\"article:modified_time\" content=\"2017-02-24T11:50:20+00:00\" \/>\n<meta property=\"og:image\" content=\"https:\/\/www.dui.dk\/aalborg\/wp-content\/uploads\/sites\/45\/2017\/01\/16tb_fastelavn.jpg\" \/>\n\t<meta property=\"og:image:width\" content=\"848\" \/>\n\t<meta property=\"og:image:height\" content=\"216\" \/>\n\t<meta property=\"og:image:type\" content=\"image\/jpeg\" \/>\n<meta name=\"twitter:card\" content=\"summary_large_image\" \/>\n<script type=\"application\/ld+json\" class=\"yoast-schema-graph\">{\"@context\":\"https:\/\/schema.org\",\"@graph\":[{\"@type\":\"WebPage\",\"@id\":\"https:\/\/www.dui.dk\/aalborg\/fastelavsfest\/\",\"url\":\"https:\/\/www.dui.dk\/aalborg\/fastelavsfest\/\",\"name\":\"Fastelavnsfest - DUI - Aalborg\",\"isPartOf\":{\"@id\":\"https:\/\/www.dui.dk\/aalborg\/#website\"},\"primaryImageOfPage\":{\"@id\":\"https:\/\/www.dui.dk\/aalborg\/fastelavsfest\/#primaryimage\"},\"image\":{\"@id\":\"https:\/\/www.dui.dk\/aalborg\/fastelavsfest\/#primaryimage\"},\"thumbnailUrl\":\"https:\/\/www.dui.dk\/aalborg\/wp-content\/uploads\/sites\/45\/2017\/01\/16tb_fastelavn.jpg\",\"datePublished\":\"2017-01-15T10:30:54+00:00\",\"dateModified\":\"2017-02-24T11:50:20+00:00\",\"breadcrumb\":{\"@id\":\"https:\/\/www.dui.dk\/aalborg\/fastelavsfest\/#breadcrumb\"},\"inLanguage\":\"da-DK\",\"potentialAction\":[{\"@type\":\"ReadAction\",\"target\":[\"https:\/\/www.dui.dk\/aalborg\/fastelavsfest\/\"]}]},{\"@type\":\"ImageObject\",\"inLanguage\":\"da-DK\",\"@id\":\"https:\/\/www.dui.dk\/aalborg\/fastelavsfest\/#primaryimage\",\"url\":\"https:\/\/www.dui.dk\/aalborg\/wp-content\/uploads\/sites\/45\/2017\/01\/16tb_fastelavn.jpg\",\"contentUrl\":\"https:\/\/www.dui.dk\/aalborg\/wp-content\/uploads\/sites\/45\/2017\/01\/16tb_fastelavn.jpg\",\"width\":848,\"height\":216},{\"@type\":\"BreadcrumbList\",\"@id\":\"https:\/\/www.dui.dk\/aalborg\/fastelavsfest\/#breadcrumb\",\"itemListElement\":[{\"@type\":\"ListItem\",\"position\":1,\"name\":\"Hjem\",\"item\":\"https:\/\/www.dui.dk\/aalborg\/\"},{\"@type\":\"ListItem\",\"position\":2,\"name\":\"Fastelavnsfest\"}]},{\"@type\":\"WebSite\",\"@id\":\"https:\/\/www.dui.dk\/aalborg\/#website\",\"url\":\"https:\/\/www.dui.dk\/aalborg\/\",\"name\":\"DUI - Aalborg\",\"description\":\"En DUI-LEG og VIRKE lokalafdeling\",\"potentialAction\":[{\"@type\":\"SearchAction\",\"target\":{\"@type\":\"EntryPoint\",\"urlTemplate\":\"https:\/\/www.dui.dk\/aalborg\/?s={search_term_string}\"},\"query-input\":{\"@type\":\"PropertyValueSpecification\",\"valueRequired\":true,\"valueName\":\"search_term_string\"}}],\"inLanguage\":\"da-DK\"}]}<\/script>\n<!-- \/ Yoast SEO plugin. -->","yoast_head_json":{"title":"Fastelavnsfest - DUI - Aalborg","robots":{"index":"index","follow":"follow","max-snippet":"max-snippet:-1","max-image-preview":"max-image-preview:large","max-video-preview":"max-video-preview:-1"},"canonical":"https:\/\/www.dui.dk\/aalborg\/fastelavsfest\/","og_locale":"da_DK","og_type":"article","og_title":"Fastelavnsfest - DUI - Aalborg","og_description":"Kom og v\u00e6r med til alle tiders sjove fastelavnsfest. ALLE er velkommen. T\u00f8ndeslagning p\u00e5 flere t\u00f8nder \/ FastelavnsCaf\u00e9 der byder p\u00e5 lune fastelavnsboller mm. \/ Der er gratis gufpose til alle b\u00f8rn Forrygende underholdning med Michael Back Der er gratis adgang for alle \ud83d\ude42","og_url":"https:\/\/www.dui.dk\/aalborg\/fastelavsfest\/","og_site_name":"DUI - Aalborg","article_modified_time":"2017-02-24T11:50:20+00:00","og_image":[{"width":848,"height":216,"url":"https:\/\/www.dui.dk\/aalborg\/wp-content\/uploads\/sites\/45\/2017\/01\/16tb_fastelavn.jpg","type":"image\/jpeg"}],"twitter_card":"summary_large_image","schema":{"@context":"https:\/\/schema.org","@graph":[{"@type":"WebPage","@id":"https:\/\/www.dui.dk\/aalborg\/fastelavsfest\/","url":"https:\/\/www.dui.dk\/aalborg\/fastelavsfest\/","name":"Fastelavnsfest - DUI - Aalborg","isPartOf":{"@id":"https:\/\/www.dui.dk\/aalborg\/#website"},"primaryImageOfPage":{"@id":"https:\/\/www.dui.dk\/aalborg\/fastelavsfest\/#primaryimage"},"image":{"@id":"https:\/\/www.dui.dk\/aalborg\/fastelavsfest\/#primaryimage"},"thumbnailUrl":"https:\/\/www.dui.dk\/aalborg\/wp-content\/uploads\/sites\/45\/2017\/01\/16tb_fastelavn.jpg","datePublished":"2017-01-15T10:30:54+00:00","dateModified":"2017-02-24T11:50:20+00:00","breadcrumb":{"@id":"https:\/\/www.dui.dk\/aalborg\/fastelavsfest\/#breadcrumb"},"inLanguage":"da-DK","potentialAction":[{"@type":"ReadAction","target":["https:\/\/www.dui.dk\/aalborg\/fastelavsfest\/"]}]},{"@type":"ImageObject","inLanguage":"da-DK","@id":"https:\/\/www.dui.dk\/aalborg\/fastelavsfest\/#primaryimage","url":"https:\/\/www.dui.dk\/aalborg\/wp-content\/uploads\/sites\/45\/2017\/01\/16tb_fastelavn.jpg","contentUrl":"https:\/\/www.dui.dk\/aalborg\/wp-content\/uploads\/sites\/45\/2017\/01\/16tb_fastelavn.jpg","width":848,"height":216},{"@type":"BreadcrumbList","@id":"https:\/\/www.dui.dk\/aalborg\/fastelavsfest\/#breadcrumb","itemListElement":[{"@type":"ListItem","position":1,"name":"Hjem","item":"https:\/\/www.dui.dk\/aalborg\/"},{"@type":"ListItem","position":2,"name":"Fastelavnsfest"}]},{"@type":"WebSite","@id":"https:\/\/www.dui.dk\/aalborg\/#website","url":"https:\/\/www.dui.dk\/aalborg\/","name":"DUI - Aalborg","description":"En DUI-LEG og VIRKE lokalafdeling","potentialAction":[{"@type":"SearchAction","target":{"@type":"EntryPoint","urlTemplate":"https:\/\/www.dui.dk\/aalborg\/?s={search_term_string}"},"query-input":{"@type":"PropertyValueSpecification","valueRequired":true,"valueName":"search_term_string"}}],"inLanguage":"da-DK"}]}},"_links":{"self":[{"href":"https:\/\/www.dui.dk\/aalborg\/wp-json\/wp\/v2\/pages\/394","targetHints":{"allow":["GET"]}}],"collection":[{"href":"https:\/\/www.dui.dk\/aalborg\/wp-json\/wp\/v2\/pages"}],"about":[{"href":"https:\/\/www.dui.dk\/aalborg\/wp-json\/wp\/v2\/types\/page"}],"author":[{"embeddable":true,"href":"https:\/\/www.dui.dk\/aalborg\/wp-json\/wp\/v2\/users\/43"}],"replies":[{"embeddable":true,"href":"https:\/\/www.dui.dk\/aalborg\/wp-json\/wp\/v2\/comments?post=394"}],"version-history":[{"count":4,"href":"https:\/\/www.dui.dk\/aalborg\/wp-json\/wp\/v2\/pages\/394\/revisions"}],"predecessor-version":[{"id":413,"href":"https:\/\/www.dui.dk\/aalborg\/wp-json\/wp\/v2\/pages\/394\/revisions\/413"}],"wp:featuredmedia":[{"embeddable":true,"href":"https:\/\/www.dui.dk\/aalborg\/wp-json\/wp\/v2\/media\/395"}],"wp:attachment":[{"href":"https:\/\/www.dui.dk\/aalborg\/wp-json\/wp\/v2\/media?parent=394"}],"curies":[{"name":"wp","href":"https:\/\/api.w.org\/{rel}","templated":true}]}}