{"id":1436,"date":"2022-08-31T19:05:28","date_gmt":"2022-08-31T19:05:28","guid":{"rendered":"https:\/\/www.dui.dk\/aalborg\/?page_id=1436"},"modified":"2023-08-27T08:29:34","modified_gmt":"2023-08-27T08:29:34","slug":"familiecafe-stegt-flaesk-helle-jessen-fortaeller","status":"publish","type":"page","link":"https:\/\/www.dui.dk\/aalborg\/familiecafe-stegt-flaesk-helle-jessen-fortaeller\/","title":{"rendered":"FamilieCafe: Stegt fl\u00e6sk"},"content":{"rendered":"<p>Ons. 6. sept. 2023 kl. 18:00<br \/>\n<strong>Stegt fl\u00e6sk<\/strong> m. persillesovs \/ <strong>\u00c6blekage<\/strong> og <strong>Ole Park<\/strong><br \/>\n<span class=\"s1\">Tidligere annoncerede Helle Jessen kommer desv\u00e6rre ikke og fort\u00e6ller.<br \/>\nI stedet kommer <strong>Ole Park Nielsen<\/strong> og fort\u00e6ller om Ukraineindsamling, skyttegravslys og om hans deltagelse i en tur med en masse indsamlede forn\u00f8denheder til bl.a. et b\u00f8rnehjem i gr\u00e6nseomr\u00e5det mellem Ukraine og Rusland.<\/span><\/p>\n<p><em><strong>Om Familiecafeen:<\/strong><\/em><br \/>\nVi m\u00f8des \u00e9n gang om m\u00e5neden til f\u00e6llesspisning i DUI\u2019s cafe. Her bliver lavet alle typer mad, vi har f\u00e5et lige fra elefantsnabel til mormors frikadeller. Maden laves af frivillige \u201ckokke\u201d, \u2013 deltagerne er en blanding af nogen der deltager flere gange om \u00e5ret, og nye \u201cspisere\u201d. ALLE er velkommen!<br \/>\nEfter spisningen laver vi gerne noget sammen \u2013 stor som lille. Det kan v\u00e6re at synge, h\u00f8re foredrag, andre gange spiller vi sjove br\u00e6tspil, \u2013 eller bare hygger\u2026<\/p>\n","protected":false},"excerpt":{"rendered":"<p>Ons. 6. sept. 2023 kl. 18:00 Stegt fl\u00e6sk m. persillesovs \/ \u00c6blekage og Ole Park Tidligere annoncerede Helle Jessen kommer desv\u00e6rre ikke og fort\u00e6ller. I stedet kommer Ole Park Nielsen og fort\u00e6ller om Ukraineindsamling, skyttegravslys og om hans deltagelse i en tur med en masse indsamlede forn\u00f8denheder til bl.a. et b\u00f8rnehjem i gr\u00e6nseomr\u00e5det mellem Ukraine &hellip;<\/p>\n","protected":false},"author":43,"featured_media":0,"parent":0,"menu_order":0,"comment_status":"closed","ping_status":"closed","template":"page-event-local.php","meta":{"_acf_changed":false,"footnotes":""},"class_list":["post-1436","page","type-page","status-publish","hentry"],"acf":[],"yoast_head":"<!-- This site is optimized with the Yoast SEO plugin v27.1.1 - https:\/\/yoast.com\/product\/yoast-seo-wordpress\/ -->\n<title>FamilieCafe: Stegt fl\u00e6sk - DUI - Aalborg<\/title>\n<meta name=\"robots\" content=\"index, follow, max-snippet:-1, max-image-preview:large, max-video-preview:-1\" \/>\n<link rel=\"canonical\" href=\"https:\/\/www.dui.dk\/aalborg\/familiecafe-stegt-flaesk-helle-jessen-fortaeller\/\" \/>\n<meta property=\"og:locale\" content=\"da_DK\" \/>\n<meta property=\"og:type\" content=\"article\" \/>\n<meta property=\"og:title\" content=\"FamilieCafe: Stegt fl\u00e6sk - DUI - Aalborg\" \/>\n<meta property=\"og:description\" content=\"Ons. 6. sept. 2023 kl. 18:00 Stegt fl\u00e6sk m. persillesovs \/ \u00c6blekage og Ole Park Tidligere annoncerede Helle Jessen kommer desv\u00e6rre ikke og fort\u00e6ller. I stedet kommer Ole Park Nielsen og fort\u00e6ller om Ukraineindsamling, skyttegravslys og om hans deltagelse i en tur med en masse indsamlede forn\u00f8denheder til bl.a. et b\u00f8rnehjem i gr\u00e6nseomr\u00e5det mellem Ukraine &hellip;\" \/>\n<meta property=\"og:url\" content=\"https:\/\/www.dui.dk\/aalborg\/familiecafe-stegt-flaesk-helle-jessen-fortaeller\/\" \/>\n<meta property=\"og:site_name\" content=\"DUI - Aalborg\" \/>\n<meta property=\"article:modified_time\" content=\"2023-08-27T08:29:34+00:00\" \/>\n<meta name=\"twitter:card\" content=\"summary_large_image\" \/>\n<meta name=\"twitter:label1\" content=\"Estimeret l\u00e6setid\" \/>\n\t<meta name=\"twitter:data1\" content=\"1 minut\" \/>\n<script type=\"application\/ld+json\" class=\"yoast-schema-graph\">{\"@context\":\"https:\/\/schema.org\",\"@graph\":[{\"@type\":\"WebPage\",\"@id\":\"https:\/\/www.dui.dk\/aalborg\/familiecafe-stegt-flaesk-helle-jessen-fortaeller\/\",\"url\":\"https:\/\/www.dui.dk\/aalborg\/familiecafe-stegt-flaesk-helle-jessen-fortaeller\/\",\"name\":\"FamilieCafe: Stegt fl\u00e6sk - DUI - Aalborg\",\"isPartOf\":{\"@id\":\"https:\/\/www.dui.dk\/aalborg\/#website\"},\"datePublished\":\"2022-08-31T19:05:28+00:00\",\"dateModified\":\"2023-08-27T08:29:34+00:00\",\"breadcrumb\":{\"@id\":\"https:\/\/www.dui.dk\/aalborg\/familiecafe-stegt-flaesk-helle-jessen-fortaeller\/#breadcrumb\"},\"inLanguage\":\"da-DK\",\"potentialAction\":[{\"@type\":\"ReadAction\",\"target\":[\"https:\/\/www.dui.dk\/aalborg\/familiecafe-stegt-flaesk-helle-jessen-fortaeller\/\"]}]},{\"@type\":\"BreadcrumbList\",\"@id\":\"https:\/\/www.dui.dk\/aalborg\/familiecafe-stegt-flaesk-helle-jessen-fortaeller\/#breadcrumb\",\"itemListElement\":[{\"@type\":\"ListItem\",\"position\":1,\"name\":\"Hjem\",\"item\":\"https:\/\/www.dui.dk\/aalborg\/\"},{\"@type\":\"ListItem\",\"position\":2,\"name\":\"FamilieCafe: Stegt fl\u00e6sk\"}]},{\"@type\":\"WebSite\",\"@id\":\"https:\/\/www.dui.dk\/aalborg\/#website\",\"url\":\"https:\/\/www.dui.dk\/aalborg\/\",\"name\":\"DUI - Aalborg\",\"description\":\"En DUI-LEG og VIRKE lokalafdeling\",\"potentialAction\":[{\"@type\":\"SearchAction\",\"target\":{\"@type\":\"EntryPoint\",\"urlTemplate\":\"https:\/\/www.dui.dk\/aalborg\/?s={search_term_string}\"},\"query-input\":{\"@type\":\"PropertyValueSpecification\",\"valueRequired\":true,\"valueName\":\"search_term_string\"}}],\"inLanguage\":\"da-DK\"}]}<\/script>\n<!-- \/ Yoast SEO plugin. -->","yoast_head_json":{"title":"FamilieCafe: Stegt fl\u00e6sk - DUI - Aalborg","robots":{"index":"index","follow":"follow","max-snippet":"max-snippet:-1","max-image-preview":"max-image-preview:large","max-video-preview":"max-video-preview:-1"},"canonical":"https:\/\/www.dui.dk\/aalborg\/familiecafe-stegt-flaesk-helle-jessen-fortaeller\/","og_locale":"da_DK","og_type":"article","og_title":"FamilieCafe: Stegt fl\u00e6sk - DUI - Aalborg","og_description":"Ons. 6. sept. 2023 kl. 18:00 Stegt fl\u00e6sk m. persillesovs \/ \u00c6blekage og Ole Park Tidligere annoncerede Helle Jessen kommer desv\u00e6rre ikke og fort\u00e6ller. I stedet kommer Ole Park Nielsen og fort\u00e6ller om Ukraineindsamling, skyttegravslys og om hans deltagelse i en tur med en masse indsamlede forn\u00f8denheder til bl.a. et b\u00f8rnehjem i gr\u00e6nseomr\u00e5det mellem Ukraine &hellip;","og_url":"https:\/\/www.dui.dk\/aalborg\/familiecafe-stegt-flaesk-helle-jessen-fortaeller\/","og_site_name":"DUI - Aalborg","article_modified_time":"2023-08-27T08:29:34+00:00","twitter_card":"summary_large_image","twitter_misc":{"Estimeret l\u00e6setid":"1 minut"},"schema":{"@context":"https:\/\/schema.org","@graph":[{"@type":"WebPage","@id":"https:\/\/www.dui.dk\/aalborg\/familiecafe-stegt-flaesk-helle-jessen-fortaeller\/","url":"https:\/\/www.dui.dk\/aalborg\/familiecafe-stegt-flaesk-helle-jessen-fortaeller\/","name":"FamilieCafe: Stegt fl\u00e6sk - DUI - Aalborg","isPartOf":{"@id":"https:\/\/www.dui.dk\/aalborg\/#website"},"datePublished":"2022-08-31T19:05:28+00:00","dateModified":"2023-08-27T08:29:34+00:00","breadcrumb":{"@id":"https:\/\/www.dui.dk\/aalborg\/familiecafe-stegt-flaesk-helle-jessen-fortaeller\/#breadcrumb"},"inLanguage":"da-DK","potentialAction":[{"@type":"ReadAction","target":["https:\/\/www.dui.dk\/aalborg\/familiecafe-stegt-flaesk-helle-jessen-fortaeller\/"]}]},{"@type":"BreadcrumbList","@id":"https:\/\/www.dui.dk\/aalborg\/familiecafe-stegt-flaesk-helle-jessen-fortaeller\/#breadcrumb","itemListElement":[{"@type":"ListItem","position":1,"name":"Hjem","item":"https:\/\/www.dui.dk\/aalborg\/"},{"@type":"ListItem","position":2,"name":"FamilieCafe: Stegt fl\u00e6sk"}]},{"@type":"WebSite","@id":"https:\/\/www.dui.dk\/aalborg\/#website","url":"https:\/\/www.dui.dk\/aalborg\/","name":"DUI - Aalborg","description":"En DUI-LEG og VIRKE lokalafdeling","potentialAction":[{"@type":"SearchAction","target":{"@type":"EntryPoint","urlTemplate":"https:\/\/www.dui.dk\/aalborg\/?s={search_term_string}"},"query-input":{"@type":"PropertyValueSpecification","valueRequired":true,"valueName":"search_term_string"}}],"inLanguage":"da-DK"}]}},"_links":{"self":[{"href":"https:\/\/www.dui.dk\/aalborg\/wp-json\/wp\/v2\/pages\/1436","targetHints":{"allow":["GET"]}}],"collection":[{"href":"https:\/\/www.dui.dk\/aalborg\/wp-json\/wp\/v2\/pages"}],"about":[{"href":"https:\/\/www.dui.dk\/aalborg\/wp-json\/wp\/v2\/types\/page"}],"author":[{"embeddable":true,"href":"https:\/\/www.dui.dk\/aalborg\/wp-json\/wp\/v2\/users\/43"}],"replies":[{"embeddable":true,"href":"https:\/\/www.dui.dk\/aalborg\/wp-json\/wp\/v2\/comments?post=1436"}],"version-history":[{"count":4,"href":"https:\/\/www.dui.dk\/aalborg\/wp-json\/wp\/v2\/pages\/1436\/revisions"}],"predecessor-version":[{"id":1667,"href":"https:\/\/www.dui.dk\/aalborg\/wp-json\/wp\/v2\/pages\/1436\/revisions\/1667"}],"wp:attachment":[{"href":"https:\/\/www.dui.dk\/aalborg\/wp-json\/wp\/v2\/media?parent=1436"}],"curies":[{"name":"wp","href":"https:\/\/api.w.org\/{rel}","templated":true}]}}