{"id":1269,"date":"2021-11-02T15:04:12","date_gmt":"2021-11-02T15:04:12","guid":{"rendered":"https:\/\/www.dui.dk\/aalborg\/?page_id=1269"},"modified":"2024-08-24T11:55:38","modified_gmt":"2024-08-24T11:55:38","slug":"strik-snak-3","status":"publish","type":"page","link":"https:\/\/www.dui.dk\/aalborg\/strik-snak-3\/","title":{"rendered":"Kom og strik!"},"content":{"rendered":"<p>Pa\u030a dette hold arbejder vi med de basale strikke teknikker, der skal til for at kunne strikke.<br \/>\nVi taler om begyndervenlige modeller og vi vil hj\u00e6lpe dig godt i gang.<br \/>\nDu skal selv medbringe garn og pinde \u2013 der vil dog v\u00e6re mulighed for at k\u00f8be pinde, via vores genbrugsbutik, Sj\u00e6llandsgade 22.<\/p>\n<p>Grundelementerne vil v\u00e6re mange, og her er nogle eksempler pa\u030a hvad der kan l\u00e6res:<br \/>\n&#8211; Sla\u030a masker op<br \/>\n&#8211; Lukke masker af Strikkepr\u00f8ver<br \/>\n&#8211; Samle tabte masker op<br \/>\n&#8211; Ind- og udtagninger<br \/>\n&#8211; Opsamling af masker til halskant mm.<br \/>\n&#8211; H\u00e6l til en sok<br \/>\n&#8211; L\u00e6r evt. at lave Scarf<br \/>\n&#8211; H\u00e6fte ender<br \/>\n&#8211; Hj\u00e6lp til at l\u00e6se en opskrift<\/p>\n<p>Vores frivillige har livslang erfaring, og der er ingen dumme sp\u00f8rgsma\u030al eller udfordringer med strikket\u00f8jet der ikke kan snakkes om<br \/>\nSelvom vi skal strikke, skal vi ogsa\u030a hygge og snakke. Vi sta\u030ar for kae, te og kage!<\/p>\n<p>STRIKKERIET starter efter sommerferien. Dato kommer her snarest muligt.<br \/>\nKom og pr\u00f8v at v\u00e6re med!<br \/>\nVi m\u00f8des tirsdag 16-18 hver 14. dag.<\/p>\n<p>Det koster gratis de f\u00f8rste to gange, og derefter skal man v\u00e6re medlem &#8211; 200 kr. for et halvt a\u030ar!<\/p>\n","protected":false},"excerpt":{"rendered":"<p>Pa\u030a dette hold arbejder vi med de basale strikke teknikker, der skal til for at kunne strikke. Vi taler om begyndervenlige modeller og vi vil hj\u00e6lpe dig godt i gang. Du skal selv medbringe garn og pinde \u2013 der vil dog v\u00e6re mulighed for at k\u00f8be pinde, via vores genbrugsbutik, Sj\u00e6llandsgade 22. Grundelementerne vil v\u00e6re &hellip;<\/p>\n","protected":false},"author":43,"featured_media":1826,"parent":0,"menu_order":0,"comment_status":"closed","ping_status":"closed","template":"page-content-local.php","meta":{"_acf_changed":false,"footnotes":""},"class_list":["post-1269","page","type-page","status-publish","has-post-thumbnail","hentry"],"acf":[],"yoast_head":"<!-- This site is optimized with the Yoast SEO plugin v27.1.1 - https:\/\/yoast.com\/product\/yoast-seo-wordpress\/ -->\n<title>Kom og strik! - DUI - Aalborg<\/title>\n<meta name=\"robots\" content=\"index, follow, max-snippet:-1, max-image-preview:large, max-video-preview:-1\" \/>\n<link rel=\"canonical\" href=\"https:\/\/www.dui.dk\/aalborg\/strik-snak-3\/\" \/>\n<meta property=\"og:locale\" content=\"da_DK\" \/>\n<meta property=\"og:type\" content=\"article\" \/>\n<meta property=\"og:title\" content=\"Kom og strik! - DUI - Aalborg\" \/>\n<meta property=\"og:description\" content=\"Pa\u030a dette hold arbejder vi med de basale strikke teknikker, der skal til for at kunne strikke. Vi taler om begyndervenlige modeller og vi vil hj\u00e6lpe dig godt i gang. Du skal selv medbringe garn og pinde \u2013 der vil dog v\u00e6re mulighed for at k\u00f8be pinde, via vores genbrugsbutik, Sj\u00e6llandsgade 22. Grundelementerne vil v\u00e6re &hellip;\" \/>\n<meta property=\"og:url\" content=\"https:\/\/www.dui.dk\/aalborg\/strik-snak-3\/\" \/>\n<meta property=\"og:site_name\" content=\"DUI - Aalborg\" \/>\n<meta property=\"article:modified_time\" content=\"2024-08-24T11:55:38+00:00\" \/>\n<meta property=\"og:image\" content=\"https:\/\/www.dui.dk\/aalborg\/wp-content\/uploads\/sites\/45\/2024\/05\/24top_strikogsnak_2ok.png\" \/>\n\t<meta property=\"og:image:width\" content=\"945\" \/>\n\t<meta property=\"og:image:height\" content=\"241\" \/>\n\t<meta property=\"og:image:type\" content=\"image\/png\" \/>\n<meta name=\"twitter:card\" content=\"summary_large_image\" \/>\n<meta name=\"twitter:label1\" content=\"Estimeret l\u00e6setid\" \/>\n\t<meta name=\"twitter:data1\" content=\"2 minutter\" \/>\n<script type=\"application\/ld+json\" class=\"yoast-schema-graph\">{\"@context\":\"https:\/\/schema.org\",\"@graph\":[{\"@type\":\"WebPage\",\"@id\":\"https:\/\/www.dui.dk\/aalborg\/strik-snak-3\/\",\"url\":\"https:\/\/www.dui.dk\/aalborg\/strik-snak-3\/\",\"name\":\"Kom og strik! - DUI - Aalborg\",\"isPartOf\":{\"@id\":\"https:\/\/www.dui.dk\/aalborg\/#website\"},\"primaryImageOfPage\":{\"@id\":\"https:\/\/www.dui.dk\/aalborg\/strik-snak-3\/#primaryimage\"},\"image\":{\"@id\":\"https:\/\/www.dui.dk\/aalborg\/strik-snak-3\/#primaryimage\"},\"thumbnailUrl\":\"https:\/\/www.dui.dk\/aalborg\/wp-content\/uploads\/sites\/45\/2024\/05\/24top_strikogsnak_2ok.png\",\"datePublished\":\"2021-11-02T15:04:12+00:00\",\"dateModified\":\"2024-08-24T11:55:38+00:00\",\"breadcrumb\":{\"@id\":\"https:\/\/www.dui.dk\/aalborg\/strik-snak-3\/#breadcrumb\"},\"inLanguage\":\"da-DK\",\"potentialAction\":[{\"@type\":\"ReadAction\",\"target\":[\"https:\/\/www.dui.dk\/aalborg\/strik-snak-3\/\"]}]},{\"@type\":\"ImageObject\",\"inLanguage\":\"da-DK\",\"@id\":\"https:\/\/www.dui.dk\/aalborg\/strik-snak-3\/#primaryimage\",\"url\":\"https:\/\/www.dui.dk\/aalborg\/wp-content\/uploads\/sites\/45\/2024\/05\/24top_strikogsnak_2ok.png\",\"contentUrl\":\"https:\/\/www.dui.dk\/aalborg\/wp-content\/uploads\/sites\/45\/2024\/05\/24top_strikogsnak_2ok.png\",\"width\":945,\"height\":241},{\"@type\":\"BreadcrumbList\",\"@id\":\"https:\/\/www.dui.dk\/aalborg\/strik-snak-3\/#breadcrumb\",\"itemListElement\":[{\"@type\":\"ListItem\",\"position\":1,\"name\":\"Hjem\",\"item\":\"https:\/\/www.dui.dk\/aalborg\/\"},{\"@type\":\"ListItem\",\"position\":2,\"name\":\"Kom og strik!\"}]},{\"@type\":\"WebSite\",\"@id\":\"https:\/\/www.dui.dk\/aalborg\/#website\",\"url\":\"https:\/\/www.dui.dk\/aalborg\/\",\"name\":\"DUI - Aalborg\",\"description\":\"En DUI-LEG og VIRKE lokalafdeling\",\"potentialAction\":[{\"@type\":\"SearchAction\",\"target\":{\"@type\":\"EntryPoint\",\"urlTemplate\":\"https:\/\/www.dui.dk\/aalborg\/?s={search_term_string}\"},\"query-input\":{\"@type\":\"PropertyValueSpecification\",\"valueRequired\":true,\"valueName\":\"search_term_string\"}}],\"inLanguage\":\"da-DK\"}]}<\/script>\n<!-- \/ Yoast SEO plugin. -->","yoast_head_json":{"title":"Kom og strik! - DUI - Aalborg","robots":{"index":"index","follow":"follow","max-snippet":"max-snippet:-1","max-image-preview":"max-image-preview:large","max-video-preview":"max-video-preview:-1"},"canonical":"https:\/\/www.dui.dk\/aalborg\/strik-snak-3\/","og_locale":"da_DK","og_type":"article","og_title":"Kom og strik! - DUI - Aalborg","og_description":"Pa\u030a dette hold arbejder vi med de basale strikke teknikker, der skal til for at kunne strikke. Vi taler om begyndervenlige modeller og vi vil hj\u00e6lpe dig godt i gang. Du skal selv medbringe garn og pinde \u2013 der vil dog v\u00e6re mulighed for at k\u00f8be pinde, via vores genbrugsbutik, Sj\u00e6llandsgade 22. Grundelementerne vil v\u00e6re &hellip;","og_url":"https:\/\/www.dui.dk\/aalborg\/strik-snak-3\/","og_site_name":"DUI - Aalborg","article_modified_time":"2024-08-24T11:55:38+00:00","og_image":[{"width":945,"height":241,"url":"https:\/\/www.dui.dk\/aalborg\/wp-content\/uploads\/sites\/45\/2024\/05\/24top_strikogsnak_2ok.png","type":"image\/png"}],"twitter_card":"summary_large_image","twitter_misc":{"Estimeret l\u00e6setid":"2 minutter"},"schema":{"@context":"https:\/\/schema.org","@graph":[{"@type":"WebPage","@id":"https:\/\/www.dui.dk\/aalborg\/strik-snak-3\/","url":"https:\/\/www.dui.dk\/aalborg\/strik-snak-3\/","name":"Kom og strik! - DUI - Aalborg","isPartOf":{"@id":"https:\/\/www.dui.dk\/aalborg\/#website"},"primaryImageOfPage":{"@id":"https:\/\/www.dui.dk\/aalborg\/strik-snak-3\/#primaryimage"},"image":{"@id":"https:\/\/www.dui.dk\/aalborg\/strik-snak-3\/#primaryimage"},"thumbnailUrl":"https:\/\/www.dui.dk\/aalborg\/wp-content\/uploads\/sites\/45\/2024\/05\/24top_strikogsnak_2ok.png","datePublished":"2021-11-02T15:04:12+00:00","dateModified":"2024-08-24T11:55:38+00:00","breadcrumb":{"@id":"https:\/\/www.dui.dk\/aalborg\/strik-snak-3\/#breadcrumb"},"inLanguage":"da-DK","potentialAction":[{"@type":"ReadAction","target":["https:\/\/www.dui.dk\/aalborg\/strik-snak-3\/"]}]},{"@type":"ImageObject","inLanguage":"da-DK","@id":"https:\/\/www.dui.dk\/aalborg\/strik-snak-3\/#primaryimage","url":"https:\/\/www.dui.dk\/aalborg\/wp-content\/uploads\/sites\/45\/2024\/05\/24top_strikogsnak_2ok.png","contentUrl":"https:\/\/www.dui.dk\/aalborg\/wp-content\/uploads\/sites\/45\/2024\/05\/24top_strikogsnak_2ok.png","width":945,"height":241},{"@type":"BreadcrumbList","@id":"https:\/\/www.dui.dk\/aalborg\/strik-snak-3\/#breadcrumb","itemListElement":[{"@type":"ListItem","position":1,"name":"Hjem","item":"https:\/\/www.dui.dk\/aalborg\/"},{"@type":"ListItem","position":2,"name":"Kom og strik!"}]},{"@type":"WebSite","@id":"https:\/\/www.dui.dk\/aalborg\/#website","url":"https:\/\/www.dui.dk\/aalborg\/","name":"DUI - Aalborg","description":"En DUI-LEG og VIRKE lokalafdeling","potentialAction":[{"@type":"SearchAction","target":{"@type":"EntryPoint","urlTemplate":"https:\/\/www.dui.dk\/aalborg\/?s={search_term_string}"},"query-input":{"@type":"PropertyValueSpecification","valueRequired":true,"valueName":"search_term_string"}}],"inLanguage":"da-DK"}]}},"_links":{"self":[{"href":"https:\/\/www.dui.dk\/aalborg\/wp-json\/wp\/v2\/pages\/1269","targetHints":{"allow":["GET"]}}],"collection":[{"href":"https:\/\/www.dui.dk\/aalborg\/wp-json\/wp\/v2\/pages"}],"about":[{"href":"https:\/\/www.dui.dk\/aalborg\/wp-json\/wp\/v2\/types\/page"}],"author":[{"embeddable":true,"href":"https:\/\/www.dui.dk\/aalborg\/wp-json\/wp\/v2\/users\/43"}],"replies":[{"embeddable":true,"href":"https:\/\/www.dui.dk\/aalborg\/wp-json\/wp\/v2\/comments?post=1269"}],"version-history":[{"count":5,"href":"https:\/\/www.dui.dk\/aalborg\/wp-json\/wp\/v2\/pages\/1269\/revisions"}],"predecessor-version":[{"id":1836,"href":"https:\/\/www.dui.dk\/aalborg\/wp-json\/wp\/v2\/pages\/1269\/revisions\/1836"}],"wp:featuredmedia":[{"embeddable":true,"href":"https:\/\/www.dui.dk\/aalborg\/wp-json\/wp\/v2\/media\/1826"}],"wp:attachment":[{"href":"https:\/\/www.dui.dk\/aalborg\/wp-json\/wp\/v2\/media?parent=1269"}],"curies":[{"name":"wp","href":"https:\/\/api.w.org\/{rel}","templated":true}]}}