{"id":1251,"date":"2021-09-28T10:10:30","date_gmt":"2021-09-28T10:10:30","guid":{"rendered":"https:\/\/www.dui.dk\/aalborg\/?page_id=1251"},"modified":"2021-11-02T14:57:32","modified_gmt":"2021-11-02T14:57:32","slug":"strik-snak-2","status":"publish","type":"page","link":"https:\/\/www.dui.dk\/aalborg\/strik-snak-2\/","title":{"rendered":"Strik &amp; Snak"},"content":{"rendered":"<p class=\"p1\">DUI Aalborgs kreative m\u00f8dested for voksne.<br \/>\n<strong>F\u00d8RSTE TIRSDAG HVER M\u00c5NED.<img loading=\"lazy\" decoding=\"async\" class=\"alignright wp-image-1220\" src=\"https:\/\/www.dui.dk\/aalborg\/wp-content\/uploads\/sites\/45\/2021\/09\/striksnak_add_OK_1080x1080-300x300.png\" alt=\"\" width=\"180\" height=\"180\" srcset=\"https:\/\/www.dui.dk\/aalborg\/wp-content\/uploads\/sites\/45\/2021\/09\/striksnak_add_OK_1080x1080-300x300.png 300w, https:\/\/www.dui.dk\/aalborg\/wp-content\/uploads\/sites\/45\/2021\/09\/striksnak_add_OK_1080x1080-1024x1024.png 1024w, https:\/\/www.dui.dk\/aalborg\/wp-content\/uploads\/sites\/45\/2021\/09\/striksnak_add_OK_1080x1080-150x150.png 150w, https:\/\/www.dui.dk\/aalborg\/wp-content\/uploads\/sites\/45\/2021\/09\/striksnak_add_OK_1080x1080-768x768.png 768w, https:\/\/www.dui.dk\/aalborg\/wp-content\/uploads\/sites\/45\/2021\/09\/striksnak_add_OK_1080x1080-600x600.png 600w, https:\/\/www.dui.dk\/aalborg\/wp-content\/uploads\/sites\/45\/2021\/09\/striksnak_add_OK_1080x1080.png 1080w\" sizes=\"auto, (max-width: 180px) 100vw, 180px\" \/><\/strong><\/p>\n<p class=\"p3\">Strik og snak er et nyt initiativ af DUI Aalborg, hvor de voksne kan m\u00f8des over noget kreativt, udveksle erfaringer, snakke og f\u00e5 nye bekendtskaber p\u00e5 tv\u00e6rs af alder og virke. Du kan arbejde p\u00e5 dine egne projekter, l\u00e6re at strikke, h\u00e6kle o.lign.<br \/>\nDu er ogs\u00e5 velkommen til at lave produkter til fordel for DUI Aalborgs\u00a0 B\u00f8rnehjem i Uganda.<\/p>\n<p class=\"p3\">Lyder det som noget for dig, s\u00e5 b\u00f8r du dukke op i DUI-huset, \u00d8stre Alle 89, Aalborg, hver f\u00f8rste tirsdag i m\u00e5neden kl. 19. Kom og se om vores f\u00e6llesskab er noget du kunne t\u00e6nke dig at blive en del af.<\/p>\n","protected":false},"excerpt":{"rendered":"<p>DUI Aalborgs kreative m\u00f8dested for voksne. F\u00d8RSTE TIRSDAG HVER M\u00c5NED. Strik og snak er et nyt initiativ af DUI Aalborg, hvor de voksne kan m\u00f8des over noget kreativt, udveksle erfaringer, snakke og f\u00e5 nye bekendtskaber p\u00e5 tv\u00e6rs af alder og virke. Du kan arbejde p\u00e5 dine egne projekter, l\u00e6re at strikke, h\u00e6kle o.lign. Du er &hellip;<\/p>\n","protected":false},"author":43,"featured_media":1223,"parent":0,"menu_order":0,"comment_status":"closed","ping_status":"closed","template":"page-event-local.php","meta":{"_acf_changed":false,"footnotes":""},"class_list":["post-1251","page","type-page","status-publish","has-post-thumbnail","hentry"],"acf":[],"yoast_head":"<!-- This site is optimized with the Yoast SEO plugin v27.1.1 - https:\/\/yoast.com\/product\/yoast-seo-wordpress\/ -->\n<title>Strik &amp; Snak - DUI - Aalborg<\/title>\n<meta name=\"robots\" content=\"index, follow, max-snippet:-1, max-image-preview:large, max-video-preview:-1\" \/>\n<link rel=\"canonical\" href=\"https:\/\/www.dui.dk\/aalborg\/strik-snak-2\/\" \/>\n<meta property=\"og:locale\" content=\"da_DK\" \/>\n<meta property=\"og:type\" content=\"article\" \/>\n<meta property=\"og:title\" content=\"Strik &amp; Snak - DUI - Aalborg\" \/>\n<meta property=\"og:description\" content=\"DUI Aalborgs kreative m\u00f8dested for voksne. F\u00d8RSTE TIRSDAG HVER M\u00c5NED. Strik og snak er et nyt initiativ af DUI Aalborg, hvor de voksne kan m\u00f8des over noget kreativt, udveksle erfaringer, snakke og f\u00e5 nye bekendtskaber p\u00e5 tv\u00e6rs af alder og virke. Du kan arbejde p\u00e5 dine egne projekter, l\u00e6re at strikke, h\u00e6kle o.lign. Du er &hellip;\" \/>\n<meta property=\"og:url\" content=\"https:\/\/www.dui.dk\/aalborg\/strik-snak-2\/\" \/>\n<meta property=\"og:site_name\" content=\"DUI - Aalborg\" \/>\n<meta property=\"article:modified_time\" content=\"2021-11-02T14:57:32+00:00\" \/>\n<meta property=\"og:image\" content=\"https:\/\/www.dui.dk\/aalborg\/wp-content\/uploads\/sites\/45\/2021\/09\/21top_strikogsnak-1.jpg\" \/>\n\t<meta property=\"og:image:width\" content=\"945\" \/>\n\t<meta property=\"og:image:height\" content=\"241\" \/>\n\t<meta property=\"og:image:type\" content=\"image\/jpeg\" \/>\n<meta name=\"twitter:card\" content=\"summary_large_image\" \/>\n<meta name=\"twitter:label1\" content=\"Estimeret l\u00e6setid\" \/>\n\t<meta name=\"twitter:data1\" content=\"1 minut\" \/>\n<script type=\"application\/ld+json\" class=\"yoast-schema-graph\">{\"@context\":\"https:\/\/schema.org\",\"@graph\":[{\"@type\":\"WebPage\",\"@id\":\"https:\/\/www.dui.dk\/aalborg\/strik-snak-2\/\",\"url\":\"https:\/\/www.dui.dk\/aalborg\/strik-snak-2\/\",\"name\":\"Strik &amp; Snak - DUI - Aalborg\",\"isPartOf\":{\"@id\":\"https:\/\/www.dui.dk\/aalborg\/#website\"},\"primaryImageOfPage\":{\"@id\":\"https:\/\/www.dui.dk\/aalborg\/strik-snak-2\/#primaryimage\"},\"image\":{\"@id\":\"https:\/\/www.dui.dk\/aalborg\/strik-snak-2\/#primaryimage\"},\"thumbnailUrl\":\"https:\/\/www.dui.dk\/aalborg\/wp-content\/uploads\/sites\/45\/2021\/09\/21top_strikogsnak-1.jpg\",\"datePublished\":\"2021-09-28T10:10:30+00:00\",\"dateModified\":\"2021-11-02T14:57:32+00:00\",\"breadcrumb\":{\"@id\":\"https:\/\/www.dui.dk\/aalborg\/strik-snak-2\/#breadcrumb\"},\"inLanguage\":\"da-DK\",\"potentialAction\":[{\"@type\":\"ReadAction\",\"target\":[\"https:\/\/www.dui.dk\/aalborg\/strik-snak-2\/\"]}]},{\"@type\":\"ImageObject\",\"inLanguage\":\"da-DK\",\"@id\":\"https:\/\/www.dui.dk\/aalborg\/strik-snak-2\/#primaryimage\",\"url\":\"https:\/\/www.dui.dk\/aalborg\/wp-content\/uploads\/sites\/45\/2021\/09\/21top_strikogsnak-1.jpg\",\"contentUrl\":\"https:\/\/www.dui.dk\/aalborg\/wp-content\/uploads\/sites\/45\/2021\/09\/21top_strikogsnak-1.jpg\",\"width\":945,\"height\":241},{\"@type\":\"BreadcrumbList\",\"@id\":\"https:\/\/www.dui.dk\/aalborg\/strik-snak-2\/#breadcrumb\",\"itemListElement\":[{\"@type\":\"ListItem\",\"position\":1,\"name\":\"Hjem\",\"item\":\"https:\/\/www.dui.dk\/aalborg\/\"},{\"@type\":\"ListItem\",\"position\":2,\"name\":\"Strik &amp; Snak\"}]},{\"@type\":\"WebSite\",\"@id\":\"https:\/\/www.dui.dk\/aalborg\/#website\",\"url\":\"https:\/\/www.dui.dk\/aalborg\/\",\"name\":\"DUI - Aalborg\",\"description\":\"En DUI-LEG og VIRKE lokalafdeling\",\"potentialAction\":[{\"@type\":\"SearchAction\",\"target\":{\"@type\":\"EntryPoint\",\"urlTemplate\":\"https:\/\/www.dui.dk\/aalborg\/?s={search_term_string}\"},\"query-input\":{\"@type\":\"PropertyValueSpecification\",\"valueRequired\":true,\"valueName\":\"search_term_string\"}}],\"inLanguage\":\"da-DK\"}]}<\/script>\n<!-- \/ Yoast SEO plugin. -->","yoast_head_json":{"title":"Strik &amp; Snak - DUI - Aalborg","robots":{"index":"index","follow":"follow","max-snippet":"max-snippet:-1","max-image-preview":"max-image-preview:large","max-video-preview":"max-video-preview:-1"},"canonical":"https:\/\/www.dui.dk\/aalborg\/strik-snak-2\/","og_locale":"da_DK","og_type":"article","og_title":"Strik &amp; Snak - DUI - Aalborg","og_description":"DUI Aalborgs kreative m\u00f8dested for voksne. F\u00d8RSTE TIRSDAG HVER M\u00c5NED. Strik og snak er et nyt initiativ af DUI Aalborg, hvor de voksne kan m\u00f8des over noget kreativt, udveksle erfaringer, snakke og f\u00e5 nye bekendtskaber p\u00e5 tv\u00e6rs af alder og virke. Du kan arbejde p\u00e5 dine egne projekter, l\u00e6re at strikke, h\u00e6kle o.lign. Du er &hellip;","og_url":"https:\/\/www.dui.dk\/aalborg\/strik-snak-2\/","og_site_name":"DUI - Aalborg","article_modified_time":"2021-11-02T14:57:32+00:00","og_image":[{"width":945,"height":241,"url":"https:\/\/www.dui.dk\/aalborg\/wp-content\/uploads\/sites\/45\/2021\/09\/21top_strikogsnak-1.jpg","type":"image\/jpeg"}],"twitter_card":"summary_large_image","twitter_misc":{"Estimeret l\u00e6setid":"1 minut"},"schema":{"@context":"https:\/\/schema.org","@graph":[{"@type":"WebPage","@id":"https:\/\/www.dui.dk\/aalborg\/strik-snak-2\/","url":"https:\/\/www.dui.dk\/aalborg\/strik-snak-2\/","name":"Strik &amp; Snak - DUI - Aalborg","isPartOf":{"@id":"https:\/\/www.dui.dk\/aalborg\/#website"},"primaryImageOfPage":{"@id":"https:\/\/www.dui.dk\/aalborg\/strik-snak-2\/#primaryimage"},"image":{"@id":"https:\/\/www.dui.dk\/aalborg\/strik-snak-2\/#primaryimage"},"thumbnailUrl":"https:\/\/www.dui.dk\/aalborg\/wp-content\/uploads\/sites\/45\/2021\/09\/21top_strikogsnak-1.jpg","datePublished":"2021-09-28T10:10:30+00:00","dateModified":"2021-11-02T14:57:32+00:00","breadcrumb":{"@id":"https:\/\/www.dui.dk\/aalborg\/strik-snak-2\/#breadcrumb"},"inLanguage":"da-DK","potentialAction":[{"@type":"ReadAction","target":["https:\/\/www.dui.dk\/aalborg\/strik-snak-2\/"]}]},{"@type":"ImageObject","inLanguage":"da-DK","@id":"https:\/\/www.dui.dk\/aalborg\/strik-snak-2\/#primaryimage","url":"https:\/\/www.dui.dk\/aalborg\/wp-content\/uploads\/sites\/45\/2021\/09\/21top_strikogsnak-1.jpg","contentUrl":"https:\/\/www.dui.dk\/aalborg\/wp-content\/uploads\/sites\/45\/2021\/09\/21top_strikogsnak-1.jpg","width":945,"height":241},{"@type":"BreadcrumbList","@id":"https:\/\/www.dui.dk\/aalborg\/strik-snak-2\/#breadcrumb","itemListElement":[{"@type":"ListItem","position":1,"name":"Hjem","item":"https:\/\/www.dui.dk\/aalborg\/"},{"@type":"ListItem","position":2,"name":"Strik &amp; Snak"}]},{"@type":"WebSite","@id":"https:\/\/www.dui.dk\/aalborg\/#website","url":"https:\/\/www.dui.dk\/aalborg\/","name":"DUI - Aalborg","description":"En DUI-LEG og VIRKE lokalafdeling","potentialAction":[{"@type":"SearchAction","target":{"@type":"EntryPoint","urlTemplate":"https:\/\/www.dui.dk\/aalborg\/?s={search_term_string}"},"query-input":{"@type":"PropertyValueSpecification","valueRequired":true,"valueName":"search_term_string"}}],"inLanguage":"da-DK"}]}},"_links":{"self":[{"href":"https:\/\/www.dui.dk\/aalborg\/wp-json\/wp\/v2\/pages\/1251","targetHints":{"allow":["GET"]}}],"collection":[{"href":"https:\/\/www.dui.dk\/aalborg\/wp-json\/wp\/v2\/pages"}],"about":[{"href":"https:\/\/www.dui.dk\/aalborg\/wp-json\/wp\/v2\/types\/page"}],"author":[{"embeddable":true,"href":"https:\/\/www.dui.dk\/aalborg\/wp-json\/wp\/v2\/users\/43"}],"replies":[{"embeddable":true,"href":"https:\/\/www.dui.dk\/aalborg\/wp-json\/wp\/v2\/comments?post=1251"}],"version-history":[{"count":3,"href":"https:\/\/www.dui.dk\/aalborg\/wp-json\/wp\/v2\/pages\/1251\/revisions"}],"predecessor-version":[{"id":1268,"href":"https:\/\/www.dui.dk\/aalborg\/wp-json\/wp\/v2\/pages\/1251\/revisions\/1268"}],"wp:featuredmedia":[{"embeddable":true,"href":"https:\/\/www.dui.dk\/aalborg\/wp-json\/wp\/v2\/media\/1223"}],"wp:attachment":[{"href":"https:\/\/www.dui.dk\/aalborg\/wp-json\/wp\/v2\/media?parent=1251"}],"curies":[{"name":"wp","href":"https:\/\/api.w.org\/{rel}","templated":true}]}}