{"id":962,"date":"2022-03-21T13:49:26","date_gmt":"2022-03-21T13:49:26","guid":{"rendered":"https:\/\/www.dui.dk\/123\/?page_id=962"},"modified":"2022-03-21T13:49:26","modified_gmt":"2022-03-21T13:49:26","slug":"boern-for-fred-plakat-pottedreng","status":"publish","type":"page","link":"https:\/\/www.dui.dk\/123\/boern-for-fred-plakat-pottedreng\/","title":{"rendered":"B\u00f8rn for fred plakat (Pottedreng)"},"content":{"rendered":"<p>Download original plakaten ved at trykke p\u00e5 billedet.<\/p>\n<p><a href=\"https:\/\/www.dui.dk\/123\/wp-content\/uploads\/sites\/75\/2022\/03\/Pottedreng-A2-original.pdf\"><img loading=\"lazy\" decoding=\"async\" class=\"alignnone size-medium wp-image-963\" src=\"https:\/\/www.dui.dk\/123\/wp-content\/uploads\/sites\/75\/2022\/03\/Pottedreng-A2-original1024_1-212x300.jpg\" alt=\"\" width=\"212\" height=\"300\" srcset=\"https:\/\/www.dui.dk\/123\/wp-content\/uploads\/sites\/75\/2022\/03\/Pottedreng-A2-original1024_1-212x300.jpg 212w, https:\/\/www.dui.dk\/123\/wp-content\/uploads\/sites\/75\/2022\/03\/Pottedreng-A2-original1024_1-600x849.jpg 600w, https:\/\/www.dui.dk\/123\/wp-content\/uploads\/sites\/75\/2022\/03\/Pottedreng-A2-original1024_1.jpg 724w\" sizes=\"auto, (max-width: 212px) 100vw, 212px\" \/><\/a><\/p>\n<p>&nbsp;<\/p>\n<p>Download Ukraine plakaten ved at trykke p\u00e5 billedet.<\/p>\n<p><a href=\"https:\/\/www.dui.dk\/123\/wp-content\/uploads\/sites\/75\/2022\/03\/Pottedreng-A2-Ukraine-version.pdf\"><img loading=\"lazy\" decoding=\"async\" class=\"alignnone size-medium wp-image-964\" src=\"https:\/\/www.dui.dk\/123\/wp-content\/uploads\/sites\/75\/2022\/03\/Pottedreng-A2-Ukraine-version1024_1-212x300.jpg\" alt=\"\" width=\"212\" height=\"300\" srcset=\"https:\/\/www.dui.dk\/123\/wp-content\/uploads\/sites\/75\/2022\/03\/Pottedreng-A2-Ukraine-version1024_1-212x300.jpg 212w, https:\/\/www.dui.dk\/123\/wp-content\/uploads\/sites\/75\/2022\/03\/Pottedreng-A2-Ukraine-version1024_1-600x849.jpg 600w, https:\/\/www.dui.dk\/123\/wp-content\/uploads\/sites\/75\/2022\/03\/Pottedreng-A2-Ukraine-version1024_1.jpg 724w\" sizes=\"auto, (max-width: 212px) 100vw, 212px\" \/><\/a><\/p>\n","protected":false},"excerpt":{"rendered":"<p>Download original plakaten ved at trykke p\u00e5 billedet. &nbsp; Download Ukraine plakaten ved at trykke p\u00e5 billedet.<\/p>\n","protected":false},"author":94,"featured_media":0,"parent":0,"menu_order":0,"comment_status":"closed","ping_status":"closed","template":"","meta":{"_acf_changed":false,"footnotes":""},"class_list":["post-962","page","type-page","status-publish","hentry"],"acf":[],"yoast_head":"<!-- This site is optimized with the Yoast SEO plugin v27.1.1 - https:\/\/yoast.com\/product\/yoast-seo-wordpress\/ -->\n<title>B\u00f8rn for fred plakat (Pottedreng) -<\/title>\n<meta name=\"robots\" content=\"index, follow, max-snippet:-1, max-image-preview:large, max-video-preview:-1\" \/>\n<link rel=\"canonical\" href=\"https:\/\/www.dui.dk\/123\/boern-for-fred-plakat-pottedreng\/\" \/>\n<meta property=\"og:locale\" content=\"da_DK\" \/>\n<meta property=\"og:type\" content=\"article\" \/>\n<meta property=\"og:title\" content=\"B\u00f8rn for fred plakat (Pottedreng) -\" \/>\n<meta property=\"og:description\" content=\"Download original plakaten ved at trykke p\u00e5 billedet. &nbsp; Download Ukraine plakaten ved at trykke p\u00e5 billedet.\" \/>\n<meta property=\"og:url\" content=\"https:\/\/www.dui.dk\/123\/boern-for-fred-plakat-pottedreng\/\" \/>\n<meta property=\"og:image\" content=\"https:\/\/www.dui.dk\/123\/wp-content\/uploads\/sites\/75\/2022\/03\/Pottedreng-A2-original1024_1-212x300.jpg\" \/>\n<meta name=\"twitter:card\" content=\"summary_large_image\" \/>\n<meta name=\"twitter:label1\" content=\"Estimeret l\u00e6setid\" \/>\n\t<meta name=\"twitter:data1\" content=\"1 minut\" \/>\n<script type=\"application\/ld+json\" class=\"yoast-schema-graph\">{\"@context\":\"https:\/\/schema.org\",\"@graph\":[{\"@type\":\"WebPage\",\"@id\":\"https:\/\/www.dui.dk\/123\/boern-for-fred-plakat-pottedreng\/\",\"url\":\"https:\/\/www.dui.dk\/123\/boern-for-fred-plakat-pottedreng\/\",\"name\":\"B\u00f8rn for fred plakat (Pottedreng) -\",\"isPartOf\":{\"@id\":\"https:\/\/www.dui.dk\/123\/#website\"},\"primaryImageOfPage\":{\"@id\":\"https:\/\/www.dui.dk\/123\/boern-for-fred-plakat-pottedreng\/#primaryimage\"},\"image\":{\"@id\":\"https:\/\/www.dui.dk\/123\/boern-for-fred-plakat-pottedreng\/#primaryimage\"},\"thumbnailUrl\":\"https:\/\/www.dui.dk\/123\/wp-content\/uploads\/sites\/75\/2022\/03\/Pottedreng-A2-original1024_1-212x300.jpg\",\"datePublished\":\"2022-03-21T13:49:26+00:00\",\"breadcrumb\":{\"@id\":\"https:\/\/www.dui.dk\/123\/boern-for-fred-plakat-pottedreng\/#breadcrumb\"},\"inLanguage\":\"da-DK\",\"potentialAction\":[{\"@type\":\"ReadAction\",\"target\":[\"https:\/\/www.dui.dk\/123\/boern-for-fred-plakat-pottedreng\/\"]}]},{\"@type\":\"ImageObject\",\"inLanguage\":\"da-DK\",\"@id\":\"https:\/\/www.dui.dk\/123\/boern-for-fred-plakat-pottedreng\/#primaryimage\",\"url\":\"https:\/\/www.dui.dk\/123\/wp-content\/uploads\/sites\/75\/2022\/03\/Pottedreng-A2-original1024_1.jpg\",\"contentUrl\":\"https:\/\/www.dui.dk\/123\/wp-content\/uploads\/sites\/75\/2022\/03\/Pottedreng-A2-original1024_1.jpg\",\"width\":724,\"height\":1024},{\"@type\":\"BreadcrumbList\",\"@id\":\"https:\/\/www.dui.dk\/123\/boern-for-fred-plakat-pottedreng\/#breadcrumb\",\"itemListElement\":[{\"@type\":\"ListItem\",\"position\":1,\"name\":\"Hjem\",\"item\":\"https:\/\/www.dui.dk\/123\/\"},{\"@type\":\"ListItem\",\"position\":2,\"name\":\"B\u00f8rn for fred plakat (Pottedreng)\"}]},{\"@type\":\"WebSite\",\"@id\":\"https:\/\/www.dui.dk\/123\/#website\",\"url\":\"https:\/\/www.dui.dk\/123\/\",\"name\":\"\",\"description\":\"Endnu en DUI-LEG og VIRKE lokalafdelinger-side\",\"potentialAction\":[{\"@type\":\"SearchAction\",\"target\":{\"@type\":\"EntryPoint\",\"urlTemplate\":\"https:\/\/www.dui.dk\/123\/?s={search_term_string}\"},\"query-input\":{\"@type\":\"PropertyValueSpecification\",\"valueRequired\":true,\"valueName\":\"search_term_string\"}}],\"inLanguage\":\"da-DK\"}]}<\/script>\n<!-- \/ Yoast SEO plugin. -->","yoast_head_json":{"title":"B\u00f8rn for fred plakat (Pottedreng) -","robots":{"index":"index","follow":"follow","max-snippet":"max-snippet:-1","max-image-preview":"max-image-preview:large","max-video-preview":"max-video-preview:-1"},"canonical":"https:\/\/www.dui.dk\/123\/boern-for-fred-plakat-pottedreng\/","og_locale":"da_DK","og_type":"article","og_title":"B\u00f8rn for fred plakat (Pottedreng) -","og_description":"Download original plakaten ved at trykke p\u00e5 billedet. &nbsp; Download Ukraine plakaten ved at trykke p\u00e5 billedet.","og_url":"https:\/\/www.dui.dk\/123\/boern-for-fred-plakat-pottedreng\/","og_image":[{"url":"https:\/\/www.dui.dk\/123\/wp-content\/uploads\/sites\/75\/2022\/03\/Pottedreng-A2-original1024_1-212x300.jpg","type":"","width":"","height":""}],"twitter_card":"summary_large_image","twitter_misc":{"Estimeret l\u00e6setid":"1 minut"},"schema":{"@context":"https:\/\/schema.org","@graph":[{"@type":"WebPage","@id":"https:\/\/www.dui.dk\/123\/boern-for-fred-plakat-pottedreng\/","url":"https:\/\/www.dui.dk\/123\/boern-for-fred-plakat-pottedreng\/","name":"B\u00f8rn for fred plakat (Pottedreng) -","isPartOf":{"@id":"https:\/\/www.dui.dk\/123\/#website"},"primaryImageOfPage":{"@id":"https:\/\/www.dui.dk\/123\/boern-for-fred-plakat-pottedreng\/#primaryimage"},"image":{"@id":"https:\/\/www.dui.dk\/123\/boern-for-fred-plakat-pottedreng\/#primaryimage"},"thumbnailUrl":"https:\/\/www.dui.dk\/123\/wp-content\/uploads\/sites\/75\/2022\/03\/Pottedreng-A2-original1024_1-212x300.jpg","datePublished":"2022-03-21T13:49:26+00:00","breadcrumb":{"@id":"https:\/\/www.dui.dk\/123\/boern-for-fred-plakat-pottedreng\/#breadcrumb"},"inLanguage":"da-DK","potentialAction":[{"@type":"ReadAction","target":["https:\/\/www.dui.dk\/123\/boern-for-fred-plakat-pottedreng\/"]}]},{"@type":"ImageObject","inLanguage":"da-DK","@id":"https:\/\/www.dui.dk\/123\/boern-for-fred-plakat-pottedreng\/#primaryimage","url":"https:\/\/www.dui.dk\/123\/wp-content\/uploads\/sites\/75\/2022\/03\/Pottedreng-A2-original1024_1.jpg","contentUrl":"https:\/\/www.dui.dk\/123\/wp-content\/uploads\/sites\/75\/2022\/03\/Pottedreng-A2-original1024_1.jpg","width":724,"height":1024},{"@type":"BreadcrumbList","@id":"https:\/\/www.dui.dk\/123\/boern-for-fred-plakat-pottedreng\/#breadcrumb","itemListElement":[{"@type":"ListItem","position":1,"name":"Hjem","item":"https:\/\/www.dui.dk\/123\/"},{"@type":"ListItem","position":2,"name":"B\u00f8rn for fred plakat (Pottedreng)"}]},{"@type":"WebSite","@id":"https:\/\/www.dui.dk\/123\/#website","url":"https:\/\/www.dui.dk\/123\/","name":"","description":"Endnu en DUI-LEG og VIRKE lokalafdelinger-side","potentialAction":[{"@type":"SearchAction","target":{"@type":"EntryPoint","urlTemplate":"https:\/\/www.dui.dk\/123\/?s={search_term_string}"},"query-input":{"@type":"PropertyValueSpecification","valueRequired":true,"valueName":"search_term_string"}}],"inLanguage":"da-DK"}]}},"_links":{"self":[{"href":"https:\/\/www.dui.dk\/123\/wp-json\/wp\/v2\/pages\/962","targetHints":{"allow":["GET"]}}],"collection":[{"href":"https:\/\/www.dui.dk\/123\/wp-json\/wp\/v2\/pages"}],"about":[{"href":"https:\/\/www.dui.dk\/123\/wp-json\/wp\/v2\/types\/page"}],"author":[{"embeddable":true,"href":"https:\/\/www.dui.dk\/123\/wp-json\/wp\/v2\/users\/94"}],"replies":[{"embeddable":true,"href":"https:\/\/www.dui.dk\/123\/wp-json\/wp\/v2\/comments?post=962"}],"version-history":[{"count":1,"href":"https:\/\/www.dui.dk\/123\/wp-json\/wp\/v2\/pages\/962\/revisions"}],"predecessor-version":[{"id":967,"href":"https:\/\/www.dui.dk\/123\/wp-json\/wp\/v2\/pages\/962\/revisions\/967"}],"wp:attachment":[{"href":"https:\/\/www.dui.dk\/123\/wp-json\/wp\/v2\/media?parent=962"}],"curies":[{"name":"wp","href":"https:\/\/api.w.org\/{rel}","templated":true}]}}