{"id":912,"date":"2021-08-30T09:43:06","date_gmt":"2021-08-30T09:43:06","guid":{"rendered":"https:\/\/www.dui.dk\/123\/?page_id=912"},"modified":"2024-12-20T12:46:04","modified_gmt":"2024-12-20T12:46:04","slug":"aarsmoeder","status":"publish","type":"page","link":"https:\/\/www.dui.dk\/123\/aarsmoeder\/","title":{"rendered":"\u00c5rsm\u00f8der"},"content":{"rendered":"<p>\u00c5rsm\u00f8derne i afdelingen er p\u00e5 mange m\u00e5der \u00e5rets vigtigste m\u00f8de. Det er b\u00e5de et krav i vores vedt\u00e6gter og kommunen skal bruge godkendt materiale fra m\u00f8det. Desuden skal afdelingen ogs\u00e5 indsende b\u00e5de referat, beretning og og regnskab til landsforbundet.<\/p>\n<p>For at g\u00f8re det nemmere, har vi derfor lavet disse skabeloner. Skabelonerne skal mest ses som et udgangspunkt. Hvis man lokalt har behov for at \u00e6ndre i ops\u00e6tningen, g\u00f8r man naturligvis bare det.<\/p>\n<p>&nbsp;<\/p>\n<table style=\"border-collapse: collapse; width: 611px; height: 530px;\" border=\"0\" width=\"128\" cellspacing=\"0\" cellpadding=\"0\">\n<colgroup>\n<col style=\"width: 48pt;\" span=\"2\" width=\"64\" \/> <\/colgroup>\n<tbody>\n<tr style=\"height: 15.0pt;\">\n<td style=\"height: 15.0pt; width: 48pt;\" width=\"64\" height=\"20\"><strong>Klik p\u00e5 linket<\/strong><\/td>\n<td style=\"width: 48pt;\" width=\"64\"><strong>Kort beskrivelse<\/strong><\/td>\n<\/tr>\n<tr style=\"height: 15.0pt;\">\n<td style=\"height: 15.0pt;\" height=\"20\"><a href=\"https:\/\/www.dui.dk\/123\/wp-content\/uploads\/sites\/75\/2021\/08\/Indkaldelse-referat-til-\u00e5rsm\u00f8de-20xx.docx\"><img loading=\"lazy\" decoding=\"async\" class=\"aligncenter wp-image-919 size-full\" src=\"https:\/\/www.dui.dk\/123\/wp-content\/uploads\/sites\/75\/2021\/08\/Indkaldelse-Referat-KNAP.png\" alt=\"\" width=\"150\" height=\"200\" \/><\/a><\/td>\n<td>\n<p class=\"alignnone\"><strong>A4 skabelon (word)<\/strong><\/p>\n<h3><a href=\"https:\/\/www.dui.dk\/123\/wp-content\/uploads\/sites\/75\/2024\/12\/Dagsorden-og-referat-skabelon-til-aarsmoede.docx\" target=\"_blank\" rel=\"noopener\">Dagsorden\/referat skabelon<\/a><\/h3>\n<p>Denne skabelon kan bruges b\u00e5de som indkaldelse og referat. De enkelte punkterne, specielt valg, kan naturligvis variere fra afdeling til afdeling. S\u00e5 de skal bare tilrettes.<\/td>\n<\/tr>\n<tr style=\"height: 15.0pt;\">\n<td style=\"height: 15.0pt;\" height=\"20\"><a href=\"https:\/\/www.dui.dk\/123\/wp-content\/uploads\/sites\/75\/2021\/08\/\u00c5rsregnskab-skabelon-20xx.xlsx\"><img loading=\"lazy\" decoding=\"async\" class=\"aligncenter wp-image-920 size-full\" src=\"https:\/\/www.dui.dk\/123\/wp-content\/uploads\/sites\/75\/2021\/08\/Regnskab-KNAP.png\" alt=\"\" width=\"150\" height=\"200\" \/><\/a><\/td>\n<td>\n<p class=\"alignnone\"><strong>Skabelon (Excel)<\/strong><\/p>\n<h3><a href=\"https:\/\/www.dui.dk\/123\/wp-content\/uploads\/sites\/75\/2021\/08\/\u00c5rsregnskab-skabelon-20xx.xlsx\">\u00c5rsregnskab<\/a><\/h3>\n<p>Skabelonen er sk\u00e5ret helt ind til benet, og egner sig derfor nok mest til de sm\u00e5 afdelinger med f\u00e5 bilag. Men der kan tilf\u00f8je flere liner eller ark, hvis udgangspunktet ikke er nok. Bem\u00e6rk den r\u00f8de kasse som automatisk kommer frem hvis balancen ikke stemmer. Vi har som eksempel skrevet nogle tekster der naturligvis blot skal tilrettes.<\/td>\n<\/tr>\n<tr style=\"height: 15.0pt;\">\n<td style=\"height: 15.0pt;\" height=\"20\"><a href=\"https:\/\/www.dui.dk\/123\/wp-content\/uploads\/sites\/75\/2021\/08\/Aktivitetsoversigt-for-20xx.docx\"><img loading=\"lazy\" decoding=\"async\" class=\"aligncenter wp-image-917 size-full\" src=\"https:\/\/www.dui.dk\/123\/wp-content\/uploads\/sites\/75\/2021\/08\/Aktivitetsoversigt-KNAP.png\" alt=\"\" width=\"150\" height=\"200\" \/><\/a><\/td>\n<td>\n<p class=\"alignnone\"><strong>A4 skabelon (word)<\/strong><\/p>\n<h3><a href=\"https:\/\/www.dui.dk\/123\/wp-content\/uploads\/sites\/75\/2024\/12\/Beretning-afdeling.docx\">Beretnings og aktivitetsoversigt<\/a><\/h3>\n<p>Vi oplever ofte at revisionen, kr\u00e6ver dokumentation for at afdelingen har afholdt nok aktiviteter i l\u00f8bet af \u00e5ret. Derfor har vi lavet denne aktivitetsoversigt, som kan bruges for at f\u00e5 det hele med. Vi har udfyldt 1. kvartal som eksempel.<\/td>\n<\/tr>\n<\/tbody>\n<\/table>\n","protected":false},"excerpt":{"rendered":"<p>\u00c5rsm\u00f8derne i afdelingen er p\u00e5 mange m\u00e5der \u00e5rets vigtigste m\u00f8de. Det er b\u00e5de et krav i vores vedt\u00e6gter og kommunen skal bruge godkendt materiale fra m\u00f8det. Desuden skal afdelingen ogs\u00e5 indsende b\u00e5de referat, beretning og og regnskab til landsforbundet. For at g\u00f8re det nemmere, har vi derfor lavet disse skabeloner. Skabelonerne skal mest ses som [&hellip;]<\/p>\n","protected":false},"author":4,"featured_media":0,"parent":0,"menu_order":0,"comment_status":"closed","ping_status":"closed","template":"","meta":{"_acf_changed":false,"footnotes":""},"class_list":["post-912","page","type-page","status-publish","hentry"],"acf":[],"yoast_head":"<!-- This site is optimized with the Yoast SEO plugin v27.1.1 - https:\/\/yoast.com\/product\/yoast-seo-wordpress\/ -->\n<title>\u00c5rsm\u00f8der -<\/title>\n<meta name=\"robots\" content=\"index, follow, max-snippet:-1, max-image-preview:large, max-video-preview:-1\" \/>\n<link rel=\"canonical\" href=\"https:\/\/www.dui.dk\/123\/aarsmoeder\/\" \/>\n<meta property=\"og:locale\" content=\"da_DK\" \/>\n<meta property=\"og:type\" content=\"article\" \/>\n<meta property=\"og:title\" content=\"\u00c5rsm\u00f8der -\" \/>\n<meta property=\"og:description\" content=\"\u00c5rsm\u00f8derne i afdelingen er p\u00e5 mange m\u00e5der \u00e5rets vigtigste m\u00f8de. Det er b\u00e5de et krav i vores vedt\u00e6gter og kommunen skal bruge godkendt materiale fra m\u00f8det. Desuden skal afdelingen ogs\u00e5 indsende b\u00e5de referat, beretning og og regnskab til landsforbundet. For at g\u00f8re det nemmere, har vi derfor lavet disse skabeloner. Skabelonerne skal mest ses som [&hellip;]\" \/>\n<meta property=\"og:url\" content=\"https:\/\/www.dui.dk\/123\/aarsmoeder\/\" \/>\n<meta property=\"article:modified_time\" content=\"2024-12-20T12:46:04+00:00\" \/>\n<meta property=\"og:image\" content=\"https:\/\/www.dui.dk\/123\/wp-content\/uploads\/sites\/75\/2021\/08\/Indkaldelse-Referat-KNAP.png\" \/>\n<meta name=\"twitter:card\" content=\"summary_large_image\" \/>\n<meta name=\"twitter:label1\" content=\"Estimeret l\u00e6setid\" \/>\n\t<meta name=\"twitter:data1\" content=\"2 minutter\" \/>\n<script type=\"application\/ld+json\" class=\"yoast-schema-graph\">{\"@context\":\"https:\/\/schema.org\",\"@graph\":[{\"@type\":\"WebPage\",\"@id\":\"https:\/\/www.dui.dk\/123\/aarsmoeder\/\",\"url\":\"https:\/\/www.dui.dk\/123\/aarsmoeder\/\",\"name\":\"\u00c5rsm\u00f8der -\",\"isPartOf\":{\"@id\":\"https:\/\/www.dui.dk\/123\/#website\"},\"primaryImageOfPage\":{\"@id\":\"https:\/\/www.dui.dk\/123\/aarsmoeder\/#primaryimage\"},\"image\":{\"@id\":\"https:\/\/www.dui.dk\/123\/aarsmoeder\/#primaryimage\"},\"thumbnailUrl\":\"https:\/\/www.dui.dk\/123\/wp-content\/uploads\/sites\/75\/2021\/08\/Indkaldelse-Referat-KNAP.png\",\"datePublished\":\"2021-08-30T09:43:06+00:00\",\"dateModified\":\"2024-12-20T12:46:04+00:00\",\"breadcrumb\":{\"@id\":\"https:\/\/www.dui.dk\/123\/aarsmoeder\/#breadcrumb\"},\"inLanguage\":\"da-DK\",\"potentialAction\":[{\"@type\":\"ReadAction\",\"target\":[\"https:\/\/www.dui.dk\/123\/aarsmoeder\/\"]}]},{\"@type\":\"ImageObject\",\"inLanguage\":\"da-DK\",\"@id\":\"https:\/\/www.dui.dk\/123\/aarsmoeder\/#primaryimage\",\"url\":\"https:\/\/www.dui.dk\/123\/wp-content\/uploads\/sites\/75\/2021\/08\/Indkaldelse-Referat-KNAP.png\",\"contentUrl\":\"https:\/\/www.dui.dk\/123\/wp-content\/uploads\/sites\/75\/2021\/08\/Indkaldelse-Referat-KNAP.png\",\"width\":150,\"height\":200},{\"@type\":\"BreadcrumbList\",\"@id\":\"https:\/\/www.dui.dk\/123\/aarsmoeder\/#breadcrumb\",\"itemListElement\":[{\"@type\":\"ListItem\",\"position\":1,\"name\":\"Hjem\",\"item\":\"https:\/\/www.dui.dk\/123\/\"},{\"@type\":\"ListItem\",\"position\":2,\"name\":\"\u00c5rsm\u00f8der\"}]},{\"@type\":\"WebSite\",\"@id\":\"https:\/\/www.dui.dk\/123\/#website\",\"url\":\"https:\/\/www.dui.dk\/123\/\",\"name\":\"\",\"description\":\"Endnu en DUI-LEG og VIRKE lokalafdelinger-side\",\"potentialAction\":[{\"@type\":\"SearchAction\",\"target\":{\"@type\":\"EntryPoint\",\"urlTemplate\":\"https:\/\/www.dui.dk\/123\/?s={search_term_string}\"},\"query-input\":{\"@type\":\"PropertyValueSpecification\",\"valueRequired\":true,\"valueName\":\"search_term_string\"}}],\"inLanguage\":\"da-DK\"}]}<\/script>\n<!-- \/ Yoast SEO plugin. -->","yoast_head_json":{"title":"\u00c5rsm\u00f8der -","robots":{"index":"index","follow":"follow","max-snippet":"max-snippet:-1","max-image-preview":"max-image-preview:large","max-video-preview":"max-video-preview:-1"},"canonical":"https:\/\/www.dui.dk\/123\/aarsmoeder\/","og_locale":"da_DK","og_type":"article","og_title":"\u00c5rsm\u00f8der -","og_description":"\u00c5rsm\u00f8derne i afdelingen er p\u00e5 mange m\u00e5der \u00e5rets vigtigste m\u00f8de. Det er b\u00e5de et krav i vores vedt\u00e6gter og kommunen skal bruge godkendt materiale fra m\u00f8det. Desuden skal afdelingen ogs\u00e5 indsende b\u00e5de referat, beretning og og regnskab til landsforbundet. For at g\u00f8re det nemmere, har vi derfor lavet disse skabeloner. Skabelonerne skal mest ses som [&hellip;]","og_url":"https:\/\/www.dui.dk\/123\/aarsmoeder\/","article_modified_time":"2024-12-20T12:46:04+00:00","og_image":[{"url":"https:\/\/www.dui.dk\/123\/wp-content\/uploads\/sites\/75\/2021\/08\/Indkaldelse-Referat-KNAP.png","type":"","width":"","height":""}],"twitter_card":"summary_large_image","twitter_misc":{"Estimeret l\u00e6setid":"2 minutter"},"schema":{"@context":"https:\/\/schema.org","@graph":[{"@type":"WebPage","@id":"https:\/\/www.dui.dk\/123\/aarsmoeder\/","url":"https:\/\/www.dui.dk\/123\/aarsmoeder\/","name":"\u00c5rsm\u00f8der -","isPartOf":{"@id":"https:\/\/www.dui.dk\/123\/#website"},"primaryImageOfPage":{"@id":"https:\/\/www.dui.dk\/123\/aarsmoeder\/#primaryimage"},"image":{"@id":"https:\/\/www.dui.dk\/123\/aarsmoeder\/#primaryimage"},"thumbnailUrl":"https:\/\/www.dui.dk\/123\/wp-content\/uploads\/sites\/75\/2021\/08\/Indkaldelse-Referat-KNAP.png","datePublished":"2021-08-30T09:43:06+00:00","dateModified":"2024-12-20T12:46:04+00:00","breadcrumb":{"@id":"https:\/\/www.dui.dk\/123\/aarsmoeder\/#breadcrumb"},"inLanguage":"da-DK","potentialAction":[{"@type":"ReadAction","target":["https:\/\/www.dui.dk\/123\/aarsmoeder\/"]}]},{"@type":"ImageObject","inLanguage":"da-DK","@id":"https:\/\/www.dui.dk\/123\/aarsmoeder\/#primaryimage","url":"https:\/\/www.dui.dk\/123\/wp-content\/uploads\/sites\/75\/2021\/08\/Indkaldelse-Referat-KNAP.png","contentUrl":"https:\/\/www.dui.dk\/123\/wp-content\/uploads\/sites\/75\/2021\/08\/Indkaldelse-Referat-KNAP.png","width":150,"height":200},{"@type":"BreadcrumbList","@id":"https:\/\/www.dui.dk\/123\/aarsmoeder\/#breadcrumb","itemListElement":[{"@type":"ListItem","position":1,"name":"Hjem","item":"https:\/\/www.dui.dk\/123\/"},{"@type":"ListItem","position":2,"name":"\u00c5rsm\u00f8der"}]},{"@type":"WebSite","@id":"https:\/\/www.dui.dk\/123\/#website","url":"https:\/\/www.dui.dk\/123\/","name":"","description":"Endnu en DUI-LEG og VIRKE lokalafdelinger-side","potentialAction":[{"@type":"SearchAction","target":{"@type":"EntryPoint","urlTemplate":"https:\/\/www.dui.dk\/123\/?s={search_term_string}"},"query-input":{"@type":"PropertyValueSpecification","valueRequired":true,"valueName":"search_term_string"}}],"inLanguage":"da-DK"}]}},"_links":{"self":[{"href":"https:\/\/www.dui.dk\/123\/wp-json\/wp\/v2\/pages\/912","targetHints":{"allow":["GET"]}}],"collection":[{"href":"https:\/\/www.dui.dk\/123\/wp-json\/wp\/v2\/pages"}],"about":[{"href":"https:\/\/www.dui.dk\/123\/wp-json\/wp\/v2\/types\/page"}],"author":[{"embeddable":true,"href":"https:\/\/www.dui.dk\/123\/wp-json\/wp\/v2\/users\/4"}],"replies":[{"embeddable":true,"href":"https:\/\/www.dui.dk\/123\/wp-json\/wp\/v2\/comments?post=912"}],"version-history":[{"count":4,"href":"https:\/\/www.dui.dk\/123\/wp-json\/wp\/v2\/pages\/912\/revisions"}],"predecessor-version":[{"id":1695,"href":"https:\/\/www.dui.dk\/123\/wp-json\/wp\/v2\/pages\/912\/revisions\/1695"}],"wp:attachment":[{"href":"https:\/\/www.dui.dk\/123\/wp-json\/wp\/v2\/media?parent=912"}],"curies":[{"name":"wp","href":"https:\/\/api.w.org\/{rel}","templated":true}]}}