{"id":809,"date":"2020-10-02T10:17:03","date_gmt":"2020-10-02T10:17:03","guid":{"rendered":"http:\/\/www.dui.dk\/123\/?page_id=809"},"modified":"2020-10-02T10:28:12","modified_gmt":"2020-10-02T10:28:12","slug":"kampagne-pressemeddelelse","status":"publish","type":"page","link":"https:\/\/www.dui.dk\/123\/kampagne-pressemeddelelse\/","title":{"rendered":"Kampagne pressemeddelelse"},"content":{"rendered":"<p>N\u00e5r I laver st\u00f8rre aktiviteter eller \u00e5bent hus, er det vigtigt at I synlig\u00f8re aktiviteten s\u00e5 meget som muligt. I skal naturligvis bruge alle de platforms i har. I skal b\u00e5de bruge jeres hjemmeside, sociale medier, bruge jeres netv\u00e6rk og skrive direkte til medlemmerne med mere. Men det som mange afdelinger glemmer, er de etablerede medier, som lokalavis, radio, infokanel og tv.<\/p>\n<p>Send en pressemeddelelse til jeres lokale medier. Det koster ikke noget og I kan v\u00e6re heldige at de bruger historien. Efter aktiviteten kan man ogs\u00e5 med fordel sende en ny pressemeddelelse om hvordan det er g\u00e5et og naturligvis nogle gode billeder.<\/p>\n<p>Her er et forslag til en s\u00e5dan pressemeddelelse. Vedh\u00e6ft eventuelt billeder:<\/p>\n<p>&nbsp;<\/p>\n<p><strong>Pressemeddelelse: <\/strong><\/p>\n<h3><strong>DUI- LEG og VIRKE inviterer til \u00e5bent hus<\/strong><\/h3>\n<p>&nbsp;<\/p>\n<p><em>Kom ned og oplev, hvad det vil sige at v\u00e6re en del af DUI- LEG og VIRKEs f\u00e6llesskab for hele familien. <\/em><\/p>\n<p>&nbsp;<\/p>\n<p>DUI\u2013LEG og VIRKE i <span style=\"color: #ff0000;\">bynavn<\/span> holder \u00e5bent hus <span style=\"color: #ff0000;\">dato, m\u00e5ned og klokkesl\u00e6t<\/span> for interesserede b\u00f8rn, unge og deres for\u00e6ldre.<\/p>\n<p>&nbsp;<\/p>\n<p>\u201dHos os laver vi mange forskellige aktiviteter som <span style=\"color: #ff0000;\">aktivitet 1, aktivitet 2 og aktivitet 3<\/span>. For os er det vigtige f\u00e6llesskabet, og det er altid det, der er i h\u00f8js\u00e6det. Vi skaber fritid med mening for b\u00f8rn, unge og deres familier\u201d: siger frivillig medarbejder <span style=\"color: #ff0000;\">navn<\/span>.<\/p>\n<p>&nbsp;<\/p>\n<p>DUI\u2013LEG og VIRKEs hovedfokus er at skabe v\u00e6rdifulde aktiviteter p\u00e5 tv\u00e6rs af genererationer, der giver tid til fordybelse og n\u00e6rv\u00e6r i en ellers travl hverdag.<\/p>\n<p>&nbsp;<\/p>\n<p>\u201dN\u00e5r jeg er hos DUI er der altid plads til at fjolle og grine. Det er et dejligt sted, hvor der ikke er forventninger til hvordan jeg skal v\u00e6re, som der kan v\u00e6re i skolen.\u201d siger <span style=\"color: #ff0000;\">navn<\/span>, der er medlem i DUI- LEG og VIRKE <span style=\"color: #ff0000;\">afdelingsnavn<\/span>.<\/p>\n<p>&nbsp;<\/p>\n<p>Alle der er interesserede i et f\u00e6llesskab for hele familien opfordres til at tage med til en hyggelig dag. Det er gratis og uden tilmelding, bare kom og v\u00e6r med p\u00e5 <span style=\"color: #ff0000;\">adresse<\/span>.<\/p>\n<p>&nbsp;<\/p>\n<p>Pressekontakt: <span style=\"color: #ff0000;\">navn, telefonnummer og mail<\/span><\/p>\n<p>&nbsp;<\/p>\n<p>&nbsp;<\/p>\n","protected":false},"excerpt":{"rendered":"<p>N\u00e5r I laver st\u00f8rre aktiviteter eller \u00e5bent hus, er det vigtigt at I synlig\u00f8re aktiviteten s\u00e5 meget som muligt. I skal naturligvis bruge alle de platforms i har. I skal b\u00e5de bruge jeres hjemmeside, sociale medier, bruge jeres netv\u00e6rk og skrive direkte til medlemmerne med mere. Men det som mange afdelinger glemmer, er de etablerede [&hellip;]<\/p>\n","protected":false},"author":4,"featured_media":0,"parent":0,"menu_order":0,"comment_status":"closed","ping_status":"closed","template":"","meta":{"_acf_changed":false,"footnotes":""},"class_list":["post-809","page","type-page","status-publish","hentry"],"acf":[],"yoast_head":"<!-- This site is optimized with the Yoast SEO plugin v27.1.1 - https:\/\/yoast.com\/product\/yoast-seo-wordpress\/ -->\n<title>Kampagne pressemeddelelse -<\/title>\n<meta name=\"robots\" content=\"index, follow, max-snippet:-1, max-image-preview:large, max-video-preview:-1\" \/>\n<link rel=\"canonical\" href=\"https:\/\/www.dui.dk\/123\/kampagne-pressemeddelelse\/\" \/>\n<meta property=\"og:locale\" content=\"da_DK\" \/>\n<meta property=\"og:type\" content=\"article\" \/>\n<meta property=\"og:title\" content=\"Kampagne pressemeddelelse -\" \/>\n<meta property=\"og:description\" content=\"N\u00e5r I laver st\u00f8rre aktiviteter eller \u00e5bent hus, er det vigtigt at I synlig\u00f8re aktiviteten s\u00e5 meget som muligt. I skal naturligvis bruge alle de platforms i har. I skal b\u00e5de bruge jeres hjemmeside, sociale medier, bruge jeres netv\u00e6rk og skrive direkte til medlemmerne med mere. Men det som mange afdelinger glemmer, er de etablerede [&hellip;]\" \/>\n<meta property=\"og:url\" content=\"https:\/\/www.dui.dk\/123\/kampagne-pressemeddelelse\/\" \/>\n<meta property=\"article:modified_time\" content=\"2020-10-02T10:28:12+00:00\" \/>\n<meta name=\"twitter:card\" content=\"summary_large_image\" \/>\n<meta name=\"twitter:label1\" content=\"Estimeret l\u00e6setid\" \/>\n\t<meta name=\"twitter:data1\" content=\"2 minutter\" \/>\n<script type=\"application\/ld+json\" class=\"yoast-schema-graph\">{\"@context\":\"https:\/\/schema.org\",\"@graph\":[{\"@type\":\"WebPage\",\"@id\":\"https:\/\/www.dui.dk\/123\/kampagne-pressemeddelelse\/\",\"url\":\"https:\/\/www.dui.dk\/123\/kampagne-pressemeddelelse\/\",\"name\":\"Kampagne pressemeddelelse -\",\"isPartOf\":{\"@id\":\"https:\/\/www.dui.dk\/123\/#website\"},\"datePublished\":\"2020-10-02T10:17:03+00:00\",\"dateModified\":\"2020-10-02T10:28:12+00:00\",\"breadcrumb\":{\"@id\":\"https:\/\/www.dui.dk\/123\/kampagne-pressemeddelelse\/#breadcrumb\"},\"inLanguage\":\"da-DK\",\"potentialAction\":[{\"@type\":\"ReadAction\",\"target\":[\"https:\/\/www.dui.dk\/123\/kampagne-pressemeddelelse\/\"]}]},{\"@type\":\"BreadcrumbList\",\"@id\":\"https:\/\/www.dui.dk\/123\/kampagne-pressemeddelelse\/#breadcrumb\",\"itemListElement\":[{\"@type\":\"ListItem\",\"position\":1,\"name\":\"Hjem\",\"item\":\"https:\/\/www.dui.dk\/123\/\"},{\"@type\":\"ListItem\",\"position\":2,\"name\":\"Kampagne pressemeddelelse\"}]},{\"@type\":\"WebSite\",\"@id\":\"https:\/\/www.dui.dk\/123\/#website\",\"url\":\"https:\/\/www.dui.dk\/123\/\",\"name\":\"\",\"description\":\"Endnu en DUI-LEG og VIRKE lokalafdelinger-side\",\"potentialAction\":[{\"@type\":\"SearchAction\",\"target\":{\"@type\":\"EntryPoint\",\"urlTemplate\":\"https:\/\/www.dui.dk\/123\/?s={search_term_string}\"},\"query-input\":{\"@type\":\"PropertyValueSpecification\",\"valueRequired\":true,\"valueName\":\"search_term_string\"}}],\"inLanguage\":\"da-DK\"}]}<\/script>\n<!-- \/ Yoast SEO plugin. -->","yoast_head_json":{"title":"Kampagne pressemeddelelse -","robots":{"index":"index","follow":"follow","max-snippet":"max-snippet:-1","max-image-preview":"max-image-preview:large","max-video-preview":"max-video-preview:-1"},"canonical":"https:\/\/www.dui.dk\/123\/kampagne-pressemeddelelse\/","og_locale":"da_DK","og_type":"article","og_title":"Kampagne pressemeddelelse -","og_description":"N\u00e5r I laver st\u00f8rre aktiviteter eller \u00e5bent hus, er det vigtigt at I synlig\u00f8re aktiviteten s\u00e5 meget som muligt. I skal naturligvis bruge alle de platforms i har. I skal b\u00e5de bruge jeres hjemmeside, sociale medier, bruge jeres netv\u00e6rk og skrive direkte til medlemmerne med mere. Men det som mange afdelinger glemmer, er de etablerede [&hellip;]","og_url":"https:\/\/www.dui.dk\/123\/kampagne-pressemeddelelse\/","article_modified_time":"2020-10-02T10:28:12+00:00","twitter_card":"summary_large_image","twitter_misc":{"Estimeret l\u00e6setid":"2 minutter"},"schema":{"@context":"https:\/\/schema.org","@graph":[{"@type":"WebPage","@id":"https:\/\/www.dui.dk\/123\/kampagne-pressemeddelelse\/","url":"https:\/\/www.dui.dk\/123\/kampagne-pressemeddelelse\/","name":"Kampagne pressemeddelelse -","isPartOf":{"@id":"https:\/\/www.dui.dk\/123\/#website"},"datePublished":"2020-10-02T10:17:03+00:00","dateModified":"2020-10-02T10:28:12+00:00","breadcrumb":{"@id":"https:\/\/www.dui.dk\/123\/kampagne-pressemeddelelse\/#breadcrumb"},"inLanguage":"da-DK","potentialAction":[{"@type":"ReadAction","target":["https:\/\/www.dui.dk\/123\/kampagne-pressemeddelelse\/"]}]},{"@type":"BreadcrumbList","@id":"https:\/\/www.dui.dk\/123\/kampagne-pressemeddelelse\/#breadcrumb","itemListElement":[{"@type":"ListItem","position":1,"name":"Hjem","item":"https:\/\/www.dui.dk\/123\/"},{"@type":"ListItem","position":2,"name":"Kampagne pressemeddelelse"}]},{"@type":"WebSite","@id":"https:\/\/www.dui.dk\/123\/#website","url":"https:\/\/www.dui.dk\/123\/","name":"","description":"Endnu en DUI-LEG og VIRKE lokalafdelinger-side","potentialAction":[{"@type":"SearchAction","target":{"@type":"EntryPoint","urlTemplate":"https:\/\/www.dui.dk\/123\/?s={search_term_string}"},"query-input":{"@type":"PropertyValueSpecification","valueRequired":true,"valueName":"search_term_string"}}],"inLanguage":"da-DK"}]}},"_links":{"self":[{"href":"https:\/\/www.dui.dk\/123\/wp-json\/wp\/v2\/pages\/809","targetHints":{"allow":["GET"]}}],"collection":[{"href":"https:\/\/www.dui.dk\/123\/wp-json\/wp\/v2\/pages"}],"about":[{"href":"https:\/\/www.dui.dk\/123\/wp-json\/wp\/v2\/types\/page"}],"author":[{"embeddable":true,"href":"https:\/\/www.dui.dk\/123\/wp-json\/wp\/v2\/users\/4"}],"replies":[{"embeddable":true,"href":"https:\/\/www.dui.dk\/123\/wp-json\/wp\/v2\/comments?post=809"}],"version-history":[{"count":6,"href":"https:\/\/www.dui.dk\/123\/wp-json\/wp\/v2\/pages\/809\/revisions"}],"predecessor-version":[{"id":815,"href":"https:\/\/www.dui.dk\/123\/wp-json\/wp\/v2\/pages\/809\/revisions\/815"}],"wp:attachment":[{"href":"https:\/\/www.dui.dk\/123\/wp-json\/wp\/v2\/media?parent=809"}],"curies":[{"name":"wp","href":"https:\/\/api.w.org\/{rel}","templated":true}]}}