{"id":74,"date":"2018-08-09T11:33:57","date_gmt":"2018-08-09T11:33:57","guid":{"rendered":"http:\/\/www.dui.dk\/123\/?page_id=74"},"modified":"2019-05-28T11:54:47","modified_gmt":"2019-05-28T11:54:47","slug":"synlighed","status":"publish","type":"page","link":"https:\/\/www.dui.dk\/123\/synlighed\/","title":{"rendered":"Synlighed"},"content":{"rendered":"<p><img loading=\"lazy\" decoding=\"async\" class=\"size-full wp-image-560 alignright\" src=\"https:\/\/www.dui.dk\/123\/wp-content\/uploads\/sites\/75\/2019\/05\/S-icon-synlighed.png\" alt=\"\" width=\"300\" height=\"250\" \/>Erfaringen viser, at synlighed spiller en stor rolle, hvis man vil opbygge en stor og st\u00e6rk afdeling. Og det er ofte de afdelinger, der er gode til at skabe synlighed, der klarer sig bedst.<\/p>\n<p>Men selv om synlighed er en vigtig ting for, at en afdeling kan f\u00e5 succes. Er det desv\u00e6rre ogs\u00e5 her, at vi som DUIere ofte kommer til kort. Vi er rigtig gode til at lave en\u00a0masse sp\u00e6ndende aktiviteter, men vi glemmer ofte ogs\u00e5 at fokusere p\u00e5 synligheden.\u00a0Og derved f\u00e5r vi ikke fuld valuta ud af vores\u00a0anstrengelser. Det er rigtig synd, for det\u00a0kr\u00e6ver nemlig ikke det store at t\u00e6nke lidt\u00a0synlighed ind i vores daglige rutiner.<\/p>\n<p>Synlighed er rigtig mange ting og man beh\u00f8ver absolut ikke mestre dem alle for at f\u00e5\u00a0m\u00e6rkbare resultater. Vi h\u00e5ber at denne side kan hj\u00e6lpe lidt p\u00e5 vej. Hvis I har brug for mere hj\u00e6lp til synlighed, er man meget velkommen til at kontakte sekretariatet p\u00e5 tlf. 36 17 72 00 eller via dui@dui.dk<\/p>\n","protected":false},"excerpt":{"rendered":"<p>Erfaringen viser, at synlighed spiller en stor rolle, hvis man vil opbygge en stor og st\u00e6rk afdeling. Og det er ofte de afdelinger, der er gode til at skabe synlighed, der klarer sig bedst. Men selv om synlighed er en vigtig ting for, at en afdeling kan f\u00e5 succes. Er det desv\u00e6rre ogs\u00e5 her, at [&hellip;]<\/p>\n","protected":false},"author":4,"featured_media":0,"parent":0,"menu_order":0,"comment_status":"closed","ping_status":"closed","template":"","meta":{"_acf_changed":false,"footnotes":""},"class_list":["post-74","page","type-page","status-publish","hentry"],"acf":[],"yoast_head":"<!-- This site is optimized with the Yoast SEO plugin v27.1.1 - https:\/\/yoast.com\/product\/yoast-seo-wordpress\/ -->\n<title>Synlighed -<\/title>\n<meta name=\"robots\" content=\"index, follow, max-snippet:-1, max-image-preview:large, max-video-preview:-1\" \/>\n<link rel=\"canonical\" href=\"https:\/\/www.dui.dk\/123\/synlighed\/\" \/>\n<meta property=\"og:locale\" content=\"da_DK\" \/>\n<meta property=\"og:type\" content=\"article\" \/>\n<meta property=\"og:title\" content=\"Synlighed -\" \/>\n<meta property=\"og:description\" content=\"Erfaringen viser, at synlighed spiller en stor rolle, hvis man vil opbygge en stor og st\u00e6rk afdeling. Og det er ofte de afdelinger, der er gode til at skabe synlighed, der klarer sig bedst. Men selv om synlighed er en vigtig ting for, at en afdeling kan f\u00e5 succes. Er det desv\u00e6rre ogs\u00e5 her, at [&hellip;]\" \/>\n<meta property=\"og:url\" content=\"https:\/\/www.dui.dk\/123\/synlighed\/\" \/>\n<meta property=\"article:modified_time\" content=\"2019-05-28T11:54:47+00:00\" \/>\n<meta property=\"og:image\" content=\"https:\/\/www.dui.dk\/123\/wp-content\/uploads\/sites\/75\/2019\/05\/S-icon-synlighed.png\" \/>\n<meta name=\"twitter:card\" content=\"summary_large_image\" \/>\n<meta name=\"twitter:label1\" content=\"Estimeret l\u00e6setid\" \/>\n\t<meta name=\"twitter:data1\" content=\"1 minut\" \/>\n<script type=\"application\/ld+json\" class=\"yoast-schema-graph\">{\"@context\":\"https:\/\/schema.org\",\"@graph\":[{\"@type\":\"WebPage\",\"@id\":\"https:\/\/www.dui.dk\/123\/synlighed\/\",\"url\":\"https:\/\/www.dui.dk\/123\/synlighed\/\",\"name\":\"Synlighed -\",\"isPartOf\":{\"@id\":\"https:\/\/www.dui.dk\/123\/#website\"},\"primaryImageOfPage\":{\"@id\":\"https:\/\/www.dui.dk\/123\/synlighed\/#primaryimage\"},\"image\":{\"@id\":\"https:\/\/www.dui.dk\/123\/synlighed\/#primaryimage\"},\"thumbnailUrl\":\"https:\/\/www.dui.dk\/123\/wp-content\/uploads\/sites\/75\/2019\/05\/S-icon-synlighed.png\",\"datePublished\":\"2018-08-09T11:33:57+00:00\",\"dateModified\":\"2019-05-28T11:54:47+00:00\",\"breadcrumb\":{\"@id\":\"https:\/\/www.dui.dk\/123\/synlighed\/#breadcrumb\"},\"inLanguage\":\"da-DK\",\"potentialAction\":[{\"@type\":\"ReadAction\",\"target\":[\"https:\/\/www.dui.dk\/123\/synlighed\/\"]}]},{\"@type\":\"ImageObject\",\"inLanguage\":\"da-DK\",\"@id\":\"https:\/\/www.dui.dk\/123\/synlighed\/#primaryimage\",\"url\":\"https:\/\/www.dui.dk\/123\/wp-content\/uploads\/sites\/75\/2019\/05\/S-icon-synlighed.png\",\"contentUrl\":\"https:\/\/www.dui.dk\/123\/wp-content\/uploads\/sites\/75\/2019\/05\/S-icon-synlighed.png\",\"width\":300,\"height\":250},{\"@type\":\"BreadcrumbList\",\"@id\":\"https:\/\/www.dui.dk\/123\/synlighed\/#breadcrumb\",\"itemListElement\":[{\"@type\":\"ListItem\",\"position\":1,\"name\":\"Hjem\",\"item\":\"https:\/\/www.dui.dk\/123\/\"},{\"@type\":\"ListItem\",\"position\":2,\"name\":\"Synlighed\"}]},{\"@type\":\"WebSite\",\"@id\":\"https:\/\/www.dui.dk\/123\/#website\",\"url\":\"https:\/\/www.dui.dk\/123\/\",\"name\":\"\",\"description\":\"Endnu en DUI-LEG og VIRKE lokalafdelinger-side\",\"potentialAction\":[{\"@type\":\"SearchAction\",\"target\":{\"@type\":\"EntryPoint\",\"urlTemplate\":\"https:\/\/www.dui.dk\/123\/?s={search_term_string}\"},\"query-input\":{\"@type\":\"PropertyValueSpecification\",\"valueRequired\":true,\"valueName\":\"search_term_string\"}}],\"inLanguage\":\"da-DK\"}]}<\/script>\n<!-- \/ Yoast SEO plugin. -->","yoast_head_json":{"title":"Synlighed -","robots":{"index":"index","follow":"follow","max-snippet":"max-snippet:-1","max-image-preview":"max-image-preview:large","max-video-preview":"max-video-preview:-1"},"canonical":"https:\/\/www.dui.dk\/123\/synlighed\/","og_locale":"da_DK","og_type":"article","og_title":"Synlighed -","og_description":"Erfaringen viser, at synlighed spiller en stor rolle, hvis man vil opbygge en stor og st\u00e6rk afdeling. Og det er ofte de afdelinger, der er gode til at skabe synlighed, der klarer sig bedst. Men selv om synlighed er en vigtig ting for, at en afdeling kan f\u00e5 succes. Er det desv\u00e6rre ogs\u00e5 her, at [&hellip;]","og_url":"https:\/\/www.dui.dk\/123\/synlighed\/","article_modified_time":"2019-05-28T11:54:47+00:00","og_image":[{"url":"https:\/\/www.dui.dk\/123\/wp-content\/uploads\/sites\/75\/2019\/05\/S-icon-synlighed.png","type":"","width":"","height":""}],"twitter_card":"summary_large_image","twitter_misc":{"Estimeret l\u00e6setid":"1 minut"},"schema":{"@context":"https:\/\/schema.org","@graph":[{"@type":"WebPage","@id":"https:\/\/www.dui.dk\/123\/synlighed\/","url":"https:\/\/www.dui.dk\/123\/synlighed\/","name":"Synlighed -","isPartOf":{"@id":"https:\/\/www.dui.dk\/123\/#website"},"primaryImageOfPage":{"@id":"https:\/\/www.dui.dk\/123\/synlighed\/#primaryimage"},"image":{"@id":"https:\/\/www.dui.dk\/123\/synlighed\/#primaryimage"},"thumbnailUrl":"https:\/\/www.dui.dk\/123\/wp-content\/uploads\/sites\/75\/2019\/05\/S-icon-synlighed.png","datePublished":"2018-08-09T11:33:57+00:00","dateModified":"2019-05-28T11:54:47+00:00","breadcrumb":{"@id":"https:\/\/www.dui.dk\/123\/synlighed\/#breadcrumb"},"inLanguage":"da-DK","potentialAction":[{"@type":"ReadAction","target":["https:\/\/www.dui.dk\/123\/synlighed\/"]}]},{"@type":"ImageObject","inLanguage":"da-DK","@id":"https:\/\/www.dui.dk\/123\/synlighed\/#primaryimage","url":"https:\/\/www.dui.dk\/123\/wp-content\/uploads\/sites\/75\/2019\/05\/S-icon-synlighed.png","contentUrl":"https:\/\/www.dui.dk\/123\/wp-content\/uploads\/sites\/75\/2019\/05\/S-icon-synlighed.png","width":300,"height":250},{"@type":"BreadcrumbList","@id":"https:\/\/www.dui.dk\/123\/synlighed\/#breadcrumb","itemListElement":[{"@type":"ListItem","position":1,"name":"Hjem","item":"https:\/\/www.dui.dk\/123\/"},{"@type":"ListItem","position":2,"name":"Synlighed"}]},{"@type":"WebSite","@id":"https:\/\/www.dui.dk\/123\/#website","url":"https:\/\/www.dui.dk\/123\/","name":"","description":"Endnu en DUI-LEG og VIRKE lokalafdelinger-side","potentialAction":[{"@type":"SearchAction","target":{"@type":"EntryPoint","urlTemplate":"https:\/\/www.dui.dk\/123\/?s={search_term_string}"},"query-input":{"@type":"PropertyValueSpecification","valueRequired":true,"valueName":"search_term_string"}}],"inLanguage":"da-DK"}]}},"_links":{"self":[{"href":"https:\/\/www.dui.dk\/123\/wp-json\/wp\/v2\/pages\/74","targetHints":{"allow":["GET"]}}],"collection":[{"href":"https:\/\/www.dui.dk\/123\/wp-json\/wp\/v2\/pages"}],"about":[{"href":"https:\/\/www.dui.dk\/123\/wp-json\/wp\/v2\/types\/page"}],"author":[{"embeddable":true,"href":"https:\/\/www.dui.dk\/123\/wp-json\/wp\/v2\/users\/4"}],"replies":[{"embeddable":true,"href":"https:\/\/www.dui.dk\/123\/wp-json\/wp\/v2\/comments?post=74"}],"version-history":[{"count":4,"href":"https:\/\/www.dui.dk\/123\/wp-json\/wp\/v2\/pages\/74\/revisions"}],"predecessor-version":[{"id":596,"href":"https:\/\/www.dui.dk\/123\/wp-json\/wp\/v2\/pages\/74\/revisions\/596"}],"wp:attachment":[{"href":"https:\/\/www.dui.dk\/123\/wp-json\/wp\/v2\/media?parent=74"}],"curies":[{"name":"wp","href":"https:\/\/api.w.org\/{rel}","templated":true}]}}