{"id":575,"date":"2019-05-28T11:23:09","date_gmt":"2019-05-28T11:23:09","guid":{"rendered":"http:\/\/www.dui.dk\/123\/?page_id=575"},"modified":"2019-05-28T11:40:19","modified_gmt":"2019-05-28T11:40:19","slug":"hjaelp-din-ansoegning","status":"publish","type":"page","link":"https:\/\/www.dui.dk\/123\/hjaelp-din-ansoegning\/","title":{"rendered":"Hj\u00e6lp til din ans\u00f8gning"},"content":{"rendered":"<p><img loading=\"lazy\" decoding=\"async\" class=\"size-full wp-image-559 alignright\" src=\"https:\/\/www.dui.dk\/123\/wp-content\/uploads\/sites\/75\/2019\/05\/S-icon-hj\u00e6lp.png\" alt=\"\" width=\"300\" height=\"250\" \/>Der er ingen, der siger, at det er let at s\u00f8ge og f\u00e5 penge, men hvis du g\u00e5r frem efter nedenst\u00e5ende tjek-liste, s\u00e5 vil du opdage, at du kan f\u00e5 et mere pr\u00e6cist overblik over dine tanker. P\u00e5 den m\u00e5de vil du ogs\u00e5 lettere kunne oms\u00e6tte tankerne til handling i virkeligheden og til gavn for medlemmerne.<\/p>\n<table width=\"669\">\n<tbody>\n<tr>\n<td width=\"669\">\n<h3><strong>Find lokale alliancer<\/strong><\/h3>\n<p>Det virker altid positivt, hvis du har t\u00e6nkt lokale interesser ind i dit projekt. Det kan fx v\u00e6re tilsagn om lokal medfinansiering fra byr\u00e5det eller et samarbejde med andre foreninger eller den lokale folkeskole.<\/td>\n<\/tr>\n<tr>\n<td>\n<h3><strong>Hav fokus p\u00e5 det innovative<\/strong><\/h3>\n<p>Fonde er ikke glade for at kopiere andre, og derfor er det vigtigt altid at have \u00f8je for det nyskabende og anderledes i projektet. Du kan ikke forvente at f\u00e5 midler til \u201dhyldeprojekter\u201d eller til den l\u00f8bende drift.<\/td>\n<\/tr>\n<tr>\n<td>\n<h3><strong>Tidlig kontakt<\/strong><\/h3>\n<p>Det er en god ting at v\u00e6re i god tid med din ans\u00f8gning, men du m\u00e5 heller ikke v\u00e6re s\u00e5 tidligt ude, at du kun har en id\u00e9 og ikke har v\u00e6ret ude at unders\u00f8ge mulighederne for implementering endnu. Det er vigtigt, at du har en afklaring ift. egenfinansiering og evt. tilladelser.<\/td>\n<\/tr>\n<tr>\n<td>\n<h3><strong>Tag personlig kontakt \u2013 f\u00e5 en \u2019ambassad\u00f8r\u2019<\/strong><\/h3>\n<p>Det er godt at f\u00e5 en kontaktperson i fonden eller puljen. P\u00e5 den m\u00e5de f\u00e5r du kvalificeret r\u00e5dgivning til at f\u00e6rdigg\u00f8re din projektbeskrivelse og udforme en ans\u00f8gning, der lever op til fondens krav og betingelser.<\/td>\n<\/tr>\n<tr>\n<td>\n<h3><strong>V\u00e6r bevidst om, hvilket projekt du vil have<\/strong><\/h3>\n<p>Du skal v\u00e6re bevidst om, hvad det er for et projekt, du vil s\u00e6tte i v\u00e6rk og v\u00e6re loyal over for din id\u00e9. Derfor skal du fx ikke dreje projektet i en anden retning bare for at f\u00e5 midlerne i hus.<\/td>\n<\/tr>\n<tr>\n<td>\n<h3><strong>Spild hverken din eller fondens tid<\/strong><\/h3>\n<p>S\u00e6t dig ind i fondens form\u00e5l og vedt\u00e6gter og koncentrer dig om de fonde, der passer til dit projekt i stedet for at skyde med spredehagl efter mange fonde. Brug kr\u00e6fterne p\u00e5 at m\u00e5lrette din ans\u00f8gning til den enkelte fond.<\/td>\n<\/tr>\n<tr>\n<td>\n<h3><strong>Vurder trends<\/strong><\/h3>\n<p>Det er v\u00e6sentligt at se p\u00e5, hvad der r\u00f8rer sig i lokalsamfundet. Er der fx fokus p\u00e5 udviklingstendenser inden for sundhed eller socialt arbejde, som du kan t\u00e6nke med ind i dit projekt.<\/td>\n<\/tr>\n<tr>\n<td>\n<h3><strong>S\u00f8g evt. professionel hj\u00e6lp fra en fundraiser<\/strong><\/h3>\n<p>Du kan spare mange kr\u00e6fter og \u00f8ge udsigten til, at den n\u00f8dvendige st\u00f8tte bliver rejst, hvis du har folk med i ans\u00f8gningsprocessen, som er fortrolige med fundraising. Det kan v\u00e6re medarbejdere i din kommune eller region eller private konsulentfirmaer.<\/td>\n<\/tr>\n<tr>\n<td>\n<h3><strong>Fort\u00e6l, hvem du ellers har s\u00f8gt hos<\/strong><\/h3>\n<p>Det er de f\u00e6rreste fonde, der foretr\u00e6kker at v\u00e6re alene om et projekt. Derfor kan det v\u00e6re en fordel, hvis en anden fond allerede har givet positivt tilsagn om st\u00f8tte. Det bevirker, at projektet har f\u00e5et en form for bl\u00e5stempling.<\/td>\n<\/tr>\n<tr>\n<td>\n<h3><strong>Beskriv \u201dlivet efter fondst\u00f8tten\u201d<\/strong><\/h3>\n<p>Det har betydning for dit projekt, om det kan videref\u00f8res efter en given projektperiode. Det er godt, hvis du kan dokumentere, at de nye faciliteter og aktiviteter kan leve efter projektperioden.<\/td>\n<\/tr>\n<\/tbody>\n<\/table>\n","protected":false},"excerpt":{"rendered":"<p>Der er ingen, der siger, at det er let at s\u00f8ge og f\u00e5 penge, men hvis du g\u00e5r frem efter nedenst\u00e5ende tjek-liste, s\u00e5 vil du opdage, at du kan f\u00e5 et mere pr\u00e6cist overblik over dine tanker. P\u00e5 den m\u00e5de vil du ogs\u00e5 lettere kunne oms\u00e6tte tankerne til handling i virkeligheden og til gavn for [&hellip;]<\/p>\n","protected":false},"author":4,"featured_media":0,"parent":0,"menu_order":0,"comment_status":"closed","ping_status":"closed","template":"","meta":{"_acf_changed":false,"footnotes":""},"class_list":["post-575","page","type-page","status-publish","hentry"],"acf":[],"yoast_head":"<!-- This site is optimized with the Yoast SEO plugin v27.1.1 - https:\/\/yoast.com\/product\/yoast-seo-wordpress\/ -->\n<title>Hj\u00e6lp til din ans\u00f8gning -<\/title>\n<meta name=\"robots\" content=\"index, follow, max-snippet:-1, max-image-preview:large, max-video-preview:-1\" \/>\n<link rel=\"canonical\" href=\"https:\/\/www.dui.dk\/123\/hjaelp-din-ansoegning\/\" \/>\n<meta property=\"og:locale\" content=\"da_DK\" \/>\n<meta property=\"og:type\" content=\"article\" \/>\n<meta property=\"og:title\" content=\"Hj\u00e6lp til din ans\u00f8gning -\" \/>\n<meta property=\"og:description\" content=\"Der er ingen, der siger, at det er let at s\u00f8ge og f\u00e5 penge, men hvis du g\u00e5r frem efter nedenst\u00e5ende tjek-liste, s\u00e5 vil du opdage, at du kan f\u00e5 et mere pr\u00e6cist overblik over dine tanker. P\u00e5 den m\u00e5de vil du ogs\u00e5 lettere kunne oms\u00e6tte tankerne til handling i virkeligheden og til gavn for [&hellip;]\" \/>\n<meta property=\"og:url\" content=\"https:\/\/www.dui.dk\/123\/hjaelp-din-ansoegning\/\" \/>\n<meta property=\"article:modified_time\" content=\"2019-05-28T11:40:19+00:00\" \/>\n<meta property=\"og:image\" content=\"https:\/\/www.dui.dk\/123\/wp-content\/uploads\/sites\/75\/2019\/05\/S-icon-hj\u00e6lp.png\" \/>\n<meta name=\"twitter:card\" content=\"summary_large_image\" \/>\n<meta name=\"twitter:label1\" content=\"Estimeret l\u00e6setid\" \/>\n\t<meta name=\"twitter:data1\" content=\"3 minutter\" \/>\n<script type=\"application\/ld+json\" class=\"yoast-schema-graph\">{\"@context\":\"https:\/\/schema.org\",\"@graph\":[{\"@type\":\"WebPage\",\"@id\":\"https:\/\/www.dui.dk\/123\/hjaelp-din-ansoegning\/\",\"url\":\"https:\/\/www.dui.dk\/123\/hjaelp-din-ansoegning\/\",\"name\":\"Hj\u00e6lp til din ans\u00f8gning -\",\"isPartOf\":{\"@id\":\"https:\/\/www.dui.dk\/123\/#website\"},\"datePublished\":\"2019-05-28T11:23:09+00:00\",\"dateModified\":\"2019-05-28T11:40:19+00:00\",\"breadcrumb\":{\"@id\":\"https:\/\/www.dui.dk\/123\/hjaelp-din-ansoegning\/#breadcrumb\"},\"inLanguage\":\"da-DK\",\"potentialAction\":[{\"@type\":\"ReadAction\",\"target\":[\"https:\/\/www.dui.dk\/123\/hjaelp-din-ansoegning\/\"]}]},{\"@type\":\"BreadcrumbList\",\"@id\":\"https:\/\/www.dui.dk\/123\/hjaelp-din-ansoegning\/#breadcrumb\",\"itemListElement\":[{\"@type\":\"ListItem\",\"position\":1,\"name\":\"Hjem\",\"item\":\"https:\/\/www.dui.dk\/123\/\"},{\"@type\":\"ListItem\",\"position\":2,\"name\":\"Hj\u00e6lp til din ans\u00f8gning\"}]},{\"@type\":\"WebSite\",\"@id\":\"https:\/\/www.dui.dk\/123\/#website\",\"url\":\"https:\/\/www.dui.dk\/123\/\",\"name\":\"\",\"description\":\"Endnu en DUI-LEG og VIRKE lokalafdelinger-side\",\"potentialAction\":[{\"@type\":\"SearchAction\",\"target\":{\"@type\":\"EntryPoint\",\"urlTemplate\":\"https:\/\/www.dui.dk\/123\/?s={search_term_string}\"},\"query-input\":{\"@type\":\"PropertyValueSpecification\",\"valueRequired\":true,\"valueName\":\"search_term_string\"}}],\"inLanguage\":\"da-DK\"}]}<\/script>\n<!-- \/ Yoast SEO plugin. -->","yoast_head_json":{"title":"Hj\u00e6lp til din ans\u00f8gning -","robots":{"index":"index","follow":"follow","max-snippet":"max-snippet:-1","max-image-preview":"max-image-preview:large","max-video-preview":"max-video-preview:-1"},"canonical":"https:\/\/www.dui.dk\/123\/hjaelp-din-ansoegning\/","og_locale":"da_DK","og_type":"article","og_title":"Hj\u00e6lp til din ans\u00f8gning -","og_description":"Der er ingen, der siger, at det er let at s\u00f8ge og f\u00e5 penge, men hvis du g\u00e5r frem efter nedenst\u00e5ende tjek-liste, s\u00e5 vil du opdage, at du kan f\u00e5 et mere pr\u00e6cist overblik over dine tanker. P\u00e5 den m\u00e5de vil du ogs\u00e5 lettere kunne oms\u00e6tte tankerne til handling i virkeligheden og til gavn for [&hellip;]","og_url":"https:\/\/www.dui.dk\/123\/hjaelp-din-ansoegning\/","article_modified_time":"2019-05-28T11:40:19+00:00","og_image":[{"url":"https:\/\/www.dui.dk\/123\/wp-content\/uploads\/sites\/75\/2019\/05\/S-icon-hj\u00e6lp.png","type":"","width":"","height":""}],"twitter_card":"summary_large_image","twitter_misc":{"Estimeret l\u00e6setid":"3 minutter"},"schema":{"@context":"https:\/\/schema.org","@graph":[{"@type":"WebPage","@id":"https:\/\/www.dui.dk\/123\/hjaelp-din-ansoegning\/","url":"https:\/\/www.dui.dk\/123\/hjaelp-din-ansoegning\/","name":"Hj\u00e6lp til din ans\u00f8gning -","isPartOf":{"@id":"https:\/\/www.dui.dk\/123\/#website"},"datePublished":"2019-05-28T11:23:09+00:00","dateModified":"2019-05-28T11:40:19+00:00","breadcrumb":{"@id":"https:\/\/www.dui.dk\/123\/hjaelp-din-ansoegning\/#breadcrumb"},"inLanguage":"da-DK","potentialAction":[{"@type":"ReadAction","target":["https:\/\/www.dui.dk\/123\/hjaelp-din-ansoegning\/"]}]},{"@type":"BreadcrumbList","@id":"https:\/\/www.dui.dk\/123\/hjaelp-din-ansoegning\/#breadcrumb","itemListElement":[{"@type":"ListItem","position":1,"name":"Hjem","item":"https:\/\/www.dui.dk\/123\/"},{"@type":"ListItem","position":2,"name":"Hj\u00e6lp til din ans\u00f8gning"}]},{"@type":"WebSite","@id":"https:\/\/www.dui.dk\/123\/#website","url":"https:\/\/www.dui.dk\/123\/","name":"","description":"Endnu en DUI-LEG og VIRKE lokalafdelinger-side","potentialAction":[{"@type":"SearchAction","target":{"@type":"EntryPoint","urlTemplate":"https:\/\/www.dui.dk\/123\/?s={search_term_string}"},"query-input":{"@type":"PropertyValueSpecification","valueRequired":true,"valueName":"search_term_string"}}],"inLanguage":"da-DK"}]}},"_links":{"self":[{"href":"https:\/\/www.dui.dk\/123\/wp-json\/wp\/v2\/pages\/575","targetHints":{"allow":["GET"]}}],"collection":[{"href":"https:\/\/www.dui.dk\/123\/wp-json\/wp\/v2\/pages"}],"about":[{"href":"https:\/\/www.dui.dk\/123\/wp-json\/wp\/v2\/types\/page"}],"author":[{"embeddable":true,"href":"https:\/\/www.dui.dk\/123\/wp-json\/wp\/v2\/users\/4"}],"replies":[{"embeddable":true,"href":"https:\/\/www.dui.dk\/123\/wp-json\/wp\/v2\/comments?post=575"}],"version-history":[{"count":9,"href":"https:\/\/www.dui.dk\/123\/wp-json\/wp\/v2\/pages\/575\/revisions"}],"predecessor-version":[{"id":589,"href":"https:\/\/www.dui.dk\/123\/wp-json\/wp\/v2\/pages\/575\/revisions\/589"}],"wp:attachment":[{"href":"https:\/\/www.dui.dk\/123\/wp-json\/wp\/v2\/media?parent=575"}],"curies":[{"name":"wp","href":"https:\/\/api.w.org\/{rel}","templated":true}]}}