{"id":281,"date":"2019-01-16T15:17:45","date_gmt":"2019-01-16T15:17:45","guid":{"rendered":"http:\/\/www.dui.dk\/123\/?page_id=281"},"modified":"2024-10-21T14:10:34","modified_gmt":"2024-10-21T14:10:34","slug":"dui-logo-ny-version","status":"publish","type":"page","link":"https:\/\/www.dui.dk\/123\/dui-logo-ny-version\/","title":{"rendered":"DUI-logo"},"content":{"rendered":"<p><a href=\"https:\/\/www.dui.dk\/123\/wp-content\/uploads\/sites\/75\/2019\/01\/DUI-alle-logos-2018.zip\"><img loading=\"lazy\" decoding=\"async\" class=\"alignright wp-image-331 size-full\" src=\"https:\/\/www.dui.dk\/123\/wp-content\/uploads\/sites\/75\/2019\/01\/Download-Logos.png\" alt=\"\" width=\"80\" height=\"100\" \/><\/a><\/p>\n<p>Her har vi lagt DUI logoet ud i forskellige versioner. Hvis du ikke finder det du skal bruge er du meget velkommen til at kontakte os, s\u00e5 skal vi med gl\u00e6de hj\u00e6lpe dig.<\/p>\n<p>Den officielle DUI-r\u00f8d er defineret som <strong>#<span class=\"OYPEnA font-feature-liga-off font-feature-clig-off font-feature-calt-off text-decoration-none text-strikethrough-none\">E62A31<\/span> <\/strong>eller<strong> R:<span class=\"OYPEnA font-feature-liga-off font-feature-clig-off font-feature-calt-off text-decoration-none text-strikethrough-none\">230 <\/span>G42 B:49<\/strong>.<\/p>\n<p>N\u00e5r du skriver DUI &#8211; LEG og VIRKE i forbindelse med logoet, skal du bruge skrifttypen Verdana Pro. Den er tilg\u00e6ngelig i b\u00e5de Power Point, Word og Canva.<\/p>\n<p>De store er i 300dpi og de sm\u00e5 er i 72dpi. P\u00e5 linket her til h\u00f8jre kan du hente dem alle ned p\u00e5 en gang.<\/p>\n<p>&nbsp;<\/p>\n<table style=\"border-collapse: collapse; width: 672px; height: 233px;\" border=\"0\" width=\"256\" cellspacing=\"0\" cellpadding=\"0\">\n<colgroup>\n<col style=\"width: 48pt;\" span=\"4\" width=\"64\" \/> <\/colgroup>\n<tbody>\n<tr style=\"height: 15.0pt;\">\n<td style=\"height: 15.0pt; width: 48pt;\" width=\"64\" height=\"20\"><img loading=\"lazy\" decoding=\"async\" class=\"size-full wp-image-278 aligncenter\" src=\"https:\/\/www.dui.dk\/123\/wp-content\/uploads\/sites\/75\/2019\/01\/Enkelt-logo-R\u00f8d-150px.png\" alt=\"\" width=\"150\" height=\"150\" \/><\/p>\n<h5 style=\"text-align: center;\"><a href=\"https:\/\/www.dui.dk\/123\/wp-content\/uploads\/sites\/75\/2019\/01\/DUI_Logo_2018_01_R\u00f8d_cirkel-300dpi-Stor.jpg\">Stor JPG<\/a>\u00a0&#8211;\u00a0<a href=\"https:\/\/www.dui.dk\/123\/wp-content\/uploads\/sites\/75\/2019\/01\/DUI_Logo_2018_01_R\u00f8d_cirkel-72dpi-lille.jpg\">Lille JPG<\/a><\/h5>\n<h5 style=\"text-align: center;\"><a href=\"https:\/\/www.dui.dk\/123\/wp-content\/uploads\/sites\/75\/2019\/01\/DUI_Logo_2018_01_R\u00f8d_cirkel-300dpi-Stor.png\">Stor PNG<\/a>\u00a0&#8211;\u00a0<a href=\"https:\/\/www.dui.dk\/123\/wp-content\/uploads\/sites\/75\/2019\/01\/DUI_Logo_2018_01_R\u00f8d_cirkel-72dpi-lille.png\">Lille PNG<\/a><\/h5>\n<\/td>\n<td style=\"width: 48pt;\" width=\"64\"><img loading=\"lazy\" decoding=\"async\" class=\"size-full wp-image-320 aligncenter\" src=\"https:\/\/www.dui.dk\/123\/wp-content\/uploads\/sites\/75\/2019\/01\/Enkelt-logo-R\u00f8d-150px-Gr\u00e5.png\" alt=\"\" width=\"150\" height=\"150\" \/><\/p>\n<h5 style=\"text-align: center;\">HVID &#8211; <a href=\"https:\/\/www.dui.dk\/123\/wp-content\/uploads\/sites\/75\/2019\/01\/DUI_Logo_2018_cirkel-300dpi-Stor-Hvid.png\">Stor PNG<\/a><\/h5>\n<h5 style=\"text-align: center;\">\u00a0HVID &#8211; <a href=\"https:\/\/www.dui.dk\/123\/wp-content\/uploads\/sites\/75\/2019\/01\/DUI_Logo_2018_cirkel-72dpi-lille-Hvid.png\">Lille PNG<\/a><\/h5>\n<\/td>\n<td style=\"width: 48pt;\" width=\"64\"><img loading=\"lazy\" decoding=\"async\" class=\"size-full wp-image-319 aligncenter\" src=\"https:\/\/www.dui.dk\/123\/wp-content\/uploads\/sites\/75\/2019\/01\/Enkelt-logo-OUT-150px.png\" alt=\"\" width=\"150\" height=\"150\" \/><\/p>\n<h5 style=\"text-align: center;\"><a href=\"https:\/\/www.dui.dk\/123\/wp-content\/uploads\/sites\/75\/2019\/01\/DUI_Logo_2018-out_cirkel-300dpi-stor.jpg\">Stor JPG<\/a> &#8211; <a href=\"https:\/\/www.dui.dk\/123\/wp-content\/uploads\/sites\/75\/2019\/01\/DUI_Logo_2018-out_cirkel-72dpi-lille.jpg\">Lille JPG<\/a><\/h5>\n<h5 style=\"text-align: center;\"><a href=\"https:\/\/www.dui.dk\/123\/wp-content\/uploads\/sites\/75\/2019\/01\/DUI_Logo_2018-out_cirkel-300dpi-stor.png\">Stor PNG<\/a> &#8211; <a href=\"https:\/\/www.dui.dk\/123\/wp-content\/uploads\/sites\/75\/2019\/01\/DUI_Logo_2018-out_cirkel-72dpi-lille.png\">Lille PNG<\/a><\/h5>\n<\/td>\n<td style=\"width: 48pt;\" width=\"64\">\n<h5 style=\"text-align: center;\"><img loading=\"lazy\" decoding=\"async\" class=\"size-full wp-image-318 aligncenter\" src=\"https:\/\/www.dui.dk\/123\/wp-content\/uploads\/sites\/75\/2019\/01\/Enkelt-logo-OUT-150px-Gr\u00e5.png\" alt=\"\" width=\"150\" height=\"150\" \/><\/h5>\n<h5 style=\"text-align: center;\">HVID &#8211; <a href=\"https:\/\/www.dui.dk\/123\/wp-content\/uploads\/sites\/75\/2019\/01\/DUI_Logo_2018-out_cirkel-300dpi-stor-Hvid.png\">Stor PNG<\/a><\/h5>\n<h5 style=\"text-align: center;\">\u00a0HVID &#8211; <a href=\"https:\/\/www.dui.dk\/123\/wp-content\/uploads\/sites\/75\/2019\/01\/DUI_Logo_2018-out_cirkel-72dpi-stor-Hvid.png\">Lille PNG<\/a><\/h5>\n<\/td>\n<\/tr>\n<tr style=\"height: 15.0pt;\">\n<td style=\"height: 15.0pt;\" height=\"20\"><img loading=\"lazy\" decoding=\"async\" class=\"size-full wp-image-323 aligncenter\" src=\"https:\/\/www.dui.dk\/123\/wp-content\/uploads\/sites\/75\/2019\/01\/Enkelt-logo-R\u00f8d-Solo-150px.png\" alt=\"\" width=\"150\" height=\"150\" \/><\/p>\n<h5 style=\"text-align: center;\"><a href=\"https:\/\/www.dui.dk\/123\/wp-content\/uploads\/sites\/75\/2019\/01\/DUI_Logo_2018-300dpi-Stor.jpg\">Stor JPG<\/a> &#8211; <a href=\"https:\/\/www.dui.dk\/123\/wp-content\/uploads\/sites\/75\/2019\/01\/DUI_Logo_2018-72dpi-lille.jpg\">Lille JPG<\/a><\/h5>\n<h5 style=\"text-align: center;\"><a href=\"https:\/\/www.dui.dk\/123\/wp-content\/uploads\/sites\/75\/2019\/01\/DUI_Logo_2018-300dpi-Stor.png\">Stor PNG<\/a> &#8211; <a href=\"https:\/\/www.dui.dk\/123\/wp-content\/uploads\/sites\/75\/2019\/01\/DUI_Logo_2018-72dpi-lille.png\">Lille PNG<\/a><\/h5>\n<\/td>\n<td><img loading=\"lazy\" decoding=\"async\" class=\"size-full wp-image-322 aligncenter\" src=\"https:\/\/www.dui.dk\/123\/wp-content\/uploads\/sites\/75\/2019\/01\/Enkelt-logo-R\u00f8d-Solo-150px-Gr\u00e5.png\" alt=\"\" width=\"150\" height=\"150\" \/><\/p>\n<h5 style=\"text-align: center;\">HVID\u00a0&#8211; <a href=\"https:\/\/www.dui.dk\/123\/wp-content\/uploads\/sites\/75\/2019\/01\/DUI_Logo_2018-300dpi-Stor-Hvid.png\">Stor PNG<\/a><\/h5>\n<h5 style=\"text-align: center;\">HVID &#8211; <a href=\"https:\/\/www.dui.dk\/123\/wp-content\/uploads\/sites\/75\/2019\/01\/DUI_Logo_2018-72dpi-Stor-lille.png\">Lille PNG<\/a><\/h5>\n<\/td>\n<td><\/td>\n<td><\/td>\n<\/tr>\n<\/tbody>\n<\/table>\n<table style=\"border-collapse: collapse; width: 671px; height: 213px;\" border=\"0\" width=\"128\" cellspacing=\"0\" cellpadding=\"0\">\n<colgroup>\n<col style=\"width: 48pt;\" span=\"2\" width=\"64\" \/> <\/colgroup>\n<tbody>\n<tr style=\"height: 15.0pt;\">\n<td style=\"height: 15.0pt; width: 48pt;\" width=\"64\" height=\"20\"><img loading=\"lazy\" decoding=\"async\" class=\"size-full wp-image-279 aligncenter\" src=\"https:\/\/www.dui.dk\/123\/wp-content\/uploads\/sites\/75\/2019\/01\/Logo-med-tekst-R\u00f8d-300px.png\" alt=\"\" width=\"300\" height=\"105\" \/><\/p>\n<h5 style=\"text-align: center;\"><a href=\"https:\/\/www.dui.dk\/123\/wp-content\/uploads\/sites\/75\/2019\/01\/DUI_Logo_2018_04_NavnR\u00f8d_cirkel_venstrestillet-300dpi-stor.jpg\">Stor JPG<\/a> &#8211; <a href=\"https:\/\/www.dui.dk\/123\/wp-content\/uploads\/sites\/75\/2019\/01\/DUI_Logo_2018_04_NavnR\u00f8d_cirkel_venstrestillet-72dpi-lille.jpg\">Lille JPG<\/a> \/ <a href=\"https:\/\/www.dui.dk\/123\/wp-content\/uploads\/sites\/75\/2019\/01\/DUI_Logo_2018_04_NavnR\u00f8d_cirkel_venstrestillet-300dpi-Stor.png\">Stor PNG<\/a> &#8211; <a href=\"https:\/\/www.dui.dk\/123\/wp-content\/uploads\/sites\/75\/2019\/01\/DUI_Logo_2018_04_NavnR\u00f8d_cirkel_venstrestillet-72dpi-lille.png\">Lille PNG<\/a><\/h5>\n<\/td>\n<td style=\"width: 48pt;\" width=\"64\"><img loading=\"lazy\" decoding=\"async\" class=\"size-full wp-image-341 aligncenter\" src=\"https:\/\/www.dui.dk\/123\/wp-content\/uploads\/sites\/75\/2019\/01\/Logo-med-tekst-OUT-300px.png\" alt=\"\" width=\"300\" height=\"105\" \/><\/p>\n<h5 style=\"text-align: center;\"><a href=\"https:\/\/www.dui.dk\/123\/wp-content\/uploads\/sites\/75\/2019\/01\/DUI_Logo_2018_06_NavnOutlined_venstrestillet-300dpi-stor.jpg\">Stor JPG<\/a> &#8211; <a href=\"https:\/\/www.dui.dk\/123\/wp-content\/uploads\/sites\/75\/2019\/01\/DUI_Logo_2018_06_NavnOutlined_venstrestillet-72dpi-lille.jpg\">Lille JPG<\/a> \/ <a href=\"https:\/\/www.dui.dk\/123\/wp-content\/uploads\/sites\/75\/2019\/01\/DUI_Logo_2018_06_NavnOutlined_venstrestillet-300dpi-stor.png\">Stor PNG<\/a> &#8211; <a href=\"https:\/\/www.dui.dk\/123\/wp-content\/uploads\/sites\/75\/2019\/01\/DUI_Logo_2018_06_NavnOutlined_venstrestillet-72dpi-lille.png\">Lille PNG<\/a><\/h5>\n<\/td>\n<\/tr>\n<tr style=\"height: 15.0pt;\">\n<td style=\"height: 15.0pt;\" height=\"20\"><img loading=\"lazy\" decoding=\"async\" class=\"size-full wp-image-355 aligncenter\" src=\"https:\/\/www.dui.dk\/123\/wp-content\/uploads\/sites\/75\/2019\/01\/Logo-med-tekst-R\u00f8d-300px-De-store.png\" alt=\"\" width=\"300\" height=\"196\" \/><\/p>\n<h5 style=\"text-align: center;\"><a href=\"https:\/\/www.dui.dk\/123\/wp-content\/uploads\/sites\/75\/2019\/01\/DUI_Logo_2018_05_NavnR\u00f8d_cirkel_centreret-300dpi-stor.jpg\">Stor JPG<\/a> &#8211; <a href=\"https:\/\/www.dui.dk\/123\/wp-content\/uploads\/sites\/75\/2019\/01\/DUI_Logo_2018_05_NavnR\u00f8d_cirkel_centreret-72dpi-lille.jpg\">Lille JPG<\/a> \/ <a href=\"https:\/\/www.dui.dk\/123\/wp-content\/uploads\/sites\/75\/2019\/01\/DUI_Logo_2018_05_NavnR\u00f8d_cirkel_centreret-300dpi-stor.png\">Stor PNG<\/a> &#8211; <a href=\"https:\/\/www.dui.dk\/123\/wp-content\/uploads\/sites\/75\/2019\/01\/DUI_Logo_2018_05_NavnR\u00f8d_cirkel_centreret-72dpi-lille.png\">Lille PNG<\/a><\/h5>\n<\/td>\n<td><img loading=\"lazy\" decoding=\"async\" class=\"size-full wp-image-354 aligncenter\" src=\"https:\/\/www.dui.dk\/123\/wp-content\/uploads\/sites\/75\/2019\/01\/Logo-med-tekst-R\u00f8d-300px-De-store-OUT.png\" alt=\"\" width=\"300\" height=\"196\" \/><\/p>\n<h5 style=\"text-align: center;\"><a href=\"https:\/\/www.dui.dk\/123\/wp-content\/uploads\/sites\/75\/2019\/01\/DUI_Logo_2018_07_NavnOutlined_centreret-300dpi-stor.jpg\">Stor JPG<\/a> &#8211; <a href=\"https:\/\/www.dui.dk\/123\/wp-content\/uploads\/sites\/75\/2019\/01\/DUI_Logo_2018_07_NavnOutlined_centreret-72dpi-lille.jpg\">Lille JPG<\/a> \/ <a href=\"https:\/\/www.dui.dk\/123\/wp-content\/uploads\/sites\/75\/2019\/01\/DUI_Logo_2018_07_NavnOutlined_centreret-300dpi-stor.png\">Stor PNG<\/a> &#8211; <a href=\"https:\/\/www.dui.dk\/123\/wp-content\/uploads\/sites\/75\/2019\/01\/DUI_Logo_2018_07_NavnOutlined_centreret-72dpi-lille.png\">Lille PNG<\/a><\/h5>\n<\/td>\n<\/tr>\n<\/tbody>\n<\/table>\n","protected":false},"excerpt":{"rendered":"<p>Her har vi lagt DUI logoet ud i forskellige versioner. Hvis du ikke finder det du skal bruge er du meget velkommen til at kontakte os, s\u00e5 skal vi med gl\u00e6de hj\u00e6lpe dig. Den officielle DUI-r\u00f8d er defineret som #E62A31 eller R:230 G42 B:49. N\u00e5r du skriver DUI &#8211; LEG og VIRKE i forbindelse med [&hellip;]<\/p>\n","protected":false},"author":4,"featured_media":0,"parent":0,"menu_order":0,"comment_status":"closed","ping_status":"closed","template":"","meta":{"_acf_changed":false,"footnotes":""},"class_list":["post-281","page","type-page","status-publish","hentry"],"acf":[],"yoast_head":"<!-- This site is optimized with the Yoast SEO plugin v27.1.1 - https:\/\/yoast.com\/product\/yoast-seo-wordpress\/ -->\n<title>DUI-logo -<\/title>\n<meta name=\"robots\" content=\"index, follow, max-snippet:-1, max-image-preview:large, max-video-preview:-1\" \/>\n<link rel=\"canonical\" href=\"https:\/\/www.dui.dk\/123\/dui-logo-ny-version\/\" \/>\n<meta property=\"og:locale\" content=\"da_DK\" \/>\n<meta property=\"og:type\" content=\"article\" \/>\n<meta property=\"og:title\" content=\"DUI-logo -\" \/>\n<meta property=\"og:description\" content=\"Her har vi lagt DUI logoet ud i forskellige versioner. Hvis du ikke finder det du skal bruge er du meget velkommen til at kontakte os, s\u00e5 skal vi med gl\u00e6de hj\u00e6lpe dig. Den officielle DUI-r\u00f8d er defineret som #E62A31 eller R:230 G42 B:49. N\u00e5r du skriver DUI &#8211; LEG og VIRKE i forbindelse med [&hellip;]\" \/>\n<meta property=\"og:url\" content=\"https:\/\/www.dui.dk\/123\/dui-logo-ny-version\/\" \/>\n<meta property=\"article:modified_time\" content=\"2024-10-21T14:10:34+00:00\" \/>\n<meta property=\"og:image\" content=\"https:\/\/www.dui.dk\/123\/wp-content\/uploads\/sites\/75\/2019\/01\/Download-Logos.png\" \/>\n<meta name=\"twitter:card\" content=\"summary_large_image\" \/>\n<meta name=\"twitter:label1\" content=\"Estimeret l\u00e6setid\" \/>\n\t<meta name=\"twitter:data1\" content=\"4 minutter\" \/>\n<script type=\"application\/ld+json\" class=\"yoast-schema-graph\">{\"@context\":\"https:\/\/schema.org\",\"@graph\":[{\"@type\":\"WebPage\",\"@id\":\"https:\/\/www.dui.dk\/123\/dui-logo-ny-version\/\",\"url\":\"https:\/\/www.dui.dk\/123\/dui-logo-ny-version\/\",\"name\":\"DUI-logo -\",\"isPartOf\":{\"@id\":\"https:\/\/www.dui.dk\/123\/#website\"},\"primaryImageOfPage\":{\"@id\":\"https:\/\/www.dui.dk\/123\/dui-logo-ny-version\/#primaryimage\"},\"image\":{\"@id\":\"https:\/\/www.dui.dk\/123\/dui-logo-ny-version\/#primaryimage\"},\"thumbnailUrl\":\"https:\/\/www.dui.dk\/123\/wp-content\/uploads\/sites\/75\/2019\/01\/Download-Logos.png\",\"datePublished\":\"2019-01-16T15:17:45+00:00\",\"dateModified\":\"2024-10-21T14:10:34+00:00\",\"breadcrumb\":{\"@id\":\"https:\/\/www.dui.dk\/123\/dui-logo-ny-version\/#breadcrumb\"},\"inLanguage\":\"da-DK\",\"potentialAction\":[{\"@type\":\"ReadAction\",\"target\":[\"https:\/\/www.dui.dk\/123\/dui-logo-ny-version\/\"]}]},{\"@type\":\"ImageObject\",\"inLanguage\":\"da-DK\",\"@id\":\"https:\/\/www.dui.dk\/123\/dui-logo-ny-version\/#primaryimage\",\"url\":\"https:\/\/www.dui.dk\/123\/wp-content\/uploads\/sites\/75\/2019\/01\/Download-Logos.png\",\"contentUrl\":\"https:\/\/www.dui.dk\/123\/wp-content\/uploads\/sites\/75\/2019\/01\/Download-Logos.png\",\"width\":80,\"height\":100},{\"@type\":\"BreadcrumbList\",\"@id\":\"https:\/\/www.dui.dk\/123\/dui-logo-ny-version\/#breadcrumb\",\"itemListElement\":[{\"@type\":\"ListItem\",\"position\":1,\"name\":\"Hjem\",\"item\":\"https:\/\/www.dui.dk\/123\/\"},{\"@type\":\"ListItem\",\"position\":2,\"name\":\"DUI-logo\"}]},{\"@type\":\"WebSite\",\"@id\":\"https:\/\/www.dui.dk\/123\/#website\",\"url\":\"https:\/\/www.dui.dk\/123\/\",\"name\":\"\",\"description\":\"Endnu en DUI-LEG og VIRKE lokalafdelinger-side\",\"potentialAction\":[{\"@type\":\"SearchAction\",\"target\":{\"@type\":\"EntryPoint\",\"urlTemplate\":\"https:\/\/www.dui.dk\/123\/?s={search_term_string}\"},\"query-input\":{\"@type\":\"PropertyValueSpecification\",\"valueRequired\":true,\"valueName\":\"search_term_string\"}}],\"inLanguage\":\"da-DK\"}]}<\/script>\n<!-- \/ Yoast SEO plugin. -->","yoast_head_json":{"title":"DUI-logo -","robots":{"index":"index","follow":"follow","max-snippet":"max-snippet:-1","max-image-preview":"max-image-preview:large","max-video-preview":"max-video-preview:-1"},"canonical":"https:\/\/www.dui.dk\/123\/dui-logo-ny-version\/","og_locale":"da_DK","og_type":"article","og_title":"DUI-logo -","og_description":"Her har vi lagt DUI logoet ud i forskellige versioner. Hvis du ikke finder det du skal bruge er du meget velkommen til at kontakte os, s\u00e5 skal vi med gl\u00e6de hj\u00e6lpe dig. Den officielle DUI-r\u00f8d er defineret som #E62A31 eller R:230 G42 B:49. N\u00e5r du skriver DUI &#8211; LEG og VIRKE i forbindelse med [&hellip;]","og_url":"https:\/\/www.dui.dk\/123\/dui-logo-ny-version\/","article_modified_time":"2024-10-21T14:10:34+00:00","og_image":[{"url":"https:\/\/www.dui.dk\/123\/wp-content\/uploads\/sites\/75\/2019\/01\/Download-Logos.png","type":"","width":"","height":""}],"twitter_card":"summary_large_image","twitter_misc":{"Estimeret l\u00e6setid":"4 minutter"},"schema":{"@context":"https:\/\/schema.org","@graph":[{"@type":"WebPage","@id":"https:\/\/www.dui.dk\/123\/dui-logo-ny-version\/","url":"https:\/\/www.dui.dk\/123\/dui-logo-ny-version\/","name":"DUI-logo -","isPartOf":{"@id":"https:\/\/www.dui.dk\/123\/#website"},"primaryImageOfPage":{"@id":"https:\/\/www.dui.dk\/123\/dui-logo-ny-version\/#primaryimage"},"image":{"@id":"https:\/\/www.dui.dk\/123\/dui-logo-ny-version\/#primaryimage"},"thumbnailUrl":"https:\/\/www.dui.dk\/123\/wp-content\/uploads\/sites\/75\/2019\/01\/Download-Logos.png","datePublished":"2019-01-16T15:17:45+00:00","dateModified":"2024-10-21T14:10:34+00:00","breadcrumb":{"@id":"https:\/\/www.dui.dk\/123\/dui-logo-ny-version\/#breadcrumb"},"inLanguage":"da-DK","potentialAction":[{"@type":"ReadAction","target":["https:\/\/www.dui.dk\/123\/dui-logo-ny-version\/"]}]},{"@type":"ImageObject","inLanguage":"da-DK","@id":"https:\/\/www.dui.dk\/123\/dui-logo-ny-version\/#primaryimage","url":"https:\/\/www.dui.dk\/123\/wp-content\/uploads\/sites\/75\/2019\/01\/Download-Logos.png","contentUrl":"https:\/\/www.dui.dk\/123\/wp-content\/uploads\/sites\/75\/2019\/01\/Download-Logos.png","width":80,"height":100},{"@type":"BreadcrumbList","@id":"https:\/\/www.dui.dk\/123\/dui-logo-ny-version\/#breadcrumb","itemListElement":[{"@type":"ListItem","position":1,"name":"Hjem","item":"https:\/\/www.dui.dk\/123\/"},{"@type":"ListItem","position":2,"name":"DUI-logo"}]},{"@type":"WebSite","@id":"https:\/\/www.dui.dk\/123\/#website","url":"https:\/\/www.dui.dk\/123\/","name":"","description":"Endnu en DUI-LEG og VIRKE lokalafdelinger-side","potentialAction":[{"@type":"SearchAction","target":{"@type":"EntryPoint","urlTemplate":"https:\/\/www.dui.dk\/123\/?s={search_term_string}"},"query-input":{"@type":"PropertyValueSpecification","valueRequired":true,"valueName":"search_term_string"}}],"inLanguage":"da-DK"}]}},"_links":{"self":[{"href":"https:\/\/www.dui.dk\/123\/wp-json\/wp\/v2\/pages\/281","targetHints":{"allow":["GET"]}}],"collection":[{"href":"https:\/\/www.dui.dk\/123\/wp-json\/wp\/v2\/pages"}],"about":[{"href":"https:\/\/www.dui.dk\/123\/wp-json\/wp\/v2\/types\/page"}],"author":[{"embeddable":true,"href":"https:\/\/www.dui.dk\/123\/wp-json\/wp\/v2\/users\/4"}],"replies":[{"embeddable":true,"href":"https:\/\/www.dui.dk\/123\/wp-json\/wp\/v2\/comments?post=281"}],"version-history":[{"count":5,"href":"https:\/\/www.dui.dk\/123\/wp-json\/wp\/v2\/pages\/281\/revisions"}],"predecessor-version":[{"id":1487,"href":"https:\/\/www.dui.dk\/123\/wp-json\/wp\/v2\/pages\/281\/revisions\/1487"}],"wp:attachment":[{"href":"https:\/\/www.dui.dk\/123\/wp-json\/wp\/v2\/media?parent=281"}],"curies":[{"name":"wp","href":"https:\/\/api.w.org\/{rel}","templated":true}]}}