{"id":1454,"date":"2024-09-10T08:44:58","date_gmt":"2024-09-10T08:44:58","guid":{"rendered":"https:\/\/www.dui.dk\/123\/?page_id=1454"},"modified":"2024-09-10T08:46:53","modified_gmt":"2024-09-10T08:46:53","slug":"sadan-bruger-du-grupperne","status":"publish","type":"page","link":"https:\/\/www.dui.dk\/123\/sadan-bruger-du-grupperne\/","title":{"rendered":"MINI-GUIDE: S\u00e5dan bruger du grupperne"},"content":{"rendered":"<p>Hvis man har aktiviteter m\u00e5lrette en bestemte grupper eller man har behov for at kunne skrive beskeder direkte til en gruppe, s\u00e5 giver det meningen at oprette en gruppe i systemet til det form\u00e5l. Det smarte er nemlig, at s\u00e5 snart man bliver tilf\u00f8jet en gruppe, har man straks adgang gruppens aktiviteter. Og hvis man bliver fjernes fra en gruppe, mister man ogs\u00e5 aktiviteterne igen. S\u00e5 hvis man f.eks. har aktiviteter kun for de frivillige, s\u00e5 vil nye frivillige helt automatisk f\u00e5 adgang til aktiviteterne, s\u00e5 snart de bliver tilf\u00f8jet gruppe &#8220;Frivillige&#8221;.<\/p>\n<p>&nbsp;<\/p>\n<p style=\"text-align: right;\"><em>(Klik p\u00e5 billederne for at g\u00f8re dem st\u00f8rre)<\/em><\/p>\n<p>&nbsp;<\/p>\n<p>1.\u00a0 Klik ind under menuen &#8220;Medlemmer&#8221; og klik p\u00e5 &#8220;V\u00e6lg gruppe&#8221; i toppen.<\/p>\n<p><a href=\"https:\/\/www.dui.dk\/123\/wp-content\/uploads\/sites\/75\/2024\/09\/Brug-grupperne-01.jpg\"><img loading=\"lazy\" decoding=\"async\" class=\"alignnone wp-image-1445 size-full\" src=\"https:\/\/www.dui.dk\/123\/wp-content\/uploads\/sites\/75\/2024\/09\/Brug-grupperne-01.jpg\" alt=\"\" width=\"1200\" height=\"750\" srcset=\"https:\/\/www.dui.dk\/123\/wp-content\/uploads\/sites\/75\/2024\/09\/Brug-grupperne-01.jpg 1200w, https:\/\/www.dui.dk\/123\/wp-content\/uploads\/sites\/75\/2024\/09\/Brug-grupperne-01-300x188.jpg 300w, https:\/\/www.dui.dk\/123\/wp-content\/uploads\/sites\/75\/2024\/09\/Brug-grupperne-01-1024x640.jpg 1024w, https:\/\/www.dui.dk\/123\/wp-content\/uploads\/sites\/75\/2024\/09\/Brug-grupperne-01-768x480.jpg 768w, https:\/\/www.dui.dk\/123\/wp-content\/uploads\/sites\/75\/2024\/09\/Brug-grupperne-01-600x375.jpg 600w\" sizes=\"auto, (max-width: 1200px) 100vw, 1200px\" \/><\/a><\/p>\n<p>2.\u00a0 Klik p\u00e5 den gruppe du skal bruge. Bem\u00e6rk hvis der er en lille pil, s\u00e5 er der undergruppe. Klik p\u00e5 pilen og undergrupperne kan nu v\u00e6lges.<\/p>\n<p><a href=\"https:\/\/www.dui.dk\/123\/wp-content\/uploads\/sites\/75\/2024\/09\/Brug-grupperne-02.jpg\"><img loading=\"lazy\" decoding=\"async\" class=\"alignnone wp-image-1446 size-full\" src=\"https:\/\/www.dui.dk\/123\/wp-content\/uploads\/sites\/75\/2024\/09\/Brug-grupperne-02.jpg\" alt=\"\" width=\"1200\" height=\"750\" srcset=\"https:\/\/www.dui.dk\/123\/wp-content\/uploads\/sites\/75\/2024\/09\/Brug-grupperne-02.jpg 1200w, https:\/\/www.dui.dk\/123\/wp-content\/uploads\/sites\/75\/2024\/09\/Brug-grupperne-02-300x188.jpg 300w, https:\/\/www.dui.dk\/123\/wp-content\/uploads\/sites\/75\/2024\/09\/Brug-grupperne-02-1024x640.jpg 1024w, https:\/\/www.dui.dk\/123\/wp-content\/uploads\/sites\/75\/2024\/09\/Brug-grupperne-02-768x480.jpg 768w, https:\/\/www.dui.dk\/123\/wp-content\/uploads\/sites\/75\/2024\/09\/Brug-grupperne-02-600x375.jpg 600w\" sizes=\"auto, (max-width: 1200px) 100vw, 1200px\" \/><\/a><\/p>\n<p>3.\u00a0 N\u00e5r man er inde i gruppen, kan men via &#8220;Handlinger&#8221; tilf\u00f8je nye medlemmer af gruppen.<\/p>\n<p><a href=\"https:\/\/www.dui.dk\/123\/wp-content\/uploads\/sites\/75\/2024\/09\/Brug-grupperne-03.jpg\"><img loading=\"lazy\" decoding=\"async\" class=\"alignnone wp-image-1447 size-full\" src=\"https:\/\/www.dui.dk\/123\/wp-content\/uploads\/sites\/75\/2024\/09\/Brug-grupperne-03.jpg\" alt=\"\" width=\"1200\" height=\"750\" srcset=\"https:\/\/www.dui.dk\/123\/wp-content\/uploads\/sites\/75\/2024\/09\/Brug-grupperne-03.jpg 1200w, https:\/\/www.dui.dk\/123\/wp-content\/uploads\/sites\/75\/2024\/09\/Brug-grupperne-03-300x188.jpg 300w, https:\/\/www.dui.dk\/123\/wp-content\/uploads\/sites\/75\/2024\/09\/Brug-grupperne-03-1024x640.jpg 1024w, https:\/\/www.dui.dk\/123\/wp-content\/uploads\/sites\/75\/2024\/09\/Brug-grupperne-03-768x480.jpg 768w, https:\/\/www.dui.dk\/123\/wp-content\/uploads\/sites\/75\/2024\/09\/Brug-grupperne-03-600x375.jpg 600w\" sizes=\"auto, (max-width: 1200px) 100vw, 1200px\" \/><\/a><\/p>\n<p>4.\u00a0 Tilf\u00f8jer man nye medlemmer, kan man bruge s\u00f8gefeltet eller man kan rulle ned og klikke dem som skal tilf\u00f8jes af i den lille firkant. Klik herefter &#8220;F\u00f8j til gruppen&#8221;.<\/p>\n<p><a href=\"https:\/\/www.dui.dk\/123\/wp-content\/uploads\/sites\/75\/2024\/09\/Brug-grupperne-04.jpg\"><img loading=\"lazy\" decoding=\"async\" class=\"alignnone wp-image-1448 size-full\" src=\"https:\/\/www.dui.dk\/123\/wp-content\/uploads\/sites\/75\/2024\/09\/Brug-grupperne-04.jpg\" alt=\"\" width=\"1200\" height=\"750\" srcset=\"https:\/\/www.dui.dk\/123\/wp-content\/uploads\/sites\/75\/2024\/09\/Brug-grupperne-04.jpg 1200w, https:\/\/www.dui.dk\/123\/wp-content\/uploads\/sites\/75\/2024\/09\/Brug-grupperne-04-300x188.jpg 300w, https:\/\/www.dui.dk\/123\/wp-content\/uploads\/sites\/75\/2024\/09\/Brug-grupperne-04-1024x640.jpg 1024w, https:\/\/www.dui.dk\/123\/wp-content\/uploads\/sites\/75\/2024\/09\/Brug-grupperne-04-768x480.jpg 768w, https:\/\/www.dui.dk\/123\/wp-content\/uploads\/sites\/75\/2024\/09\/Brug-grupperne-04-600x375.jpg 600w\" sizes=\"auto, (max-width: 1200px) 100vw, 1200px\" \/><\/a><\/p>\n<p>5.\u00a0 Det er ogs\u00e5 under &#8220;Handlinger&#8221; man kan fjerne medlemmer. Marker dem f\u00f8rst p\u00e5 den lille firkant ud for hvert navn. Alle der er markeret f\u00f8lger den handling du giver.<\/p>\n<p><a href=\"https:\/\/www.dui.dk\/123\/wp-content\/uploads\/sites\/75\/2024\/09\/Brug-grupperne-05.jpg\"><img loading=\"lazy\" decoding=\"async\" class=\"alignnone wp-image-1449 size-full\" src=\"https:\/\/www.dui.dk\/123\/wp-content\/uploads\/sites\/75\/2024\/09\/Brug-grupperne-05.jpg\" alt=\"\" width=\"1200\" height=\"750\" srcset=\"https:\/\/www.dui.dk\/123\/wp-content\/uploads\/sites\/75\/2024\/09\/Brug-grupperne-05.jpg 1200w, https:\/\/www.dui.dk\/123\/wp-content\/uploads\/sites\/75\/2024\/09\/Brug-grupperne-05-300x188.jpg 300w, https:\/\/www.dui.dk\/123\/wp-content\/uploads\/sites\/75\/2024\/09\/Brug-grupperne-05-1024x640.jpg 1024w, https:\/\/www.dui.dk\/123\/wp-content\/uploads\/sites\/75\/2024\/09\/Brug-grupperne-05-768x480.jpg 768w, https:\/\/www.dui.dk\/123\/wp-content\/uploads\/sites\/75\/2024\/09\/Brug-grupperne-05-600x375.jpg 600w\" sizes=\"auto, (max-width: 1200px) 100vw, 1200px\" \/><\/a><\/p>\n<p>6.\u00a0 I medlemsoversigten kan man ogs\u00e5 blot klikke p\u00e5 medlemmets navn og herefter &#8220;Grupper&#8221;.<\/p>\n<p><a href=\"https:\/\/www.dui.dk\/123\/wp-content\/uploads\/sites\/75\/2024\/09\/Brug-grupperne-06.jpg\"><img loading=\"lazy\" decoding=\"async\" class=\"alignnone wp-image-1450 size-full\" src=\"https:\/\/www.dui.dk\/123\/wp-content\/uploads\/sites\/75\/2024\/09\/Brug-grupperne-06.jpg\" alt=\"\" width=\"1200\" height=\"750\" srcset=\"https:\/\/www.dui.dk\/123\/wp-content\/uploads\/sites\/75\/2024\/09\/Brug-grupperne-06.jpg 1200w, https:\/\/www.dui.dk\/123\/wp-content\/uploads\/sites\/75\/2024\/09\/Brug-grupperne-06-300x188.jpg 300w, https:\/\/www.dui.dk\/123\/wp-content\/uploads\/sites\/75\/2024\/09\/Brug-grupperne-06-1024x640.jpg 1024w, https:\/\/www.dui.dk\/123\/wp-content\/uploads\/sites\/75\/2024\/09\/Brug-grupperne-06-768x480.jpg 768w, https:\/\/www.dui.dk\/123\/wp-content\/uploads\/sites\/75\/2024\/09\/Brug-grupperne-06-600x375.jpg 600w\" sizes=\"auto, (max-width: 1200px) 100vw, 1200px\" \/><\/a><\/p>\n<p>7.\u00a0 Hvis man g\u00e5r det, f\u00e5r man en oversigt over alle de gruppe medlemmet er med i. Her kan man ogs\u00e5 nemt tilf\u00f8je dem nye eller fjerne dem grupper.<\/p>\n<p><a href=\"https:\/\/www.dui.dk\/123\/wp-content\/uploads\/sites\/75\/2024\/09\/Brug-grupperne-07.jpg\"><img loading=\"lazy\" decoding=\"async\" class=\"alignnone wp-image-1451 size-full\" src=\"https:\/\/www.dui.dk\/123\/wp-content\/uploads\/sites\/75\/2024\/09\/Brug-grupperne-07.jpg\" alt=\"\" width=\"1200\" height=\"750\" srcset=\"https:\/\/www.dui.dk\/123\/wp-content\/uploads\/sites\/75\/2024\/09\/Brug-grupperne-07.jpg 1200w, https:\/\/www.dui.dk\/123\/wp-content\/uploads\/sites\/75\/2024\/09\/Brug-grupperne-07-300x188.jpg 300w, https:\/\/www.dui.dk\/123\/wp-content\/uploads\/sites\/75\/2024\/09\/Brug-grupperne-07-1024x640.jpg 1024w, https:\/\/www.dui.dk\/123\/wp-content\/uploads\/sites\/75\/2024\/09\/Brug-grupperne-07-768x480.jpg 768w, https:\/\/www.dui.dk\/123\/wp-content\/uploads\/sites\/75\/2024\/09\/Brug-grupperne-07-600x375.jpg 600w\" sizes=\"auto, (max-width: 1200px) 100vw, 1200px\" \/><\/a><\/p>\n<p>8.\u00a0 Alle afdelinger har standard grupper som f.eks. &#8220;frivillige&#8221;. Men hvis man lokalt mangler en grupper, kan man nemt oprette sin egne. Klik p\u00e5 &#8220;Opret gruppe&#8221; i bunden af grupperne. Indtast navn og klik p\u00e5 &#8220;Opret gruppe&#8221;.<\/p>\n<p><a href=\"https:\/\/www.dui.dk\/123\/wp-content\/uploads\/sites\/75\/2024\/09\/Brug-grupperne-08.jpg\"><img loading=\"lazy\" decoding=\"async\" class=\"alignnone wp-image-1452 size-full\" src=\"https:\/\/www.dui.dk\/123\/wp-content\/uploads\/sites\/75\/2024\/09\/Brug-grupperne-08.jpg\" alt=\"\" width=\"1200\" height=\"750\" srcset=\"https:\/\/www.dui.dk\/123\/wp-content\/uploads\/sites\/75\/2024\/09\/Brug-grupperne-08.jpg 1200w, https:\/\/www.dui.dk\/123\/wp-content\/uploads\/sites\/75\/2024\/09\/Brug-grupperne-08-300x188.jpg 300w, https:\/\/www.dui.dk\/123\/wp-content\/uploads\/sites\/75\/2024\/09\/Brug-grupperne-08-1024x640.jpg 1024w, https:\/\/www.dui.dk\/123\/wp-content\/uploads\/sites\/75\/2024\/09\/Brug-grupperne-08-768x480.jpg 768w, https:\/\/www.dui.dk\/123\/wp-content\/uploads\/sites\/75\/2024\/09\/Brug-grupperne-08-600x375.jpg 600w\" sizes=\"auto, (max-width: 1200px) 100vw, 1200px\" \/><\/a><\/p>\n<p>9.\u00a0 N\u00e5r gruppen er oprettet, kan man klikke p\u00e5 det lille tandhjul til h\u00f8jre for gruppens navn. Her kan man redigere gruppens navn, tilf\u00f8je et max antal, oprette undergrupper eller slette gruppen igen.<\/p>\n<p><a href=\"https:\/\/www.dui.dk\/123\/wp-content\/uploads\/sites\/75\/2024\/09\/Brug-grupperne-09-1.jpg\"><img loading=\"lazy\" decoding=\"async\" class=\"alignnone wp-image-1456 size-full\" src=\"https:\/\/www.dui.dk\/123\/wp-content\/uploads\/sites\/75\/2024\/09\/Brug-grupperne-09-1.jpg\" alt=\"\" width=\"1200\" height=\"750\" srcset=\"https:\/\/www.dui.dk\/123\/wp-content\/uploads\/sites\/75\/2024\/09\/Brug-grupperne-09-1.jpg 1200w, https:\/\/www.dui.dk\/123\/wp-content\/uploads\/sites\/75\/2024\/09\/Brug-grupperne-09-1-300x188.jpg 300w, https:\/\/www.dui.dk\/123\/wp-content\/uploads\/sites\/75\/2024\/09\/Brug-grupperne-09-1-1024x640.jpg 1024w, https:\/\/www.dui.dk\/123\/wp-content\/uploads\/sites\/75\/2024\/09\/Brug-grupperne-09-1-768x480.jpg 768w, https:\/\/www.dui.dk\/123\/wp-content\/uploads\/sites\/75\/2024\/09\/Brug-grupperne-09-1-600x375.jpg 600w\" sizes=\"auto, (max-width: 1200px) 100vw, 1200px\" \/><\/a><\/p>\n<p>&nbsp;<\/p>\n<p>&nbsp;<\/p>\n","protected":false},"excerpt":{"rendered":"<p>Hvis man har aktiviteter m\u00e5lrette en bestemte grupper eller man har behov for at kunne skrive beskeder direkte til en gruppe, s\u00e5 giver det meningen at oprette en gruppe i systemet til det form\u00e5l. Det smarte er nemlig, at s\u00e5 snart man bliver tilf\u00f8jet en gruppe, har man straks adgang gruppens aktiviteter. Og hvis man [&hellip;]<\/p>\n","protected":false},"author":4,"featured_media":0,"parent":0,"menu_order":0,"comment_status":"closed","ping_status":"closed","template":"","meta":{"_acf_changed":false,"footnotes":""},"class_list":["post-1454","page","type-page","status-publish","hentry"],"acf":[],"yoast_head":"<!-- This site is optimized with the Yoast SEO plugin v27.1.1 - https:\/\/yoast.com\/product\/yoast-seo-wordpress\/ -->\n<title>MINI-GUIDE: S\u00e5dan bruger du grupperne -<\/title>\n<meta name=\"robots\" content=\"index, follow, max-snippet:-1, max-image-preview:large, max-video-preview:-1\" \/>\n<link rel=\"canonical\" href=\"https:\/\/www.dui.dk\/123\/sadan-bruger-du-grupperne\/\" \/>\n<meta property=\"og:locale\" content=\"da_DK\" \/>\n<meta property=\"og:type\" content=\"article\" \/>\n<meta property=\"og:title\" content=\"MINI-GUIDE: S\u00e5dan bruger du grupperne -\" \/>\n<meta property=\"og:description\" content=\"Hvis man har aktiviteter m\u00e5lrette en bestemte grupper eller man har behov for at kunne skrive beskeder direkte til en gruppe, s\u00e5 giver det meningen at oprette en gruppe i systemet til det form\u00e5l. Det smarte er nemlig, at s\u00e5 snart man bliver tilf\u00f8jet en gruppe, har man straks adgang gruppens aktiviteter. Og hvis man [&hellip;]\" \/>\n<meta property=\"og:url\" content=\"https:\/\/www.dui.dk\/123\/sadan-bruger-du-grupperne\/\" \/>\n<meta property=\"article:modified_time\" content=\"2024-09-10T08:46:53+00:00\" \/>\n<meta property=\"og:image\" content=\"https:\/\/www.dui.dk\/123\/wp-content\/uploads\/sites\/75\/2024\/09\/Brug-grupperne-01.jpg\" \/>\n<meta name=\"twitter:card\" content=\"summary_large_image\" \/>\n<meta name=\"twitter:label1\" content=\"Estimeret l\u00e6setid\" \/>\n\t<meta name=\"twitter:data1\" content=\"4 minutter\" \/>\n<script type=\"application\/ld+json\" class=\"yoast-schema-graph\">{\"@context\":\"https:\/\/schema.org\",\"@graph\":[{\"@type\":\"WebPage\",\"@id\":\"https:\/\/www.dui.dk\/123\/sadan-bruger-du-grupperne\/\",\"url\":\"https:\/\/www.dui.dk\/123\/sadan-bruger-du-grupperne\/\",\"name\":\"MINI-GUIDE: S\u00e5dan bruger du grupperne -\",\"isPartOf\":{\"@id\":\"https:\/\/www.dui.dk\/123\/#website\"},\"primaryImageOfPage\":{\"@id\":\"https:\/\/www.dui.dk\/123\/sadan-bruger-du-grupperne\/#primaryimage\"},\"image\":{\"@id\":\"https:\/\/www.dui.dk\/123\/sadan-bruger-du-grupperne\/#primaryimage\"},\"thumbnailUrl\":\"https:\/\/www.dui.dk\/123\/wp-content\/uploads\/sites\/75\/2024\/09\/Brug-grupperne-01.jpg\",\"datePublished\":\"2024-09-10T08:44:58+00:00\",\"dateModified\":\"2024-09-10T08:46:53+00:00\",\"breadcrumb\":{\"@id\":\"https:\/\/www.dui.dk\/123\/sadan-bruger-du-grupperne\/#breadcrumb\"},\"inLanguage\":\"da-DK\",\"potentialAction\":[{\"@type\":\"ReadAction\",\"target\":[\"https:\/\/www.dui.dk\/123\/sadan-bruger-du-grupperne\/\"]}]},{\"@type\":\"ImageObject\",\"inLanguage\":\"da-DK\",\"@id\":\"https:\/\/www.dui.dk\/123\/sadan-bruger-du-grupperne\/#primaryimage\",\"url\":\"https:\/\/www.dui.dk\/123\/wp-content\/uploads\/sites\/75\/2024\/09\/Brug-grupperne-01.jpg\",\"contentUrl\":\"https:\/\/www.dui.dk\/123\/wp-content\/uploads\/sites\/75\/2024\/09\/Brug-grupperne-01.jpg\",\"width\":1200,\"height\":750},{\"@type\":\"BreadcrumbList\",\"@id\":\"https:\/\/www.dui.dk\/123\/sadan-bruger-du-grupperne\/#breadcrumb\",\"itemListElement\":[{\"@type\":\"ListItem\",\"position\":1,\"name\":\"Hjem\",\"item\":\"https:\/\/www.dui.dk\/123\/\"},{\"@type\":\"ListItem\",\"position\":2,\"name\":\"MINI-GUIDE: S\u00e5dan bruger du grupperne\"}]},{\"@type\":\"WebSite\",\"@id\":\"https:\/\/www.dui.dk\/123\/#website\",\"url\":\"https:\/\/www.dui.dk\/123\/\",\"name\":\"\",\"description\":\"Endnu en DUI-LEG og VIRKE lokalafdelinger-side\",\"potentialAction\":[{\"@type\":\"SearchAction\",\"target\":{\"@type\":\"EntryPoint\",\"urlTemplate\":\"https:\/\/www.dui.dk\/123\/?s={search_term_string}\"},\"query-input\":{\"@type\":\"PropertyValueSpecification\",\"valueRequired\":true,\"valueName\":\"search_term_string\"}}],\"inLanguage\":\"da-DK\"}]}<\/script>\n<!-- \/ Yoast SEO plugin. -->","yoast_head_json":{"title":"MINI-GUIDE: S\u00e5dan bruger du grupperne -","robots":{"index":"index","follow":"follow","max-snippet":"max-snippet:-1","max-image-preview":"max-image-preview:large","max-video-preview":"max-video-preview:-1"},"canonical":"https:\/\/www.dui.dk\/123\/sadan-bruger-du-grupperne\/","og_locale":"da_DK","og_type":"article","og_title":"MINI-GUIDE: S\u00e5dan bruger du grupperne -","og_description":"Hvis man har aktiviteter m\u00e5lrette en bestemte grupper eller man har behov for at kunne skrive beskeder direkte til en gruppe, s\u00e5 giver det meningen at oprette en gruppe i systemet til det form\u00e5l. Det smarte er nemlig, at s\u00e5 snart man bliver tilf\u00f8jet en gruppe, har man straks adgang gruppens aktiviteter. Og hvis man [&hellip;]","og_url":"https:\/\/www.dui.dk\/123\/sadan-bruger-du-grupperne\/","article_modified_time":"2024-09-10T08:46:53+00:00","og_image":[{"url":"https:\/\/www.dui.dk\/123\/wp-content\/uploads\/sites\/75\/2024\/09\/Brug-grupperne-01.jpg","type":"","width":"","height":""}],"twitter_card":"summary_large_image","twitter_misc":{"Estimeret l\u00e6setid":"4 minutter"},"schema":{"@context":"https:\/\/schema.org","@graph":[{"@type":"WebPage","@id":"https:\/\/www.dui.dk\/123\/sadan-bruger-du-grupperne\/","url":"https:\/\/www.dui.dk\/123\/sadan-bruger-du-grupperne\/","name":"MINI-GUIDE: S\u00e5dan bruger du grupperne -","isPartOf":{"@id":"https:\/\/www.dui.dk\/123\/#website"},"primaryImageOfPage":{"@id":"https:\/\/www.dui.dk\/123\/sadan-bruger-du-grupperne\/#primaryimage"},"image":{"@id":"https:\/\/www.dui.dk\/123\/sadan-bruger-du-grupperne\/#primaryimage"},"thumbnailUrl":"https:\/\/www.dui.dk\/123\/wp-content\/uploads\/sites\/75\/2024\/09\/Brug-grupperne-01.jpg","datePublished":"2024-09-10T08:44:58+00:00","dateModified":"2024-09-10T08:46:53+00:00","breadcrumb":{"@id":"https:\/\/www.dui.dk\/123\/sadan-bruger-du-grupperne\/#breadcrumb"},"inLanguage":"da-DK","potentialAction":[{"@type":"ReadAction","target":["https:\/\/www.dui.dk\/123\/sadan-bruger-du-grupperne\/"]}]},{"@type":"ImageObject","inLanguage":"da-DK","@id":"https:\/\/www.dui.dk\/123\/sadan-bruger-du-grupperne\/#primaryimage","url":"https:\/\/www.dui.dk\/123\/wp-content\/uploads\/sites\/75\/2024\/09\/Brug-grupperne-01.jpg","contentUrl":"https:\/\/www.dui.dk\/123\/wp-content\/uploads\/sites\/75\/2024\/09\/Brug-grupperne-01.jpg","width":1200,"height":750},{"@type":"BreadcrumbList","@id":"https:\/\/www.dui.dk\/123\/sadan-bruger-du-grupperne\/#breadcrumb","itemListElement":[{"@type":"ListItem","position":1,"name":"Hjem","item":"https:\/\/www.dui.dk\/123\/"},{"@type":"ListItem","position":2,"name":"MINI-GUIDE: S\u00e5dan bruger du grupperne"}]},{"@type":"WebSite","@id":"https:\/\/www.dui.dk\/123\/#website","url":"https:\/\/www.dui.dk\/123\/","name":"","description":"Endnu en DUI-LEG og VIRKE lokalafdelinger-side","potentialAction":[{"@type":"SearchAction","target":{"@type":"EntryPoint","urlTemplate":"https:\/\/www.dui.dk\/123\/?s={search_term_string}"},"query-input":{"@type":"PropertyValueSpecification","valueRequired":true,"valueName":"search_term_string"}}],"inLanguage":"da-DK"}]}},"_links":{"self":[{"href":"https:\/\/www.dui.dk\/123\/wp-json\/wp\/v2\/pages\/1454","targetHints":{"allow":["GET"]}}],"collection":[{"href":"https:\/\/www.dui.dk\/123\/wp-json\/wp\/v2\/pages"}],"about":[{"href":"https:\/\/www.dui.dk\/123\/wp-json\/wp\/v2\/types\/page"}],"author":[{"embeddable":true,"href":"https:\/\/www.dui.dk\/123\/wp-json\/wp\/v2\/users\/4"}],"replies":[{"embeddable":true,"href":"https:\/\/www.dui.dk\/123\/wp-json\/wp\/v2\/comments?post=1454"}],"version-history":[{"count":3,"href":"https:\/\/www.dui.dk\/123\/wp-json\/wp\/v2\/pages\/1454\/revisions"}],"predecessor-version":[{"id":1458,"href":"https:\/\/www.dui.dk\/123\/wp-json\/wp\/v2\/pages\/1454\/revisions\/1458"}],"wp:attachment":[{"href":"https:\/\/www.dui.dk\/123\/wp-json\/wp\/v2\/media?parent=1454"}],"curies":[{"name":"wp","href":"https:\/\/api.w.org\/{rel}","templated":true}]}}