{"id":1364,"date":"2023-12-22T10:29:35","date_gmt":"2023-12-22T10:29:35","guid":{"rendered":"https:\/\/www.dui.dk\/123\/?page_id=1364"},"modified":"2024-01-16T10:32:23","modified_gmt":"2024-01-16T10:32:23","slug":"uge6","status":"publish","type":"page","link":"https:\/\/www.dui.dk\/123\/uge6\/","title":{"rendered":"DEL 3+5 &#8211; Kontingent og feedback"},"content":{"rendered":"<p>(for alle frivillige)<\/p>\n<p>&nbsp;<\/p>\n<p>Microsoft Teams-m\u00f8de<\/p>\n<p><strong>Deltag p\u00e5 din computer, mobilapp eller rumenhed<\/strong><\/p>\n<p><a href=\"https:\/\/teams.microsoft.com\/l\/meetup-join\/19%3ameeting_ZmNhYTc0YTQtNWI3ZC00NmNmLTg1NWYtYjEyYjUyNTcwZTg2%40thread.v2\/0?context=%7b%22Tid%22%3a%22c0a58cf9-7762-43a4-af00-2cd6519d5162%22%2c%22Oid%22%3a%224a9e2acb-b6c5-4c49-8f1e-8c794a79d965%22%7d\">Klik her for at deltage i m\u00f8det<\/a><\/p>\n<p><span data-tid=\"meeting-code\">Meeting ID: <\/span>363 216 006 378<br \/>\nAdgangskode: h4CP6W<\/p>\n<p><a href=\"https:\/\/www.microsoft.com\/en-us\/microsoft-teams\/download-app\">Download Teams<\/a> | <a href=\"https:\/\/www.microsoft.com\/microsoft-teams\/join-a-meeting\">Deltag p\u00e5 internettet<\/a><\/p>\n<p>&nbsp;<\/p>\n<p><strong>Form\u00e5l med m\u00f8det:<\/strong><\/p>\n<p>Form\u00e5let med dette webinar, er at f\u00e5 en god snak om det nye system og forh\u00e5bentligt en masse konstruktiv feedback, s\u00e5 vi i f\u00e6llesskab kan udvikle p\u00e5 systemet.<\/p>\n<p>&nbsp;<\/p>\n<p><strong>Bem\u00e6rk: <\/strong><\/p>\n<p>Der er planlagt at der afholdes endnu et feedbackm\u00f8de i uge 22.<\/p>\n","protected":false},"excerpt":{"rendered":"<p>(for alle frivillige) &nbsp; Microsoft Teams-m\u00f8de Deltag p\u00e5 din computer, mobilapp eller rumenhed Klik her for at deltage i m\u00f8det Meeting ID: 363 216 006 378 Adgangskode: h4CP6W Download Teams | Deltag p\u00e5 internettet &nbsp; Form\u00e5l med m\u00f8det: Form\u00e5let med dette webinar, er at f\u00e5 en god snak om det nye system og forh\u00e5bentligt en [&hellip;]<\/p>\n","protected":false},"author":4,"featured_media":0,"parent":0,"menu_order":0,"comment_status":"closed","ping_status":"closed","template":"","meta":{"_acf_changed":false,"footnotes":""},"class_list":["post-1364","page","type-page","status-publish","hentry"],"acf":[],"yoast_head":"<!-- This site is optimized with the Yoast SEO plugin v27.1.1 - https:\/\/yoast.com\/product\/yoast-seo-wordpress\/ -->\n<title>DEL 3+5 - Kontingent og feedback -<\/title>\n<meta name=\"robots\" content=\"index, follow, max-snippet:-1, max-image-preview:large, max-video-preview:-1\" \/>\n<link rel=\"canonical\" href=\"https:\/\/www.dui.dk\/123\/uge6\/\" \/>\n<meta property=\"og:locale\" content=\"da_DK\" \/>\n<meta property=\"og:type\" content=\"article\" \/>\n<meta property=\"og:title\" content=\"DEL 3+5 - Kontingent og feedback -\" \/>\n<meta property=\"og:description\" content=\"(for alle frivillige) &nbsp; Microsoft Teams-m\u00f8de Deltag p\u00e5 din computer, mobilapp eller rumenhed Klik her for at deltage i m\u00f8det Meeting ID: 363 216 006 378 Adgangskode: h4CP6W Download Teams | Deltag p\u00e5 internettet &nbsp; Form\u00e5l med m\u00f8det: Form\u00e5let med dette webinar, er at f\u00e5 en god snak om det nye system og forh\u00e5bentligt en [&hellip;]\" \/>\n<meta property=\"og:url\" content=\"https:\/\/www.dui.dk\/123\/uge6\/\" \/>\n<meta property=\"article:modified_time\" content=\"2024-01-16T10:32:23+00:00\" \/>\n<meta name=\"twitter:card\" content=\"summary_large_image\" \/>\n<script type=\"application\/ld+json\" class=\"yoast-schema-graph\">{\"@context\":\"https:\/\/schema.org\",\"@graph\":[{\"@type\":\"WebPage\",\"@id\":\"https:\/\/www.dui.dk\/123\/uge6\/\",\"url\":\"https:\/\/www.dui.dk\/123\/uge6\/\",\"name\":\"DEL 3+5 - Kontingent og feedback -\",\"isPartOf\":{\"@id\":\"https:\/\/www.dui.dk\/123\/#website\"},\"datePublished\":\"2023-12-22T10:29:35+00:00\",\"dateModified\":\"2024-01-16T10:32:23+00:00\",\"breadcrumb\":{\"@id\":\"https:\/\/www.dui.dk\/123\/uge6\/#breadcrumb\"},\"inLanguage\":\"da-DK\",\"potentialAction\":[{\"@type\":\"ReadAction\",\"target\":[\"https:\/\/www.dui.dk\/123\/uge6\/\"]}]},{\"@type\":\"BreadcrumbList\",\"@id\":\"https:\/\/www.dui.dk\/123\/uge6\/#breadcrumb\",\"itemListElement\":[{\"@type\":\"ListItem\",\"position\":1,\"name\":\"Hjem\",\"item\":\"https:\/\/www.dui.dk\/123\/\"},{\"@type\":\"ListItem\",\"position\":2,\"name\":\"DEL 3+5 &#8211; Kontingent og feedback\"}]},{\"@type\":\"WebSite\",\"@id\":\"https:\/\/www.dui.dk\/123\/#website\",\"url\":\"https:\/\/www.dui.dk\/123\/\",\"name\":\"\",\"description\":\"Endnu en DUI-LEG og VIRKE lokalafdelinger-side\",\"potentialAction\":[{\"@type\":\"SearchAction\",\"target\":{\"@type\":\"EntryPoint\",\"urlTemplate\":\"https:\/\/www.dui.dk\/123\/?s={search_term_string}\"},\"query-input\":{\"@type\":\"PropertyValueSpecification\",\"valueRequired\":true,\"valueName\":\"search_term_string\"}}],\"inLanguage\":\"da-DK\"}]}<\/script>\n<!-- \/ Yoast SEO plugin. -->","yoast_head_json":{"title":"DEL 3+5 - Kontingent og feedback -","robots":{"index":"index","follow":"follow","max-snippet":"max-snippet:-1","max-image-preview":"max-image-preview:large","max-video-preview":"max-video-preview:-1"},"canonical":"https:\/\/www.dui.dk\/123\/uge6\/","og_locale":"da_DK","og_type":"article","og_title":"DEL 3+5 - Kontingent og feedback -","og_description":"(for alle frivillige) &nbsp; Microsoft Teams-m\u00f8de Deltag p\u00e5 din computer, mobilapp eller rumenhed Klik her for at deltage i m\u00f8det Meeting ID: 363 216 006 378 Adgangskode: h4CP6W Download Teams | Deltag p\u00e5 internettet &nbsp; Form\u00e5l med m\u00f8det: Form\u00e5let med dette webinar, er at f\u00e5 en god snak om det nye system og forh\u00e5bentligt en [&hellip;]","og_url":"https:\/\/www.dui.dk\/123\/uge6\/","article_modified_time":"2024-01-16T10:32:23+00:00","twitter_card":"summary_large_image","schema":{"@context":"https:\/\/schema.org","@graph":[{"@type":"WebPage","@id":"https:\/\/www.dui.dk\/123\/uge6\/","url":"https:\/\/www.dui.dk\/123\/uge6\/","name":"DEL 3+5 - Kontingent og feedback -","isPartOf":{"@id":"https:\/\/www.dui.dk\/123\/#website"},"datePublished":"2023-12-22T10:29:35+00:00","dateModified":"2024-01-16T10:32:23+00:00","breadcrumb":{"@id":"https:\/\/www.dui.dk\/123\/uge6\/#breadcrumb"},"inLanguage":"da-DK","potentialAction":[{"@type":"ReadAction","target":["https:\/\/www.dui.dk\/123\/uge6\/"]}]},{"@type":"BreadcrumbList","@id":"https:\/\/www.dui.dk\/123\/uge6\/#breadcrumb","itemListElement":[{"@type":"ListItem","position":1,"name":"Hjem","item":"https:\/\/www.dui.dk\/123\/"},{"@type":"ListItem","position":2,"name":"DEL 3+5 &#8211; Kontingent og feedback"}]},{"@type":"WebSite","@id":"https:\/\/www.dui.dk\/123\/#website","url":"https:\/\/www.dui.dk\/123\/","name":"","description":"Endnu en DUI-LEG og VIRKE lokalafdelinger-side","potentialAction":[{"@type":"SearchAction","target":{"@type":"EntryPoint","urlTemplate":"https:\/\/www.dui.dk\/123\/?s={search_term_string}"},"query-input":{"@type":"PropertyValueSpecification","valueRequired":true,"valueName":"search_term_string"}}],"inLanguage":"da-DK"}]}},"_links":{"self":[{"href":"https:\/\/www.dui.dk\/123\/wp-json\/wp\/v2\/pages\/1364","targetHints":{"allow":["GET"]}}],"collection":[{"href":"https:\/\/www.dui.dk\/123\/wp-json\/wp\/v2\/pages"}],"about":[{"href":"https:\/\/www.dui.dk\/123\/wp-json\/wp\/v2\/types\/page"}],"author":[{"embeddable":true,"href":"https:\/\/www.dui.dk\/123\/wp-json\/wp\/v2\/users\/4"}],"replies":[{"embeddable":true,"href":"https:\/\/www.dui.dk\/123\/wp-json\/wp\/v2\/comments?post=1364"}],"version-history":[{"count":2,"href":"https:\/\/www.dui.dk\/123\/wp-json\/wp\/v2\/pages\/1364\/revisions"}],"predecessor-version":[{"id":1372,"href":"https:\/\/www.dui.dk\/123\/wp-json\/wp\/v2\/pages\/1364\/revisions\/1372"}],"wp:attachment":[{"href":"https:\/\/www.dui.dk\/123\/wp-json\/wp\/v2\/media?parent=1364"}],"curies":[{"name":"wp","href":"https:\/\/api.w.org\/{rel}","templated":true}]}}